{"id":1423,"date":"2023-04-19T16:25:41","date_gmt":"2023-04-19T19:25:41","guid":{"rendered":"https:\/\/www2.uepg.br\/agipi\/?page_id=1423"},"modified":"2026-03-06T14:20:31","modified_gmt":"2026-03-06T17:20:31","slug":"empresas-incubadas","status":"publish","type":"page","link":"https:\/\/www2.uepg.br\/agipi\/empresas-incubadas\/","title":{"rendered":"Empresas incubadas"},"content":{"rendered":"<div style=\"text-align: justify;color: #404040\">\n<div style=\"text-align: justify;color: #404040\">\n<p><img loading=\"lazy\" class=\"wp-image-3187 aligncenter\" src=\"https:\/\/www2.uepg.br\/agipi\/wp-content\/uploads\/sites\/17\/2024\/11\/Sem-nome-1920-x-1080-px.png\" alt=\"\" width=\"560\" height=\"232\" \/><\/p>\n<p>&nbsp;<\/p>\n<p>A <a href=\"https:\/\/www.bluerisegroup.com.br\/\">Blue Rise Health Tech<\/a> \u00e9 uma startup incubada n\u00e3o residente, consistindo em uma plataforma m\u00e9dica inovadora criada para conectar m\u00e9dicos especializados e pacientes, principalmente quando se trata de casos de alta complexidade e diagn\u00f3sticos imprecisos. Seu compromisso \u00e9 oferecer suporte e orienta\u00e7\u00e3o para aqueles que enfrentam desafios m\u00e9dicos \u00fanicos e complexos.<\/p>\n<\/div>\n<\/div>\n<p>&nbsp;<\/p>\n<p>&nbsp;<\/p>\n<p><img loading=\"lazy\" class=\"alignnone wp-image-7271 aligncenter\" src=\"https:\/\/www2.uepg.br\/agipi\/wp-content\/uploads\/sites\/17\/2026\/03\/LOGO-Cicatripep-fundo-transparente-300x300.png\" alt=\"\" width=\"457\" height=\"450\" \/><\/p>\n<p><span style=\"color: #000000\">O Cicatripep trata-se de uma startup que ir\u00e1 desenvolver suas atividades dentro de duas linhas de trabalho principais e distintas: 1) produ\u00e7\u00e3o de um ativo farmac\u00eautico (hidrolisado pept\u00eddico) obtido da pele da til\u00e1pia (Oreochromis niloticus); 2) desenvolver solu\u00e7\u00f5es tecnol\u00f3gicas contendo o ativo citado a ser empregado na \u00e1rea m\u00e9dico-veterin\u00e1ria. Desta forma ser\u00e3o pesquisados e desenvolvidos produtos farmac\u00eauticos como g\u00e9is, membranas, assim como outros produtos contendo o ativo referido, que podem ser empregados com finalidade cicatrizante, antimicrobiana, antioxidante, anti-hemorr\u00e1gica etc. Este ativo obtido do processo de hidr\u00f3lise da pele da til\u00e1pia \u00e9 rica em pept\u00eddeos bioativos (compostos mais simples quimicamente do que os encontrados na pele da Til\u00e1pia) que podem incrementar diversos processos fisiol\u00f3gicos a destacar o processo de cicatriza\u00e7\u00e3o de feridas e les\u00f5es cut\u00e2neas, al\u00e9m de auxiliar em processos antimicrobianos e antioxidantes\/anti-inflamat\u00f3rios.<\/span><\/p>\n<p><img loading=\"lazy\" class=\" wp-image-7250 aligncenter\" src=\"https:\/\/www2.uepg.br\/agipi\/wp-content\/uploads\/sites\/17\/2026\/03\/MUUSH-fundo-transparente-300x212.png\" alt=\"\" width=\"577\" height=\"412\" \/><span style=\"color: #000000\">&#8220;A<\/span> <a href=\"https:\/\/muush.earth\/\" target=\"_blank\" rel=\"noopener\">Muush<\/a><span style=\"color: #000000\"> \u00e9 uma startup integrada e residente no Hub de Inova\u00e7\u00e3o da AGIPI, na UEPG, desde janeiro de 2026. A empresa desenvolve biomateriais inovadores a partir do mic\u00e9lio \u2014 a estrutura vegetativa dos fungos \u2014 cultivado sobre res\u00edduos agroindustriais.<\/span><\/p>\n<p><span style=\"color: #000000\">Entre suas solu\u00e7\u00f5es destaca-se o biotecido Muush, com apar\u00eancia e resist\u00eancia semelhantes \u00e0s do couro, destinado a aplica\u00e7\u00f5es na ind\u00fastria da moda, design e revestimentos. A empresa tamb\u00e9m produz materiais mold\u00e1veis e biodegrad\u00e1veis utilizados em design, embalagens e arquitetura.<\/span><\/p>\n<p dir=\"ltr\"><span style=\"color: #000000\">Suas tecnologias de produ\u00e7\u00e3o baseiam-se em processos biotecnol\u00f3gicos que incorporam princ\u00edpios de bioeconomia e economia circular, agregando valor a res\u00edduos agroindustriais e oferecendo alternativas sustent\u00e1veis a materiais de origem f\u00f3ssil ou animal. Com essa abordagem, a Muush contribui para o desenvolvimento de tecnologias sustent\u00e1veis, solu\u00e7\u00f5es inovadoras e de menor impacto ambiental, com baixa pegada h\u00eddrica e baixa emiss\u00e3o de CO2, para a ind\u00fastria de materiais.&#8221;<\/span><\/p>\n<p>&nbsp;<\/p>\n<div style=\"text-align: justify;color: #404040\">\n<div style=\"text-align: justify;color: #404040\">\n<p><img loading=\"lazy\" class=\" wp-image-2072 aligncenter\" src=\"https:\/\/www2.uepg.br\/agipi\/wp-content\/uploads\/sites\/17\/2023\/09\/peplus.png\" alt=\"peplus\" width=\"507\" height=\"142\" \/><\/p>\n<p>&nbsp;<\/p>\n<p>A <a href=\"https:\/\/peplus.me\/\">Peplus<\/a> \u00e9 uma startup incubada residente da AGIPI, e tem como principal produto o Sistema PEPLUS. Este sistema busca registrar dados do hist\u00f3rico de sa\u00fade de um paciente para um melhor acompanhamento de indicadores de sa\u00fade (peso, press\u00e3o arterial, glicemia, etc), tratamento medicamentoso, agenda de consultas e exames, e medicamentos.<\/p>\n<p>&nbsp;<\/p>\n<\/div>\n<p>&nbsp;<\/p>\n<p><img loading=\"lazy\" class=\"wp-image-7216 aligncenter\" src=\"https:\/\/www2.uepg.br\/agipi\/wp-content\/uploads\/sites\/17\/2026\/03\/virtwell-transparent-1024x139.png\" alt=\"\" width=\"603\" height=\"60\" \/><\/p>\n<p>&nbsp;<\/p>\n<p>A <a href=\"https:\/\/virtwell.com.br\/\">Virtwell<\/a> \u00e9 uma startup incubada residente no Hub de Inova\u00e7\u00e3o da AGIPI, na UEPG. Surgiu do Projeto de Pesquisa CG-ESA (Computa\u00e7\u00e3o Gr\u00e1fica aplicada \u00e0 Educa\u00e7\u00e3o, Sa\u00fade e Agricultura), que visa ampliar a utiliza\u00e7\u00e3o da plataforma de Realidade Virtual e otimizar o atendimento a pacientes e profissionais de sa\u00fade. A ideia inicial do projeto surgiu de uma pesquisa realizada no Hospital Regional Universit\u00e1rio dos Campos Gerais, em 2019, onde pacientes internados em UTI utilizavam a Realidade Virtual para otimizar suas recupera\u00e7\u00f5es, gerando resultados significativos e promissores.<br \/>\nA <a href=\"https:\/\/virtwell.com.br\/\">Virtwell<\/a> aperfei\u00e7oa os processos e a plataforma de Realidade Virtual, melhorando a funcionalidade e o atendimento, e abrangendo as mais variadas \u00e1reas da Fisioterapia e da Sa\u00fade. Seus trabalhos resultaram em uma parceria inovadora com a Associa\u00e7\u00e3o de Prote\u00e7\u00e3o aos Autistas (APROAUT), desenvolvendo um conjunto de atividades de Realidade Virtual para auxiliar crian\u00e7as com Transtorno do Espectro Autista (TEA) em seu processo de aprendizagem e intera\u00e7\u00e3o, visando um futuro mais inclusivo e enriquecedor para as pessoas com TEA.<\/p>\n<\/div>\n<p>&nbsp;<\/p>\n<p>&nbsp;<\/p>\n<p>&nbsp;<\/p>\n<div style=\"text-align: justify;color: #404040\"><\/div>\n<p>&nbsp;<\/p>\n<p>&nbsp;<\/p>\n","protected":false},"excerpt":{"rendered":"<p>&nbsp; A Blue Rise Health Tech \u00e9 uma startup incubada n\u00e3o residente, consistindo em uma plataforma m\u00e9dica inovadora criada para conectar m\u00e9dicos especializados e pacientes, principalmente quando se trata de casos de alta complexidade e diagn\u00f3sticos imprecisos. Seu compromisso \u00e9 oferecer suporte e orienta\u00e7\u00e3o para aqueles que enfrentam desafios m\u00e9dicos \u00fanicos e complexos. &nbsp; &nbsp;&nbsp;&hellip;<\/p>\n","protected":false},"author":582,"featured_media":1746,"parent":0,"menu_order":0,"comment_status":"closed","ping_status":"closed","template":"","meta":[],"_links":{"self":[{"href":"https:\/\/www2.uepg.br\/agipi\/wp-json\/wp\/v2\/pages\/1423"}],"collection":[{"href":"https:\/\/www2.uepg.br\/agipi\/wp-json\/wp\/v2\/pages"}],"about":[{"href":"https:\/\/www2.uepg.br\/agipi\/wp-json\/wp\/v2\/types\/page"}],"author":[{"embeddable":true,"href":"https:\/\/www2.uepg.br\/agipi\/wp-json\/wp\/v2\/users\/582"}],"replies":[{"embeddable":true,"href":"https:\/\/www2.uepg.br\/agipi\/wp-json\/wp\/v2\/comments?post=1423"}],"version-history":[{"count":104,"href":"https:\/\/www2.uepg.br\/agipi\/wp-json\/wp\/v2\/pages\/1423\/revisions"}],"predecessor-version":[{"id":7273,"href":"https:\/\/www2.uepg.br\/agipi\/wp-json\/wp\/v2\/pages\/1423\/revisions\/7273"}],"wp:featuredmedia":[{"embeddable":true,"href":"https:\/\/www2.uepg.br\/agipi\/wp-json\/wp\/v2\/media\/1746"}],"wp:attachment":[{"href":"https:\/\/www2.uepg.br\/agipi\/wp-json\/wp\/v2\/media?parent=1423"}],"curies":[{"name":"wp","href":"https:\/\/api.w.org\/{rel}","templated":true}]}}