{"id":1432,"date":"2023-04-19T16:25:42","date_gmt":"2023-04-19T19:25:42","guid":{"rendered":"https:\/\/www2.uepg.br\/agipi\/?page_id=1432"},"modified":"2025-11-10T15:44:11","modified_gmt":"2025-11-10T18:44:11","slug":"ageuni","status":"publish","type":"page","link":"https:\/\/www2.uepg.br\/agipi\/ageuni\/","title":{"rendered":"AGEUNI"},"content":{"rendered":"<div style=\"text-align: justify;color: #404040\">\n<p>O Governo do Estado do Paran\u00e1, tendo em vista o disposto na Lei da Inova\u00e7\u00e3o do Estado (Lei n\u00ba 20.541\/2021), que trata do incentivo \u00e0 inova\u00e7\u00e3o e \u00e0 pesquisa cient\u00edfica e tecnol\u00f3gica em ambiente produtivo no Estado do Paran\u00e1, cria a <a href=\"https:\/\/www.seti.pr.gov.br\/cct\/ageuni\">AGEUNI \u2013 Ag\u00eancia de Desenvolvimento Regional Sustent\u00e1vel<\/a>, atrav\u00e9s do Decreto N\u00ba 10.769, que entrou em vigor em 12 de abril de 2022, tendo como objetivo principal a execu\u00e7\u00e3o dos mecanismos de integra\u00e7\u00e3o entre universidade, empresa, governo e sociedade.<\/p>\n<p>Tamb\u00e9m tendo em vista a necessidade do Estado do Paran\u00e1 realizar a\u00e7\u00f5es para estimular o desenvolvimento regional sustent\u00e1vel com fundamento no conhecimento gerado pelas Institui\u00e7\u00f5es Estaduais de Ensino Superior; a capilaridade regional das IEES e seus ativos materiais e imateriais; e a necessidade de estimular a sinergia entre os atores regionais dos diferentes ecossistemas de inova\u00e7\u00e3o do Paran\u00e1.<\/p>\n<p>As Ag\u00eancias de Inova\u00e7\u00e3o, que s\u00e3o os N\u00facleos de Inova\u00e7\u00e3o Tecnol\u00f3gica \u2013 NITs no \u00e2mbito das IEES, devem se constituir no locus de relacionamento da academia com o setor produtivo, sociedade e governos; e a import\u00e2ncia de valorizar a solu\u00e7\u00e3o das prioridades constru\u00eddas pelos atores regionais.<\/p>\n<\/div>\n<p>&nbsp;<\/p>\n<p>&nbsp;<\/p>\n<p><img loading=\"lazy\" class=\"wp-image-2143 aligncenter\" src=\"https:\/\/www2.uepg.br\/agipi\/wp-content\/uploads\/sites\/17\/2023\/09\/2-PhotoRoom.png-PhotoRoom.png\" alt=\"ageuni\" width=\"397\" height=\"258\" \/><\/p>\n<p>&nbsp;<\/p>\n<p>&nbsp;<\/p>\n<div style=\"text-align: justify;color: #404040\">\n<h4 style=\"text-align: center\">Gest\u00e3o da AGEUNI<\/h4>\n<p>A Gest\u00e3o do Programa <strong>AGEUNI<\/strong> \u00e9 realizada por meio de um <strong>Comit\u00ea Estadual<\/strong> e de <strong>Comit\u00eas Regionais<\/strong>. O programa tem como princ\u00edpio a ampla representatividade do Setor Empresarial, do Governo do Estado, dos Munic\u00edpios e demais setores da sociedade, cujas atua\u00e7\u00f5es possam contribuir com os objetivos do Programa.<\/p>\n<p>&nbsp;<\/p>\n<h4>Comit\u00ea Gestor Estadual<\/h4>\n<ul>\n<li>Coordenado pela SETI e presidido por seu Superintendente;<\/li>\n<li>Governo do Estado;<\/li>\n<li>Setor Empresarial;<\/li>\n<li>Munic\u00edpios;<\/li>\n<li>Outros setores da Sociedade.<\/li>\n<li>Participantes permanentes:\n<ul>\n<li>SETI \u2013 Superintend\u00eancia Geral de Ci\u00eancia, Tecnologia e Ensino Superior;<\/li>\n<li>SGI \u2013 Superintend\u00eancia Geral de Inova\u00e7\u00e3o;<\/li>\n<li>SEFA \u2013 Secretaria de Estado da Fazenda;<\/li>\n<li>SEPL \u2013 Secretaria de Estado do Planejamento e Projetos Estruturantes;<\/li>\n<li>FA \u2013 Funda\u00e7\u00e3o Arauc\u00e1ria de Apoio ao Desenvolvimento Cient\u00edfico e Tecnol\u00f3gico do Estado do Paran\u00e1.<\/li>\n<\/ul>\n<\/li>\n<\/ul>\n<\/div>\n<p>&nbsp;<\/p>\n<div style=\"text-align: justify;color: #404040\">\n<h4>Comit\u00ea Gestor Regional<\/h4>\n<p>Coordenado pela IEES da respectiva regi\u00e3o e presidido por seu Reitor;<\/p>\n<ul>\n<li>Setor Empresarial;<\/li>\n<li>Munic\u00edpios;<\/li>\n<li>Outros setores da Sociedade.<\/li>\n<\/ul>\n<\/div>\n<div style=\"text-align: justify;color: #404040\">\n<p><img loading=\"lazy\" class=\"wp-image-2145 aligncenter\" src=\"https:\/\/www2.uepg.br\/agipi\/wp-content\/uploads\/sites\/17\/2023\/09\/ageuni.png\" alt=\"ageunis\" width=\"840\" height=\"472\" \/><\/p>\n<h4 style=\"text-align: center\"><strong>Evento de Instala\u00e7\u00e3o e posse do Comit\u00ea da Ag\u00eancia de Desenvolvimento Regional Sustent\u00e1vel e de Inova\u00e7\u00e3o (Ageuni)<\/strong><\/h4>\n<h4 style=\"text-align: center\"><strong>2023<\/strong><\/h4>\n\n\t\t<style type=\"text\/css\">\n\t\t\t#gallery-1 {\n\t\t\t\tmargin: auto;\n\t\t\t}\n\t\t\t#gallery-1 .gallery-item {\n\t\t\t\tfloat: left;\n\t\t\t\tmargin-top: 10px;\n\t\t\t\ttext-align: center;\n\t\t\t\twidth: 33%;\n\t\t\t}\n\t\t\t#gallery-1 img {\n\t\t\t\tborder: 2px solid #cfcfcf;\n\t\t\t}\n\t\t\t#gallery-1 .gallery-caption {\n\t\t\t\tmargin-left: 0;\n\t\t\t}\n\t\t\t\/* see gallery_shortcode() in wp-includes\/media.php *\/\n\t\t<\/style>\n\t\t<div id='gallery-1' class='gallery galleryid-1432 gallery-columns-3 gallery-size-medium'><dl class='gallery-item'>\n\t\t\t<dt class='gallery-icon landscape'>\n\t\t\t\t<a href='https:\/\/www2.uepg.br\/agipi\/wp-content\/uploads\/sites\/17\/2025\/11\/2-2.jpg'><img width=\"300\" height=\"200\" src=\"https:\/\/www2.uepg.br\/agipi\/wp-content\/uploads\/sites\/17\/2025\/11\/2-2-300x200.jpg\" class=\"attachment-medium size-medium\" alt=\"\" loading=\"lazy\" srcset=\"https:\/\/www2.uepg.br\/agipi\/wp-content\/uploads\/sites\/17\/2025\/11\/2-2-300x200.jpg 300w, https:\/\/www2.uepg.br\/agipi\/wp-content\/uploads\/sites\/17\/2025\/11\/2-2-1024x683.jpg 1024w, https:\/\/www2.uepg.br\/agipi\/wp-content\/uploads\/sites\/17\/2025\/11\/2-2-768x512.jpg 768w, https:\/\/www2.uepg.br\/agipi\/wp-content\/uploads\/sites\/17\/2025\/11\/2-2-1536x1024.jpg 1536w, https:\/\/www2.uepg.br\/agipi\/wp-content\/uploads\/sites\/17\/2025\/11\/2-2-1232x821.jpg 1232w, https:\/\/www2.uepg.br\/agipi\/wp-content\/uploads\/sites\/17\/2025\/11\/2-2-1620x1080.jpg 1620w, https:\/\/www2.uepg.br\/agipi\/wp-content\/uploads\/sites\/17\/2025\/11\/2-2-272x182.jpg 272w, https:\/\/www2.uepg.br\/agipi\/wp-content\/uploads\/sites\/17\/2025\/11\/2-2.jpg 2048w\" sizes=\"(max-width: 300px) 100vw, 300px\" \/><\/a>\n\t\t\t<\/dt><\/dl><dl class='gallery-item'>\n\t\t\t<dt class='gallery-icon landscape'>\n\t\t\t\t<a href='https:\/\/www2.uepg.br\/agipi\/wp-content\/uploads\/sites\/17\/2025\/11\/3-1-2.jpg'><img width=\"300\" height=\"200\" src=\"https:\/\/www2.uepg.br\/agipi\/wp-content\/uploads\/sites\/17\/2025\/11\/3-1-2-300x200.jpg\" class=\"attachment-medium size-medium\" alt=\"\" loading=\"lazy\" srcset=\"https:\/\/www2.uepg.br\/agipi\/wp-content\/uploads\/sites\/17\/2025\/11\/3-1-2-300x200.jpg 300w, https:\/\/www2.uepg.br\/agipi\/wp-content\/uploads\/sites\/17\/2025\/11\/3-1-2-1024x683.jpg 1024w, https:\/\/www2.uepg.br\/agipi\/wp-content\/uploads\/sites\/17\/2025\/11\/3-1-2-768x512.jpg 768w, https:\/\/www2.uepg.br\/agipi\/wp-content\/uploads\/sites\/17\/2025\/11\/3-1-2-1536x1024.jpg 1536w, https:\/\/www2.uepg.br\/agipi\/wp-content\/uploads\/sites\/17\/2025\/11\/3-1-2-1232x821.jpg 1232w, https:\/\/www2.uepg.br\/agipi\/wp-content\/uploads\/sites\/17\/2025\/11\/3-1-2-1620x1080.jpg 1620w, https:\/\/www2.uepg.br\/agipi\/wp-content\/uploads\/sites\/17\/2025\/11\/3-1-2-272x182.jpg 272w, https:\/\/www2.uepg.br\/agipi\/wp-content\/uploads\/sites\/17\/2025\/11\/3-1-2.jpg 2048w\" sizes=\"(max-width: 300px) 100vw, 300px\" \/><\/a>\n\t\t\t<\/dt><\/dl><dl class='gallery-item'>\n\t\t\t<dt class='gallery-icon landscape'>\n\t\t\t\t<a href='https:\/\/www2.uepg.br\/agipi\/wp-content\/uploads\/sites\/17\/2025\/11\/ageuni-F-92-scaled-1.jpg'><img width=\"300\" height=\"200\" src=\"https:\/\/www2.uepg.br\/agipi\/wp-content\/uploads\/sites\/17\/2025\/11\/ageuni-F-92-scaled-1-300x200.jpg\" class=\"attachment-medium size-medium\" alt=\"\" loading=\"lazy\" srcset=\"https:\/\/www2.uepg.br\/agipi\/wp-content\/uploads\/sites\/17\/2025\/11\/ageuni-F-92-scaled-1-300x200.jpg 300w, https:\/\/www2.uepg.br\/agipi\/wp-content\/uploads\/sites\/17\/2025\/11\/ageuni-F-92-scaled-1-1024x683.jpg 1024w, https:\/\/www2.uepg.br\/agipi\/wp-content\/uploads\/sites\/17\/2025\/11\/ageuni-F-92-scaled-1-768x512.jpg 768w, https:\/\/www2.uepg.br\/agipi\/wp-content\/uploads\/sites\/17\/2025\/11\/ageuni-F-92-scaled-1-1536x1024.jpg 1536w, https:\/\/www2.uepg.br\/agipi\/wp-content\/uploads\/sites\/17\/2025\/11\/ageuni-F-92-scaled-1-1232x821.jpg 1232w, https:\/\/www2.uepg.br\/agipi\/wp-content\/uploads\/sites\/17\/2025\/11\/ageuni-F-92-scaled-1-1620x1080.jpg 1620w, https:\/\/www2.uepg.br\/agipi\/wp-content\/uploads\/sites\/17\/2025\/11\/ageuni-F-92-scaled-1-272x182.jpg 272w, https:\/\/www2.uepg.br\/agipi\/wp-content\/uploads\/sites\/17\/2025\/11\/ageuni-F-92-scaled-1.jpg 1920w\" sizes=\"(max-width: 300px) 100vw, 300px\" \/><\/a>\n\t\t\t<\/dt><\/dl><br style=\"clear: both\" \/>\n\t\t<\/div>\n\n<p>&nbsp;<\/p>\n<\/div>\n<p><span style=\"color: #000000\">\u00a0 Not\u00edcia completa <\/span><span style=\"color: #0000ff\"><a style=\"color: #0000ff\" href=\"https:\/\/www.uepg.br\/implantacao-ageuni-uepg\/\">aqui<\/a><\/span><\/p>\n<div style=\"color: #404040;text-align: center\">\n<h4 style=\"text-align: center\"><strong>Evento de Inaugura\u00e7\u00e3o da nova sede administrativa da Agipi\/Ageuni\u00a0<\/strong><\/h4>\n<h4 style=\"text-align: center\"><strong>2025<\/strong><\/h4>\n\n\t\t<style type=\"text\/css\">\n\t\t\t#gallery-2 {\n\t\t\t\tmargin: auto;\n\t\t\t}\n\t\t\t#gallery-2 .gallery-item {\n\t\t\t\tfloat: left;\n\t\t\t\tmargin-top: 10px;\n\t\t\t\ttext-align: center;\n\t\t\t\twidth: 33%;\n\t\t\t}\n\t\t\t#gallery-2 img {\n\t\t\t\tborder: 2px solid #cfcfcf;\n\t\t\t}\n\t\t\t#gallery-2 .gallery-caption {\n\t\t\t\tmargin-left: 0;\n\t\t\t}\n\t\t\t\/* see gallery_shortcode() in wp-includes\/media.php *\/\n\t\t<\/style>\n\t\t<div id='gallery-2' class='gallery galleryid-1432 gallery-columns-3 gallery-size-medium'><dl class='gallery-item'>\n\t\t\t<dt class='gallery-icon landscape'>\n\t\t\t\t<a href='https:\/\/www2.uepg.br\/agipi\/ageuni\/lancamentoaeguni_gabrielmiguel-06-1232x821\/'><img width=\"300\" height=\"200\" src=\"https:\/\/www2.uepg.br\/agipi\/wp-content\/uploads\/sites\/17\/2025\/11\/LancamentoAeguni_GabrielMiguel-06-1232x821-1-300x200.jpg\" class=\"attachment-medium size-medium\" alt=\"\" loading=\"lazy\" srcset=\"https:\/\/www2.uepg.br\/agipi\/wp-content\/uploads\/sites\/17\/2025\/11\/LancamentoAeguni_GabrielMiguel-06-1232x821-1-300x200.jpg 300w, https:\/\/www2.uepg.br\/agipi\/wp-content\/uploads\/sites\/17\/2025\/11\/LancamentoAeguni_GabrielMiguel-06-1232x821-1-1024x682.jpg 1024w, https:\/\/www2.uepg.br\/agipi\/wp-content\/uploads\/sites\/17\/2025\/11\/LancamentoAeguni_GabrielMiguel-06-1232x821-1-768x512.jpg 768w, https:\/\/www2.uepg.br\/agipi\/wp-content\/uploads\/sites\/17\/2025\/11\/LancamentoAeguni_GabrielMiguel-06-1232x821-1-272x182.jpg 272w, https:\/\/www2.uepg.br\/agipi\/wp-content\/uploads\/sites\/17\/2025\/11\/LancamentoAeguni_GabrielMiguel-06-1232x821-1.jpg 1232w\" sizes=\"(max-width: 300px) 100vw, 300px\" \/><\/a>\n\t\t\t<\/dt><\/dl><dl class='gallery-item'>\n\t\t\t<dt class='gallery-icon landscape'>\n\t\t\t\t<a href='https:\/\/www2.uepg.br\/agipi\/ageuni\/lancamentoaeguni_gabrielmiguel-02-scaled-2\/'><img width=\"300\" height=\"200\" src=\"https:\/\/www2.uepg.br\/agipi\/wp-content\/uploads\/sites\/17\/2025\/11\/LancamentoAeguni_GabrielMiguel-02-scaled-1-300x200.jpg\" class=\"attachment-medium size-medium\" alt=\"\" loading=\"lazy\" srcset=\"https:\/\/www2.uepg.br\/agipi\/wp-content\/uploads\/sites\/17\/2025\/11\/LancamentoAeguni_GabrielMiguel-02-scaled-1-300x200.jpg 300w, https:\/\/www2.uepg.br\/agipi\/wp-content\/uploads\/sites\/17\/2025\/11\/LancamentoAeguni_GabrielMiguel-02-scaled-1-1024x683.jpg 1024w, https:\/\/www2.uepg.br\/agipi\/wp-content\/uploads\/sites\/17\/2025\/11\/LancamentoAeguni_GabrielMiguel-02-scaled-1-768x512.jpg 768w, https:\/\/www2.uepg.br\/agipi\/wp-content\/uploads\/sites\/17\/2025\/11\/LancamentoAeguni_GabrielMiguel-02-scaled-1-1536x1024.jpg 1536w, https:\/\/www2.uepg.br\/agipi\/wp-content\/uploads\/sites\/17\/2025\/11\/LancamentoAeguni_GabrielMiguel-02-scaled-1-1232x821.jpg 1232w, https:\/\/www2.uepg.br\/agipi\/wp-content\/uploads\/sites\/17\/2025\/11\/LancamentoAeguni_GabrielMiguel-02-scaled-1-1620x1080.jpg 1620w, https:\/\/www2.uepg.br\/agipi\/wp-content\/uploads\/sites\/17\/2025\/11\/LancamentoAeguni_GabrielMiguel-02-scaled-1-272x182.jpg 272w, https:\/\/www2.uepg.br\/agipi\/wp-content\/uploads\/sites\/17\/2025\/11\/LancamentoAeguni_GabrielMiguel-02-scaled-1.jpg 1920w\" sizes=\"(max-width: 300px) 100vw, 300px\" \/><\/a>\n\t\t\t<\/dt><\/dl><dl class='gallery-item'>\n\t\t\t<dt class='gallery-icon landscape'>\n\t\t\t\t<a href='https:\/\/www2.uepg.br\/agipi\/ageuni\/dscf1151-00_00_11_18-still001-1024x576-4\/'><img width=\"300\" height=\"201\" src=\"https:\/\/www2.uepg.br\/agipi\/wp-content\/uploads\/sites\/17\/2025\/11\/DSCF1151.00_00_11_18.Still001-1024x576-4-300x201.png\" class=\"attachment-medium size-medium\" alt=\"\" loading=\"lazy\" srcset=\"https:\/\/www2.uepg.br\/agipi\/wp-content\/uploads\/sites\/17\/2025\/11\/DSCF1151.00_00_11_18.Still001-1024x576-4-300x201.png 300w, https:\/\/www2.uepg.br\/agipi\/wp-content\/uploads\/sites\/17\/2025\/11\/DSCF1151.00_00_11_18.Still001-1024x576-4-272x182.png 272w, https:\/\/www2.uepg.br\/agipi\/wp-content\/uploads\/sites\/17\/2025\/11\/DSCF1151.00_00_11_18.Still001-1024x576-4.png 768w\" sizes=\"(max-width: 300px) 100vw, 300px\" \/><\/a>\n\t\t\t<\/dt><\/dl><br style=\"clear: both\" \/>\n\t\t<\/div>\n\n<p style=\"text-align: left\"><span style=\"color: #000000\">\u00a0 Not\u00edcia<\/span> completa <span style=\"color: #0000ff\"><a style=\"color: #0000ff\" href=\"https:\/\/www.uepg.br\/inaugura-sede-ageuni\/\">aqui<\/a><\/span><\/p>\n<\/div>\n","protected":false},"excerpt":{"rendered":"<p>O Governo do Estado do Paran\u00e1, tendo em vista o disposto na Lei da Inova\u00e7\u00e3o do Estado (Lei n\u00ba 20.541\/2021), que trata do incentivo \u00e0 inova\u00e7\u00e3o e \u00e0 pesquisa cient\u00edfica e tecnol\u00f3gica em ambiente produtivo no Estado do Paran\u00e1, cria a AGEUNI \u2013 Ag\u00eancia de Desenvolvimento Regional Sustent\u00e1vel, atrav\u00e9s do Decreto N\u00ba 10.769, que entrou&nbsp;&hellip;<\/p>\n","protected":false},"author":582,"featured_media":2195,"parent":0,"menu_order":0,"comment_status":"closed","ping_status":"closed","template":"","meta":[],"_links":{"self":[{"href":"https:\/\/www2.uepg.br\/agipi\/wp-json\/wp\/v2\/pages\/1432"}],"collection":[{"href":"https:\/\/www2.uepg.br\/agipi\/wp-json\/wp\/v2\/pages"}],"about":[{"href":"https:\/\/www2.uepg.br\/agipi\/wp-json\/wp\/v2\/types\/page"}],"author":[{"embeddable":true,"href":"https:\/\/www2.uepg.br\/agipi\/wp-json\/wp\/v2\/users\/582"}],"replies":[{"embeddable":true,"href":"https:\/\/www2.uepg.br\/agipi\/wp-json\/wp\/v2\/comments?post=1432"}],"version-history":[{"count":96,"href":"https:\/\/www2.uepg.br\/agipi\/wp-json\/wp\/v2\/pages\/1432\/revisions"}],"predecessor-version":[{"id":6222,"href":"https:\/\/www2.uepg.br\/agipi\/wp-json\/wp\/v2\/pages\/1432\/revisions\/6222"}],"wp:featuredmedia":[{"embeddable":true,"href":"https:\/\/www2.uepg.br\/agipi\/wp-json\/wp\/v2\/media\/2195"}],"wp:attachment":[{"href":"https:\/\/www2.uepg.br\/agipi\/wp-json\/wp\/v2\/media?parent=1432"}],"curies":[{"name":"wp","href":"https:\/\/api.w.org\/{rel}","templated":true}]}}