{"id":81,"date":"2019-04-30T11:00:03","date_gmt":"2019-04-30T14:00:03","guid":{"rendered":"http:\/\/www2.uepg.br\/agipi\/?page_id=81"},"modified":"2026-04-10T14:43:44","modified_gmt":"2026-04-10T17:43:44","slug":"equipe","status":"publish","type":"page","link":"https:\/\/www2.uepg.br\/agipi\/equipe\/","title":{"rendered":"Equipe"},"content":{"rendered":"<div style=\"text-align: justify;color: #404040\">\n<p><img loading=\"lazy\" class=\"alignnone wp-image-7484 size-full\" src=\"https:\/\/www2.uepg.br\/agipi\/wp-content\/uploads\/sites\/17\/2026\/04\/equipe-agipi-atualizada-scaled.jpg\" alt=\"\" width=\"2560\" height=\"1440\" srcset=\"https:\/\/www2.uepg.br\/agipi\/wp-content\/uploads\/sites\/17\/2026\/04\/equipe-agipi-atualizada-scaled.jpg 2560w, https:\/\/www2.uepg.br\/agipi\/wp-content\/uploads\/sites\/17\/2026\/04\/equipe-agipi-atualizada-300x169.jpg 300w, https:\/\/www2.uepg.br\/agipi\/wp-content\/uploads\/sites\/17\/2026\/04\/equipe-agipi-atualizada-1024x576.jpg 1024w, https:\/\/www2.uepg.br\/agipi\/wp-content\/uploads\/sites\/17\/2026\/04\/equipe-agipi-atualizada-768x432.jpg 768w, https:\/\/www2.uepg.br\/agipi\/wp-content\/uploads\/sites\/17\/2026\/04\/equipe-agipi-atualizada-1536x864.jpg 1536w, https:\/\/www2.uepg.br\/agipi\/wp-content\/uploads\/sites\/17\/2026\/04\/equipe-agipi-atualizada-2048x1152.jpg 2048w, https:\/\/www2.uepg.br\/agipi\/wp-content\/uploads\/sites\/17\/2026\/04\/equipe-agipi-atualizada-1232x693.jpg 1232w, https:\/\/www2.uepg.br\/agipi\/wp-content\/uploads\/sites\/17\/2026\/04\/equipe-agipi-atualizada-1920x1080.jpg 1920w\" sizes=\"(max-width: 2560px) 100vw, 2560px\" \/><\/p>\n<\/div>\n<div style=\"text-align: justify;color: #404040\">\n<p><strong><b>Dr.Cesar Eduardo Abud Limas<\/b><\/strong><\/p>\n<p>Diretor da Ag\u00eancia de Inova\u00e7\u00e3o e Propriedade Intelectual<br \/>\nE-mail: <a href=\"mailto:cealimas@uepg.br\">cealimas@uepg.br<\/a><br \/>\nTel.: (42) 3220-3440<\/p>\n<\/div>\n<div style=\"text-align: justify;color: #404040\">\n<p><strong>Dr. Carlos Ubiratan da Costa Schier<\/strong><\/p>\n<p>Chefe da Incubadora de Projetos Tecnol\u00f3gicos<br \/>\nE-mail: <a href=\"mailto:cucschier@uepg.br\">cucschier@uepg.br<\/a><br \/>\nTel.: (42) 3220-3263<\/p>\n<p><b>Me. Livio Marcel Queij<\/b><\/p>\n<p>Chefe do Escrit\u00f3rio de Propriedade Intelectual e Transfer\u00eancia de Tecnologia<br \/>\nE-mail: <a href=\"mailto:queij@uepg.br\">queji@uepg.br<\/a><br \/>\nTel.: (42) 3220-3440<\/p>\n<p><strong>Daniela Borcezi<\/strong><\/p>\n<p>T\u00e9cnica Administrativa<br \/>\nE-mail: <a href=\"dborcezi@uepg.br\" target=\"_blank\" rel=\"noopener\">dborcezi@uepg.br<\/a><\/p>\n<p><strong>Bianca da Silva Mazurek Audibert<\/strong><\/p>\n<p>T\u00e9cnica Administrativa<br \/>\nE-mail: <a href=\"bianca.audibert@uepg.br\">bianca.audibert@uepg.br<\/a><\/p>\n<p><strong>Aline Staut Carneiro\u00a0<\/strong><\/p>\n<p>Residente T\u00e9cnica<br \/>\nE-mail: <a href=\"alinesstaut@uepg.br\" target=\"_blank\" rel=\"noopener\">alinesstaut@uepg.br<\/a><\/p>\n<p><strong>Vin\u00edcius Fernandes da Silva Camargo<\/strong><\/p>\n<p>E-mail: <a href=\"vinicius.camargo@uepg.br\">vinicius.camargo@uepg.br<\/a><\/p>\n<p>Bolsista T\u00e9cnico<\/p>\n<p><strong>Alessandra Juliane de Carvalho<\/strong><\/p>\n<p>E-mail: <a href=\"mailto:alessandrajcarvalho@uepg.br\">alessandrajcarvalho@uepg.br<\/a><\/p>\n<p>Bolsista T\u00e9cnica<\/p>\n<p><strong>Gustavo da Costa Markowicz<\/strong><\/p>\n<p>E-mail: <a href=\"gustavo.markowicz@uepg.br\">gustavo.markowicz@uepg.br<\/a><\/p>\n<p>Bolsista T\u00e9cnico<\/p>\n<p><strong>Gustavo Nogueira\u00a0<\/strong><\/p>\n<p>E-mail: <a href=\"mailto:gnogueira@uepg.br\">gnogueira@uepg.br<\/a><\/p>\n<p>Bolsista T\u00e9cnico<\/p>\n<\/div>\n","protected":false},"excerpt":{"rendered":"<p>Dr.Cesar Eduardo Abud Limas Diretor da Ag\u00eancia de Inova\u00e7\u00e3o e Propriedade Intelectual E-mail: cealimas@uepg.br Tel.: (42) 3220-3440 Dr. Carlos Ubiratan da Costa Schier Chefe da Incubadora de Projetos Tecnol\u00f3gicos E-mail: cucschier@uepg.br Tel.: (42) 3220-3263 Me. Livio Marcel Queij Chefe do Escrit\u00f3rio de Propriedade Intelectual e Transfer\u00eancia de Tecnologia E-mail: queji@uepg.br Tel.: (42) 3220-3440 Daniela Borcezi&nbsp;&hellip;<\/p>\n","protected":false},"author":24,"featured_media":2691,"parent":0,"menu_order":0,"comment_status":"closed","ping_status":"closed","template":"","meta":[],"_links":{"self":[{"href":"https:\/\/www2.uepg.br\/agipi\/wp-json\/wp\/v2\/pages\/81"}],"collection":[{"href":"https:\/\/www2.uepg.br\/agipi\/wp-json\/wp\/v2\/pages"}],"about":[{"href":"https:\/\/www2.uepg.br\/agipi\/wp-json\/wp\/v2\/types\/page"}],"author":[{"embeddable":true,"href":"https:\/\/www2.uepg.br\/agipi\/wp-json\/wp\/v2\/users\/24"}],"replies":[{"embeddable":true,"href":"https:\/\/www2.uepg.br\/agipi\/wp-json\/wp\/v2\/comments?post=81"}],"version-history":[{"count":120,"href":"https:\/\/www2.uepg.br\/agipi\/wp-json\/wp\/v2\/pages\/81\/revisions"}],"predecessor-version":[{"id":7485,"href":"https:\/\/www2.uepg.br\/agipi\/wp-json\/wp\/v2\/pages\/81\/revisions\/7485"}],"wp:featuredmedia":[{"embeddable":true,"href":"https:\/\/www2.uepg.br\/agipi\/wp-json\/wp\/v2\/media\/2691"}],"wp:attachment":[{"href":"https:\/\/www2.uepg.br\/agipi\/wp-json\/wp\/v2\/media?parent=81"}],"curies":[{"name":"wp","href":"https:\/\/api.w.org\/{rel}","templated":true}]}}