{"id":79,"date":"2020-04-17T09:34:53","date_gmt":"2020-04-17T12:34:53","guid":{"rendered":"http:\/\/www2.uepg.br\/arterializacao\/?page_id=79"},"modified":"2020-04-22T14:28:56","modified_gmt":"2020-04-22T17:28:56","slug":"sobre-o-projeto","status":"publish","type":"page","link":"https:\/\/www2.uepg.br\/arterializacao\/sobre-o-projeto\/","title":{"rendered":"SOBRE O PROJETO"},"content":{"rendered":"<h4><strong>\u00c1reas do conhecimento:<\/strong><\/h4>\n<p>Grande \u00e1rea: Ci\u00eancias da Sa\u00fade \/ \u00c1rea: Medicina \/ Sub\u00e1rea: Cirurgia\/Especialidade: Cirurgia Vascular Perif\u00e9rica.<\/p>\n<p>&nbsp;<\/p>\n<h4><strong>Participantes:<\/strong><\/h4>\n<p><strong>C\u00e9sar Roberto Busato<\/strong> \u2013 Possui mestrado (1997) e doutorado (2000) em Princ\u00edpios da Cirurgia pela Universidade Federal do Paran\u00e1 . Atualmente \u00e9 professor Associado da Universidade Estadual de Ponta Grossa. Tem experi\u00eancia na \u00e1rea de Medicina, com \u00eanfase em Angiologia, Cirurgia Vascular Perif\u00e9rica e Controle de Infec\u00e7\u00e3o Hospitalar. Membro Titular da Sociedade Brasileira de Angiologia e Cirurgia Vascular. Membro da Comiss\u00e3o de Implanta\u00e7\u00e3o do Curso de Medicina na UEPG. Titular da Cadeira 51 da Academia Paranaense de Medicina.<\/p>\n<p>Curr\u00edculo lattes:\u00a0<a href=\"http:\/\/lattes.cnpq.br\/8130532893015220\">http:\/\/lattes.cnpq.br\/8130532893015220<\/a><\/p>\n<p>&nbsp;<\/p>\n<p><strong>Carlos Alberto Lima Utrabo:<\/strong> Possui gradua\u00e7\u00e3o em Medicina pela Universidade Federal do Paran\u00e1 (1974); possui gradua\u00e7\u00e3o em Direito pela Universidade Estadual de Ponta Grossa (1997), e mestrado em Princ\u00edpios da Cirurgia pela Faculdade Evang\u00e9lica do Paran\u00e1 (2011). Atualmente \u00e9 m\u00e9dico do Hospital Vicentino de Ponta Grossa, m\u00e9dico do Hospital Bom Jesus de Ponta Grossa, m\u00e9dico do Hospital Geral Unimed, m\u00e9dico \u2013 Santa Casa de Miseric\u00f3rdia de Ponta Grossa, m\u00e9dico do Hospital Universit\u00e1rio Regional de Ponta Grossa e Professor Assistente na Faculdade de Medicina da Universidade Estadual de Ponta Grossa. Doutorando em Princ\u00edpios da Cirurgia pela Faculdade Evang\u00e9lica do Paran\u00e1. \u00c1rea de atua\u00e7\u00e3o \u2013 Cl\u00ednica Cir\u00fargica, com \u00eanfase em cirurgia vascular. Advogado na \u00e1rea da sa\u00fade.\u00a0Chefe do Departamento de Medicina da UEPG.<\/p>\n<p>Curr\u00edculo lattes:\u00a0<a href=\"http:\/\/lattes.cnpq.br\/2669589318512272\">http:\/\/lattes.cnpq.br\/2669589318512272<\/a><\/p>\n<p>&nbsp;<\/p>\n<p><strong>Ricardo Zanetti Gomes:<\/strong> Possui gradua\u00e7\u00e3o em Medicina pela Universidade Federal do Paran\u00e1 (1989) e doutorado em Medicina (Cl\u00ednica Cir\u00fargica) pela Universidade Federal do Paran\u00e1 (2007). Atualmente \u00e9 docente vinculado ao Departamento de Medicina da Universidade Estadual de Ponta Grossa. Tem experi\u00eancia na \u00e1rea de Medicina, com \u00eanfase em Cirurgia Vascular.<\/p>\n<p>Curr\u00edculo lattes:\u00a0<a href=\"http:\/\/lattes.cnpq.br\/8881832386198407\">http:\/\/lattes.cnpq.br\/8881832386198407<\/a><\/p>\n<p>&nbsp;<\/p>\n<p><strong>Luiz Gustavo Barros:<\/strong> Possui gradua\u00e7\u00e3o em Engenharia de Computa\u00e7\u00e3o pela Universidade Estadual de Ponta Grossa (2008), Tecn\u00f3logo em Inform\u00e1tica pela UTFPR (2006) e especialista em Redes de Computadores pela UTFPR (2008). Mestre em Computa\u00e7\u00e3o Aplicada pela Universidade Estadual de Ponta Grossa (2013). \u00c9 chefe do n\u00facleo de informa\u00e7\u00e3o do Hospital Universit\u00e1rio Regional dos Campos Gerais (HURCG \u2013 UEPG) desde 2011.<\/p>\n<p>Curr\u00edculo lattes:\u00a0<a href=\"http:\/\/lattes.cnpq.br\/9922522465810292\">http:\/\/lattes.cnpq.br\/9922522465810292<\/a><\/p>\n<p>&nbsp;<\/p>\n<p><strong>Lincoln Denck de Bonfim:<\/strong> Acad\u00eamico de Medicina da Universidade Estadual de Ponta Grossa (UEPG).<\/p>\n<p>Curr\u00edculo lattes:\u00a0<a href=\"http:\/\/lattes.cnpq.br\/0056361039637056\">http:\/\/lattes.cnpq.br\/0056361039637056<\/a><\/p>\n<p>&nbsp;<\/p>\n","protected":false},"excerpt":{"rendered":"<p>\u00c1reas do conhecimento: Grande \u00e1rea: Ci\u00eancias da Sa\u00fade \/ \u00c1rea: Medicina \/ Sub\u00e1rea: Cirurgia\/Especialidade: Cirurgia Vascular Perif\u00e9rica. &nbsp; Participantes: C\u00e9sar Roberto Busato \u2013 Possui mestrado (1997) e doutorado (2000) em Princ\u00edpios da Cirurgia pela Universidade Federal do Paran\u00e1 . Atualmente \u00e9 professor Associado da Universidade Estadual de Ponta Grossa. Tem experi\u00eancia na \u00e1rea de Medicina,&nbsp;&hellip;<\/p>\n","protected":false},"author":24,"featured_media":0,"parent":0,"menu_order":0,"comment_status":"closed","ping_status":"closed","template":"","meta":[],"_links":{"self":[{"href":"https:\/\/www2.uepg.br\/arterializacao\/wp-json\/wp\/v2\/pages\/79"}],"collection":[{"href":"https:\/\/www2.uepg.br\/arterializacao\/wp-json\/wp\/v2\/pages"}],"about":[{"href":"https:\/\/www2.uepg.br\/arterializacao\/wp-json\/wp\/v2\/types\/page"}],"author":[{"embeddable":true,"href":"https:\/\/www2.uepg.br\/arterializacao\/wp-json\/wp\/v2\/users\/24"}],"replies":[{"embeddable":true,"href":"https:\/\/www2.uepg.br\/arterializacao\/wp-json\/wp\/v2\/comments?post=79"}],"version-history":[{"count":8,"href":"https:\/\/www2.uepg.br\/arterializacao\/wp-json\/wp\/v2\/pages\/79\/revisions"}],"predecessor-version":[{"id":159,"href":"https:\/\/www2.uepg.br\/arterializacao\/wp-json\/wp\/v2\/pages\/79\/revisions\/159"}],"wp:attachment":[{"href":"https:\/\/www2.uepg.br\/arterializacao\/wp-json\/wp\/v2\/media?parent=79"}],"curies":[{"name":"wp","href":"https:\/\/api.w.org\/{rel}","templated":true}]}}