{"id":147,"date":"2020-02-04T21:15:50","date_gmt":"2020-02-05T00:15:50","guid":{"rendered":"http:\/\/www2.uepg.br\/testes\/?page_id=147"},"modified":"2021-07-08T18:05:17","modified_gmt":"2021-07-08T21:05:17","slug":"historico","status":"publish","type":"page","link":"https:\/\/www2.uepg.br\/bacharelado-ciencias-biologicas\/historico\/","title":{"rendered":"Hist\u00f3rico"},"content":{"rendered":"<p>BACHARELADO EM\u00a0CI\u00caNCIAS BIOL\u00d3GICAS<\/p>\n<ul>\n<li>O Curso de Bacharelado foi criado em 29 de mar\u00e7o de 2001<\/li>\n<li>O curso oferta anualmente 25 vagas e prop\u00f5e a forma\u00e7\u00e3o em um per\u00edodo de 4 anos<\/li>\n<li>A \u00faltima reformula\u00e7\u00e3o curricular (Curr\u00edculo 4) foi aprovada em 5 de dezembro de 2017<\/li>\n<li>O quadro docente \u00e9 formado principalmente por professores com Doutorado, regime de trabalho de Tempo Integral e Dedica\u00e7\u00e3o Exclusiva, ligados a Projetos de Pesquisas e\/ou de Extens\u00e3o, ofertando bolsas de Inicia\u00e7\u00e3o Cient\u00edfica (PIBIC, PIBIT,BIC e PROVIC), bem como bolsas de Extens\u00e3o (PROEX, PIBIS, PIBEX).Al\u00e9m disso, v\u00e1rios professores tamb\u00e9m est\u00e3o vinculados a Programas de P\u00f3s-Gradua\u00e7\u00e3o.<\/li>\n<li>O curso de Bacharelado em Ci\u00eancias Biol\u00f3gicas da UEPG \u00e9 considerado o 3\u00ba melhor do Paran\u00e1 e figura entre os 20 melhores cursos do Brasil, (segundo o ENADE), onde recebeu conceito 4 (em escala de 1 a 5).<\/li>\n<li>O curso tradicionalmente recebe o conceito 4 estrelas na avalia\u00e7\u00e3o do Guia do Estudante da Editora abril.<\/li>\n<li>No ano de 2017 foi contemplado com o selo de Qualidade de Cursos do Conselho Federal de Biologia (CFBio), logo que reconhece os melhores cursos de Ci\u00eancias Biol\u00f3gicas do pa\u00eds.<\/li>\n<\/ul>\n<p>&nbsp;<\/p>\n","protected":false},"excerpt":{"rendered":"<p>BACHARELADO EM\u00a0CI\u00caNCIAS BIOL\u00d3GICAS O Curso de Bacharelado foi criado em 29 de mar\u00e7o de 2001 O curso oferta anualmente 25 vagas e prop\u00f5e a forma\u00e7\u00e3o em um per\u00edodo de 4 anos A \u00faltima reformula\u00e7\u00e3o curricular (Curr\u00edculo 4) foi aprovada em 5 de dezembro de 2017 O quadro docente \u00e9 formado principalmente por professores com Doutorado,&nbsp;&hellip;<\/p>\n","protected":false},"author":24,"featured_media":0,"parent":0,"menu_order":0,"comment_status":"closed","ping_status":"closed","template":"","meta":[],"_links":{"self":[{"href":"https:\/\/www2.uepg.br\/bacharelado-ciencias-biologicas\/wp-json\/wp\/v2\/pages\/147"}],"collection":[{"href":"https:\/\/www2.uepg.br\/bacharelado-ciencias-biologicas\/wp-json\/wp\/v2\/pages"}],"about":[{"href":"https:\/\/www2.uepg.br\/bacharelado-ciencias-biologicas\/wp-json\/wp\/v2\/types\/page"}],"author":[{"embeddable":true,"href":"https:\/\/www2.uepg.br\/bacharelado-ciencias-biologicas\/wp-json\/wp\/v2\/users\/24"}],"replies":[{"embeddable":true,"href":"https:\/\/www2.uepg.br\/bacharelado-ciencias-biologicas\/wp-json\/wp\/v2\/comments?post=147"}],"version-history":[{"count":13,"href":"https:\/\/www2.uepg.br\/bacharelado-ciencias-biologicas\/wp-json\/wp\/v2\/pages\/147\/revisions"}],"predecessor-version":[{"id":475,"href":"https:\/\/www2.uepg.br\/bacharelado-ciencias-biologicas\/wp-json\/wp\/v2\/pages\/147\/revisions\/475"}],"wp:attachment":[{"href":"https:\/\/www2.uepg.br\/bacharelado-ciencias-biologicas\/wp-json\/wp\/v2\/media?parent=147"}],"curies":[{"name":"wp","href":"https:\/\/api.w.org\/{rel}","templated":true}]}}