{"id":281,"date":"2020-03-05T15:39:15","date_gmt":"2020-03-05T18:39:15","guid":{"rendered":"http:\/\/www2.uepg.br\/testes\/?page_id=281"},"modified":"2021-07-09T12:27:28","modified_gmt":"2021-07-09T15:27:28","slug":"perfil-de-formacao","status":"publish","type":"page","link":"https:\/\/www2.uepg.br\/bacharelado-ciencias-biologicas\/perfil-de-formacao\/","title":{"rendered":"Perfil de Forma\u00e7\u00e3o"},"content":{"rendered":"<p>Ainda que a atua\u00e7\u00e3o do<strong> profissional<\/strong> da \u00e1rea de <strong>Ci\u00eancias Biol\u00f3gicas<\/strong> seja ampla, diversificada, emergente, crescente e em constante transforma\u00e7\u00e3o, o curso busca capacitar para tr\u00eas \u00e1reas de Atua\u00e7\u00e3o: Meio Ambiente e Biodiversidade, Sa\u00fade e ainda, Biotecnologia e Produ\u00e7\u00e3o, atrav\u00e9s da:<\/p>\n<p>&#8211; Formular e elaborar estudo, projeto ou pesquisa cient\u00edfica b\u00e1sica e aplicada, nas \u00e1reas de Biologia Ambiental e Biologia Humana, executando direta ou indiretamente as atividades resultantes desses trabalhos;<\/p>\n<p>&#8211; Orientar, dirigir e assessorar empresas, funda\u00e7\u00f5es, sociedades e associa\u00e7\u00f5es de classe, entidades privadas ou do Poder P\u00fablico, no \u00e2mbito de sua especialidade;<\/p>\n<p>&#8211; Gerenciar e executar tarefas t\u00e9cnicas nas diferentes \u00e1reas do conhecimento biol\u00f3gico, no \u00e2mbito de sua forma\u00e7\u00e3o, como: prestar consultorias, per\u00edcias, auditoria, dar pareceres t\u00e9cnicos e atuar no sentido de que a legisla\u00e7\u00e3o, relativa \u00e0 \u00e1rea de Ci\u00eancias Biol\u00f3gicas, seja cumprida;<\/p>\n<p>&#8211; Atuar em atividades educacionais, divulga\u00e7\u00e3o t\u00e9cnica, extens\u00e3o, desenvolvimento, demonstra\u00e7\u00e3o, treinamento, condu\u00e7\u00e3o de equipe;<\/p>\n<p>&#8211; Atuar na dire\u00e7\u00e3o, coordena\u00e7\u00e3o e fiscaliza\u00e7\u00e3o para manejo, conserva\u00e7\u00e3o, curadoria, erradica\u00e7\u00e3o, cataloga\u00e7\u00e3o, levantamento e invent\u00e1rio;<\/p>\n<p>&#8211; Atuar na produ\u00e7\u00e3o t\u00e9cnica, produ\u00e7\u00e3o especializada, multiplica\u00e7\u00e3o, padroniza\u00e7\u00e3o, mensura\u00e7\u00e3o, controle de qualidade, controle qualitativo e controle quantitativo;<\/p>\n<p>&#8211; Ingressar em programas de Especializa\u00e7\u00e3o ou P\u00f3s-Gradua\u00e7\u00e3o (Mestrado e\/ou Doutorado), oferecidos nas diversas \u00e1reas do conhecimento biol\u00f3gico em Universidades Nacionais ou estrangeiras.<\/p>\n","protected":false},"excerpt":{"rendered":"<p>Ainda que a atua\u00e7\u00e3o do profissional da \u00e1rea de Ci\u00eancias Biol\u00f3gicas seja ampla, diversificada, emergente, crescente e em constante transforma\u00e7\u00e3o, o curso busca capacitar para tr\u00eas \u00e1reas de Atua\u00e7\u00e3o: Meio Ambiente e Biodiversidade, Sa\u00fade e ainda, Biotecnologia e Produ\u00e7\u00e3o, atrav\u00e9s da: &#8211; Formular e elaborar estudo, projeto ou pesquisa cient\u00edfica b\u00e1sica e aplicada, nas \u00e1reas&nbsp;&hellip;<\/p>\n","protected":false},"author":24,"featured_media":523,"parent":0,"menu_order":0,"comment_status":"closed","ping_status":"closed","template":"","meta":[],"_links":{"self":[{"href":"https:\/\/www2.uepg.br\/bacharelado-ciencias-biologicas\/wp-json\/wp\/v2\/pages\/281"}],"collection":[{"href":"https:\/\/www2.uepg.br\/bacharelado-ciencias-biologicas\/wp-json\/wp\/v2\/pages"}],"about":[{"href":"https:\/\/www2.uepg.br\/bacharelado-ciencias-biologicas\/wp-json\/wp\/v2\/types\/page"}],"author":[{"embeddable":true,"href":"https:\/\/www2.uepg.br\/bacharelado-ciencias-biologicas\/wp-json\/wp\/v2\/users\/24"}],"replies":[{"embeddable":true,"href":"https:\/\/www2.uepg.br\/bacharelado-ciencias-biologicas\/wp-json\/wp\/v2\/comments?post=281"}],"version-history":[{"count":3,"href":"https:\/\/www2.uepg.br\/bacharelado-ciencias-biologicas\/wp-json\/wp\/v2\/pages\/281\/revisions"}],"predecessor-version":[{"id":521,"href":"https:\/\/www2.uepg.br\/bacharelado-ciencias-biologicas\/wp-json\/wp\/v2\/pages\/281\/revisions\/521"}],"wp:featuredmedia":[{"embeddable":true,"href":"https:\/\/www2.uepg.br\/bacharelado-ciencias-biologicas\/wp-json\/wp\/v2\/media\/523"}],"wp:attachment":[{"href":"https:\/\/www2.uepg.br\/bacharelado-ciencias-biologicas\/wp-json\/wp\/v2\/media?parent=281"}],"curies":[{"name":"wp","href":"https:\/\/api.w.org\/{rel}","templated":true}]}}