{"id":287,"date":"2020-03-05T16:03:55","date_gmt":"2020-03-05T19:03:55","guid":{"rendered":"http:\/\/www2.uepg.br\/testes\/?page_id=287"},"modified":"2020-03-05T16:03:55","modified_gmt":"2020-03-05T19:03:55","slug":"grade-curricular","status":"publish","type":"page","link":"https:\/\/www2.uepg.br\/bacharelado-enfermagem\/grade-curricular\/","title":{"rendered":"Grade curricular"},"content":{"rendered":"<p><span style=\"color: #ff0000\">Abaixo exemplo de preenchimento de grade curricular:<\/span><\/p>\n<p>&nbsp;<\/p>\n<p>Para completar o curr\u00edculo pleno do curso superior de gradua\u00e7\u00e3o em Colegiado em Engenharia de Software, o acad\u00eamico dever\u00e1 perfazer um total m\u00ednimo de 3.549 horas, sendo 1.530 horas em disciplinas de Forma\u00e7\u00e3o B\u00e1sica Geral, 1.717 horas em disciplinas de Forma\u00e7\u00e3o Espec\u00edficaProfissional, 102 horas em disciplinas de Diversifica\u00e7\u00e3o ou Aprofundamento e 200 horas de Atividades Complementares, distribu\u00eddas em, no m\u00ednimo, 05 anos e, no m\u00e1ximo, 09 anos letivo<br \/>\nO curr\u00edculo \u00e9 distribu\u00eddo da seguinte forma:<\/p>\n<table align=\"center\">\n<tbody>\n<tr>\n<td colspan=\"2\"><b>1\u00aa S\u00e9rie<\/b><\/td>\n<\/tr>\n<tr>\n<td width=\"338\"><span style=\"font-family: arial;font-size: small\"><b>DISCIPLINA<\/b><\/span><\/td>\n<td>CARGA HOR\u00c1RIA<\/td>\n<\/tr>\n<tr>\n<td><span style=\"font-family: arial;font-size: small\">Algoritmos e Programa\u00e7\u00e3o<\/span><\/td>\n<td><span style=\"font-family: arial;font-size: small\">136 h<\/span><\/td>\n<\/tr>\n<tr>\n<td><span style=\"font-family: arial;font-size: small\">C\u00e1lculo Diferencial e Integral<\/span><\/td>\n<td>102 h<\/td>\n<\/tr>\n<tr>\n<td><span style=\"font-family: arial;font-size: small\">Ingl\u00eas T\u00e9cnico<\/span><\/td>\n<td>68 h<\/td>\n<\/tr>\n<tr>\n<td><span style=\"font-family: arial;font-size: small\">Introdu\u00e7\u00e3o \u00e0 Organiza\u00e7\u00e3o de Computadores<\/span><\/td>\n<td>68 h<\/td>\n<\/tr>\n<tr>\n<td><span style=\"font-family: arial;font-size: small\">Matem\u00e1tica Discreta<\/span><\/td>\n<td>68 h<\/td>\n<\/tr>\n<tr>\n<td><span style=\"font-family: arial;font-size: small\">Geometria Anal\u00edtica e \u00c1lgebra Linear<\/span><\/td>\n<td>136 h<\/td>\n<\/tr>\n<tr>\n<td><span style=\"font-family: arial;font-size: small\">L\u00f3gica Computacional<\/span><\/td>\n<td>102 h<\/td>\n<\/tr>\n<\/tbody>\n<\/table>\n<p>&nbsp;<\/p>\n<table align=\"center\">\n<tbody>\n<tr>\n<td colspan=\"2\"><b>2\u00aa S\u00e9rie<\/b><\/td>\n<\/tr>\n<tr>\n<td width=\"338\"><span style=\"font-family: arial;font-size: small\"><b>DISCIPLINA<\/b><\/span><\/td>\n<td>CARGA HOR\u00c1RIA<\/td>\n<\/tr>\n<tr>\n<td><span style=\"font-family: arial;font-size: small\">Banco de Dados**<\/span><\/td>\n<td>68 h<\/td>\n<\/tr>\n<tr>\n<td><span style=\"font-family: arial;font-size: small\">C\u00e1lculo Num\u00e9rico<\/span><\/td>\n<td>102 h<\/td>\n<\/tr>\n<tr>\n<td><span style=\"font-family: arial;font-size: small\">Estrutura de Dados<\/span><\/td>\n<td>136 h<\/td>\n<\/tr>\n<tr>\n<td><span style=\"font-family: arial;font-size: small\">Introdu\u00e7\u00e3o \u00e0 Investiga\u00e7\u00e3o Cient\u00edfica<\/span><\/td>\n<td>68 h<\/td>\n<\/tr>\n<tr>\n<td><span style=\"font-family: arial;font-size: small\">Linguagens de Programa\u00e7\u00e3o<\/span><\/td>\n<td>136 h<\/td>\n<\/tr>\n<tr>\n<td><span style=\"font-family: arial;font-size: small\">Modelagem Conceitual de Software*<\/span><\/td>\n<td>68 h<\/td>\n<\/tr>\n<tr>\n<td><span style=\"font-family: arial;font-size: small\">Organiza\u00e7\u00e3o e Arquitetura de Computadores<\/span><\/td>\n<td>136 h<\/td>\n<\/tr>\n<\/tbody>\n<\/table>\n<p>&nbsp;<\/p>\n<table align=\"center\">\n<tbody>\n<tr>\n<td colspan=\"2\"><b>3\u00aa S\u00e9rie<\/b><\/td>\n<\/tr>\n<tr>\n<td width=\"338\"><span style=\"font-family: arial;font-size: small\"><b>DISCIPLINA<\/b><\/span><\/td>\n<td>CARGA HOR\u00c1RIA<\/td>\n<\/tr>\n<tr>\n<td><span style=\"font-family: arial;font-size: small\">Eletr\u00f4nica<\/span><\/td>\n<td>102 h<\/td>\n<\/tr>\n<tr>\n<td><span style=\"font-family: arial;font-size: small\">Engenharia de Software<\/span><\/td>\n<td>102 h<\/td>\n<\/tr>\n<tr>\n<td><span style=\"font-family: arial;font-size: small\">Estat\u00edstica Computacional<\/span><\/td>\n<td>102 h<\/td>\n<\/tr>\n<tr>\n<td><span style=\"font-family: arial;font-size: small\">Intelig\u00eancia Artificial<\/span><\/td>\n<td>102 h<\/td>\n<\/tr>\n<tr>\n<td><span style=\"font-family: arial;font-size: small\">Oficina de Banco de Dados<\/span><\/td>\n<td>68 h<\/td>\n<\/tr>\n<tr>\n<td><span style=\"font-family: arial;font-size: small\">Sistemas de Informa\u00e7\u00e3o I<\/span><\/td>\n<td>68 h<\/td>\n<\/tr>\n<tr>\n<td><span style=\"font-family: arial;font-size: small\">Sistemas Operacionais<\/span><\/td>\n<td>136 h<\/td>\n<\/tr>\n<\/tbody>\n<\/table>\n<p>&nbsp;<\/p>\n<table align=\"center\">\n<tbody>\n<tr>\n<td colspan=\"2\"><b>4\u00aa S\u00e9rie<\/b><\/td>\n<\/tr>\n<tr>\n<td width=\"338\"><span style=\"font-family: arial;font-size: small\"><b>DISCIPLINA<\/b><\/span><\/td>\n<td>CARGA HOR\u00c1RIA<\/td>\n<\/tr>\n<tr>\n<td><span style=\"font-family: arial;font-size: small\">An\u00e1lise de Algoritmos<\/span><\/td>\n<td>68 h<\/td>\n<\/tr>\n<tr>\n<td><span style=\"font-family: arial;font-size: small\">Computa\u00e7\u00e3o Gr\u00e1fica<\/span><\/td>\n<td>68 h<\/td>\n<\/tr>\n<tr>\n<td><span style=\"font-family: arial;font-size: small\">Contabilidade Geral<\/span><\/td>\n<td>68 h<\/td>\n<\/tr>\n<tr>\n<td><span style=\"font-family: arial;font-size: small\">Interfaces Homem-M\u00e1quina<\/span><\/td>\n<td>68 h<\/td>\n<\/tr>\n<tr>\n<td><span style=\"font-family: arial;font-size: small\">Pesquisa Operacional<\/span><\/td>\n<td>102 h<\/td>\n<\/tr>\n<tr>\n<td><span style=\"font-family: arial;font-size: small\">Projeto de Sistemas de Informa\u00e7\u00e3o<\/span><\/td>\n<td>68 h<\/td>\n<\/tr>\n<tr>\n<td><span style=\"font-family: arial;font-size: small\">Redes e Sistemas Distribu\u00eddos<\/span><\/td>\n<td>136 h<\/td>\n<\/tr>\n<tr>\n<td><span style=\"font-family: arial;font-size: small\">Sistemas de Informa\u00e7\u00e3o II<\/span><\/td>\n<td>68 h<\/td>\n<\/tr>\n<\/tbody>\n<\/table>\n<p>&nbsp;<\/p>\n<table align=\"center\">\n<tbody>\n<tr>\n<td colspan=\"2\"><b>5\u00aa S\u00e9rie<\/b><\/td>\n<\/tr>\n<tr>\n<td width=\"338\"><span style=\"font-family: arial;font-size: small\"><b>DISCIPLINA<\/b><\/span><\/td>\n<td>CARGA HOR\u00c1RIA<\/td>\n<\/tr>\n<tr>\n<td><span style=\"font-family: arial;font-size: small\">Administra\u00e7\u00e3o<\/span><\/td>\n<td>51 h<\/td>\n<\/tr>\n<tr>\n<td><span style=\"font-family: arial;font-size: small\">Computadores e Sociedade<\/span><\/td>\n<td>51 h<\/td>\n<\/tr>\n<tr>\n<td><span style=\"font-family: arial;font-size: small\">Economia<\/span><\/td>\n<td>68 h<\/td>\n<\/tr>\n<tr>\n<td><span style=\"font-family: arial;font-size: small\">Empreendedorismo **<\/span><\/td>\n<td>51 h<\/td>\n<\/tr>\n<tr>\n<td><span style=\"font-family: arial;font-size: small\">Est\u00e1gio Supervisionado **<\/span><\/td>\n<td>170 h<\/td>\n<\/tr>\n<tr>\n<td><span style=\"font-family: arial;font-size: small\">Orienta\u00e7\u00e3o de Trabalho de Conclus\u00e3o de Curso<\/span><\/td>\n<td>34 h<\/td>\n<\/tr>\n<tr>\n<td><span style=\"font-family: arial;font-size: small\">Sistemas de Apoio \u00e0 Decis\u00e3o<\/span><\/td>\n<td>68 h<\/td>\n<\/tr>\n<tr>\n<td><span style=\"font-family: arial;font-size: small\">Sistemas Multim\u00eddia<\/span><\/td>\n<td>68 h<\/td>\n<\/tr>\n<\/tbody>\n<\/table>\n<p><span style=\"font-family: arial;font-size: small\">* Disciplina semestral, oferecida no primeiro semestre.<br \/>\n** Disciplina semestral, oferecida no segundo semestre.<\/span><\/p>\n","protected":false},"excerpt":{"rendered":"<p>Abaixo exemplo de preenchimento de grade curricular: &nbsp; Para completar o curr\u00edculo pleno do curso superior de gradua\u00e7\u00e3o em Colegiado em Engenharia de Software, o acad\u00eamico dever\u00e1 perfazer um total m\u00ednimo de 3.549 horas, sendo 1.530 horas em disciplinas de Forma\u00e7\u00e3o B\u00e1sica Geral, 1.717 horas em disciplinas de Forma\u00e7\u00e3o Espec\u00edficaProfissional, 102 horas em disciplinas de&nbsp;&hellip;<\/p>\n","protected":false},"author":24,"featured_media":0,"parent":0,"menu_order":0,"comment_status":"closed","ping_status":"closed","template":"","meta":[],"_links":{"self":[{"href":"https:\/\/www2.uepg.br\/bacharelado-enfermagem\/wp-json\/wp\/v2\/pages\/287"}],"collection":[{"href":"https:\/\/www2.uepg.br\/bacharelado-enfermagem\/wp-json\/wp\/v2\/pages"}],"about":[{"href":"https:\/\/www2.uepg.br\/bacharelado-enfermagem\/wp-json\/wp\/v2\/types\/page"}],"author":[{"embeddable":true,"href":"https:\/\/www2.uepg.br\/bacharelado-enfermagem\/wp-json\/wp\/v2\/users\/24"}],"replies":[{"embeddable":true,"href":"https:\/\/www2.uepg.br\/bacharelado-enfermagem\/wp-json\/wp\/v2\/comments?post=287"}],"version-history":[{"count":1,"href":"https:\/\/www2.uepg.br\/bacharelado-enfermagem\/wp-json\/wp\/v2\/pages\/287\/revisions"}],"predecessor-version":[{"id":288,"href":"https:\/\/www2.uepg.br\/bacharelado-enfermagem\/wp-json\/wp\/v2\/pages\/287\/revisions\/288"}],"wp:attachment":[{"href":"https:\/\/www2.uepg.br\/bacharelado-enfermagem\/wp-json\/wp\/v2\/media?parent=287"}],"curies":[{"name":"wp","href":"https:\/\/api.w.org\/{rel}","templated":true}]}}