{"id":297,"date":"2020-03-05T16:21:16","date_gmt":"2020-03-05T19:21:16","guid":{"rendered":"http:\/\/www2.uepg.br\/testes\/?page_id=297"},"modified":"2020-03-05T16:21:16","modified_gmt":"2020-03-05T19:21:16","slug":"atividades-complementares","status":"publish","type":"page","link":"https:\/\/www2.uepg.br\/bacharelado-enfermagem\/atividades-complementares\/","title":{"rendered":"Atividades Complementares"},"content":{"rendered":"<p><span style=\"color: #ff0000\">Abaixo exemplo de p\u00e1gina com informa\u00e7\u00f5es sobre atividades complementares.<\/span><\/p>\n<h3><\/h3>\n<h3>PONTUA\u00c7\u00c3O PARA ATIVIDADES COMPLEMENTARES DEINFO<\/h3>\n<p>Para obter a sua gradua\u00e7\u00e3o, o acad\u00eamico dever\u00e1 cumprir uma carga hor\u00e1ria m\u00ednima em atividades extracurriculares que t\u00eam como objetivo complementar a forma\u00e7\u00e3o profissional do acad\u00eamico.<br \/>\nEssa carga hor\u00e1ria m\u00ednima \u00e9 de 200 ha (duzentas horas\/atividade).<br \/>\nExceto onde indicado, considera-se que 01 hora utilizada na atividade complementar conta como 01 ha. Todas as atividades complementares devem ser reconhecidas e homologadas pelo colegiado de curso para que possam ser consideradas para fins de contagem de carga hor\u00e1ria.<\/p>\n<dl>\n<dt>\n<h4>1. ATIVIDADES LIGADAS \u00c0 FORMA\u00c7\u00c3O PROFISSIONAL (M\u00c1XIMO DE 100 HA)<\/h4>\n<\/dt>\n<dt>1.1. Est\u00e1gio curricular volunt\u00e1rio:<\/dt>\n<dd>\u00b7 Carteira de trabalho assinada (n\u00e3o obrigat\u00f3rio).<\/dd>\n<dd>\u00b7 Empresa conveniada com a UEPG.<\/dd>\n<dd>\u00b7 A cada 03 horas\/est\u00e1gio conta-se 01 ha (m\u00e1ximo de 90 ha).<\/dd>\n<dt>1.2. Visitas t\u00e9cnicas acompanhadas por professor: 03 ha por visita.<\/dt>\n<p>Obs.: Aulas ministradas por acad\u00eamicos em outras institui\u00e7\u00f5es s\u00e3o consideradas est\u00e1gio curricular. O est\u00e1gio curricular obrigat\u00f3rio (feito no \u00faltimo semestre do curso)<\/dl>\n<p><b>\u00a0n\u00e3o<\/b><\/p>\n<dl>\u00a0\u00e9 considerado atividade complementar.<\/dl>\n<p>&nbsp;<\/p>\n<dl>\n<dt>\n<h4>2. ATIVIDADES LIGADAS \u00c0 PESQUISA (M\u00c1XIMO DE 120 HA)<\/h4>\n<\/dt>\n<dt>2.1. Inicia\u00e7\u00e3o cient\u00edfica: 80 ha por projeto.<\/dt>\n<dt>2.2. Participa\u00e7\u00e3o em projeto de pesquisa (No m\u00e1ximo 70 ha).<\/dt>\n<dt>2.3. Apresenta\u00e7\u00e3o de trabalho relacionado \u00e0 inicia\u00e7\u00e3o cient\u00edfica: 10 ha por trabalho.<\/dt>\n<\/dl>\n<p>&nbsp;<\/p>\n<dl>\n<dt>\n<h4>3. ATIVIDADES LIGADAS \u00c0 EXTENS\u00c3O OU ENSINO (M\u00c1XIMO DE 70 HA)<\/h4>\n<\/dt>\n<dt>3.1. Participa\u00e7\u00e3o em projeto de extens\u00e3o ou ensino.<\/dt>\n<\/dl>\n<p>&nbsp;<\/p>\n<dl>\n<dt>\n<h4>4. EVENTOS OU CURSOS DA \u00c1REA DE INFORM\u00c1TICA (M\u00c1XIMO DE 160 HA)<\/h4>\n<\/dt>\n<dt>\u00b7 Por evento, entenda-se ciclo de palestra, encontro, semin\u00e1rio, congresso ou simp\u00f3sio.<\/dt>\n<dt>\u00b7 Todo evento dever\u00e1 ser reconhecido e homologado pelo colegiado de curso.<\/dt>\n<dt>\u00b7 O evento cuja freq\u00fc\u00eancia conste no certificado poder\u00e1 contar 100% de sua carga hor\u00e1ria, de acordo com a freq\u00fc\u00eancia do acad\u00eamico.<\/dt>\n<dt>\u00b7 Sem a comprova\u00e7\u00e3o de freq\u00fc\u00eancia, ser\u00e1 considerada apenas 70% da carga hor\u00e1ria total do evento.<\/dt>\n<dt>\u00b7 Coordena\u00e7\u00e3o de evento: (m\u00e1ximo de 20 ha adicionais por evento).<\/dt>\n<dt>\u00b7 Apresenta\u00e7\u00e3o de trabalho (exceto trabalho relacionado \u00e0 inicia\u00e7\u00e3o cient\u00edfica): 10 ha por evento.<\/dt>\n<\/dl>\n<p>&nbsp;<\/p>\n<dl>\n<dt>\n<h4>5. DEMAIS CURSOS OU EVENTOS (M\u00c1XIMO DE 30 HA)<\/h4>\n<\/dt>\n<dt>\u00b7 Eventos ou cursos que n\u00e3o sejam da \u00e1rea de inform\u00e1tica (por exemplo, cursos de ingl\u00eas ou eventos na \u00e1rea de administra\u00e7\u00e3o, economia, contabilidade, etc.) devidamente reconhecidos e homologados pelo colegiado de curso.<\/dt>\n<dt>\u00b7 Ser\u00e1 considerada apenas 50% da carga hor\u00e1ria de cada evento.<\/dt>\n<\/dl>\n<p>&nbsp;<\/p>\n<dl>\n<dt>\n<h4>6. PARTICIPA\u00c7\u00c3O EM \u00d3RG\u00c3OS INSTITUCIONAIS (M\u00c1XIMO DE 30 HA)<\/h4>\n<\/dt>\n<dt>6.1. Representa\u00e7\u00e3o no conselho universit\u00e1rio (No m\u00e1ximo de 20 ha).<\/dt>\n<dt>6.2. Representa\u00e7\u00e3o no departamento. 1 hora\/atividade por reuni\u00e3o (No m\u00e1ximo 20 ha).<\/dt>\n<dt>6.3. Representa\u00e7\u00e3o no colegiado do curso. 1 hora\/atividade por reuni\u00e3o (No m\u00e1ximo 20 ha).<\/dt>\n<dt>6.4. Membro de outros \u00f3rg\u00e3os institucionais. (M\u00e1ximo de 10 ha).<\/dt>\n<dt>6.5. Membro do Centro acad\u00eamico: no m\u00e1ximo 8 membros (indicados pelo pr\u00f3prio Centro Acad\u00eamico) podem pontuar (No m\u00e1ximo 20 ha para cada membro).<\/dt>\n<dt>6.6. Membro de demais organiza\u00e7\u00f5es estudantis. (m\u00e1ximo de 20 ha).<\/dt>\n<\/dl>\n<p>&nbsp;<\/p>\n<dl>\n<dt>\n<h4>7. MONITORIA (M\u00c1XIMO DE 40 HA)<\/h4>\n<\/dt>\n<dt>\u00b7 Ser\u00e1 considerada 50% da carga hor\u00e1ria total da disciplina<\/dt>\n<\/dl>\n<p>&nbsp;<\/p>\n<dl>\n<dt>\n<h4>8. DEMAIS ATIVIDADES<\/h4>\n<\/dt>\n<dt>\u00b7 Atividades que n\u00e3o sejam citadas neste documento dever\u00e3o ser examinadas pelo colegiado de curso.<\/dt>\n<\/dl>\n<p><u>Importante:<\/u>\u00a0O acad\u00eamico somente dever\u00e1 enviar o processo com as atividades complementares quando estiver cursando a 5\u00aa s\u00e9rie. O encaminhamento ao Colegiado de Curso dever\u00e1 ser feito via PROGRAD (xerox dos certificados autenticados na Prograd mediante apresenta\u00e7\u00e3o do original) at\u00e9 o final do primeiro semestre letivo.<\/p>\n<h4>TABELA PARA PONTUA\u00c7\u00c3O DE ATIVIDADES COMPLEMENTARES<\/h4>\n<p><span style=\"font-family: arial;font-size: small\"><b>Carga hor\u00e1ria m\u00ednima a ser cumprida pelo acad\u00eamico:<\/b><\/span><\/p>\n<table align=\"center\">\n<tbody>\n<tr>\n<td>Atividades<\/td>\n<td>Carga hor\u00e1ria m\u00e1xima<\/td>\n<\/tr>\n<tr>\n<td><span style=\"font-family: arial;font-size: small\">Atividades ligadas \u00e0 forma\u00e7\u00e3o profissional<\/span><\/td>\n<td>100 horas\/atividade<\/td>\n<\/tr>\n<tr>\n<td><span style=\"font-family: arial;font-size: small\">Atividades ligadas \u00e0 pesquisa<\/span><\/td>\n<td>120 horas\/atividade<\/td>\n<\/tr>\n<tr>\n<td><span style=\"font-family: arial;font-size: small\">Atividades ligadas a extens\u00e3o ou ensino<\/span><\/td>\n<td>70 horas\/atividade<\/td>\n<\/tr>\n<tr>\n<td><span style=\"font-family: arial;font-size: small\">Participa\u00e7\u00e3o em eventos e cursos da \u00e1rea de inform\u00e1tica<\/span><\/td>\n<td>160 horas\/atividade<\/td>\n<\/tr>\n<tr>\n<td><span style=\"font-family: arial;font-size: small\">Participa\u00e7\u00e3o em demais cursos ou eventos<\/span><\/td>\n<td>30 horas\/atividade<\/td>\n<\/tr>\n<tr>\n<td><span style=\"font-family: arial;font-size: small\">Participa\u00e7\u00e3o em \u00f3rg\u00e3os institucionais<\/span><\/td>\n<td>30 horas\/atividade<\/td>\n<\/tr>\n<tr>\n<td><span style=\"font-family: arial;font-size: small\">Monitoria<\/span><\/td>\n<td>40 horas\/atividade<\/td>\n<\/tr>\n<\/tbody>\n<\/table>\n","protected":false},"excerpt":{"rendered":"<p>Abaixo exemplo de p\u00e1gina com informa\u00e7\u00f5es sobre atividades complementares. PONTUA\u00c7\u00c3O PARA ATIVIDADES COMPLEMENTARES DEINFO Para obter a sua gradua\u00e7\u00e3o, o acad\u00eamico dever\u00e1 cumprir uma carga hor\u00e1ria m\u00ednima em atividades extracurriculares que t\u00eam como objetivo complementar a forma\u00e7\u00e3o profissional do acad\u00eamico. Essa carga hor\u00e1ria m\u00ednima \u00e9 de 200 ha (duzentas horas\/atividade). Exceto onde indicado, considera-se que&nbsp;&hellip;<\/p>\n","protected":false},"author":24,"featured_media":0,"parent":0,"menu_order":0,"comment_status":"closed","ping_status":"closed","template":"","meta":[],"_links":{"self":[{"href":"https:\/\/www2.uepg.br\/bacharelado-enfermagem\/wp-json\/wp\/v2\/pages\/297"}],"collection":[{"href":"https:\/\/www2.uepg.br\/bacharelado-enfermagem\/wp-json\/wp\/v2\/pages"}],"about":[{"href":"https:\/\/www2.uepg.br\/bacharelado-enfermagem\/wp-json\/wp\/v2\/types\/page"}],"author":[{"embeddable":true,"href":"https:\/\/www2.uepg.br\/bacharelado-enfermagem\/wp-json\/wp\/v2\/users\/24"}],"replies":[{"embeddable":true,"href":"https:\/\/www2.uepg.br\/bacharelado-enfermagem\/wp-json\/wp\/v2\/comments?post=297"}],"version-history":[{"count":1,"href":"https:\/\/www2.uepg.br\/bacharelado-enfermagem\/wp-json\/wp\/v2\/pages\/297\/revisions"}],"predecessor-version":[{"id":298,"href":"https:\/\/www2.uepg.br\/bacharelado-enfermagem\/wp-json\/wp\/v2\/pages\/297\/revisions\/298"}],"wp:attachment":[{"href":"https:\/\/www2.uepg.br\/bacharelado-enfermagem\/wp-json\/wp\/v2\/media?parent=297"}],"curies":[{"name":"wp","href":"https:\/\/api.w.org\/{rel}","templated":true}]}}