{"id":159,"date":"2020-02-04T21:19:10","date_gmt":"2020-02-05T00:19:10","guid":{"rendered":"http:\/\/www2.uepg.br\/testes\/?page_id=159"},"modified":"2021-08-27T17:11:01","modified_gmt":"2021-08-27T20:11:01","slug":"extensao","status":"publish","type":"page","link":"https:\/\/www2.uepg.br\/bacharelado-engenharia-civil\/extensao\/","title":{"rendered":"Extens\u00e3o"},"content":{"rendered":"<h4><strong>Projeto de Extens\u00e3o Saneamento Solid\u00e1rio <img loading=\"lazy\" class=\"size-medium wp-image-1119 alignleft\" src=\"http:\/\/www2.uepg.br\/bacharelado-engenharia-civil\/wp-content\/uploads\/sites\/111\/2021\/08\/logo-Saneamento-Solidario-melhor-212x300.jpg\" alt=\"\" width=\"212\" height=\"300\" \/><\/strong><\/h4>\n<p>Todas as a\u00e7\u00f5es desenvolvidas pelo projeto de extens\u00e3o Saneamento Solid\u00e1rio t\u00eam impacto direto nas institui\u00e7\u00f5es e nas pessoas atendidas. Estas a\u00e7\u00f5es envolvem palestras, din\u00e2micas de educa\u00e7\u00e3o ambiental sobre Res\u00edduos S\u00f3lidos Urbanos e todas as quest\u00f5es voltadas \u00e0 tem\u00e1tica da Qualidade de \u00c1gua e de \u00c1guas Residu\u00e1rias. Em geral, as abordagens s\u00e3o feitas voluntariamente por alunos e professores da UEPG voltadas a professores, crian\u00e7as, adolescentes, trabalhadores, produtores rurais.<\/p>\n<p>Como um dos focos deste programa \u00e9 consolidar as a\u00e7\u00f5es convergentes aos objetivos de desenvolvimento sustent\u00e1vel sobre \u00e1gua pot\u00e1vel e saneamento, sa\u00fade e bem-estar, cidades e comunidades sustent\u00e1veis al\u00e9m de atender diversos outros objetivos indiretamente, foram desenvolvidas a\u00e7\u00f5es de planejamento, engajamento de equipes, visitas t\u00e9cnicas, coletas de amostras, an\u00e1lises f\u00edsico-qu\u00edmicas e biol\u00f3gicas de \u00e1guas e de \u00e1guas residu\u00e1rias, bem como a elabora\u00e7\u00e3o de informativos que apresentavam e discutiam os resultados das an\u00e1lises com propostas para os problemas apresentados pelas demandas externas \u00e0 UEPG.<\/p>\n<p>Algumas a\u00e7\u00f5es j\u00e1 realizadas pela equipe do projeto:<\/p>\n<p>&nbsp;<\/p>\n<ul>\n<li>Atividades destinadas a promover a integra\u00e7\u00e3o sobre res\u00edduos s\u00f3lidos urbanos com a comunidade local atendida, visando instruir os moradores sobre quest\u00f5es espec\u00edficas;<\/li>\n<li>Palestras sobre meio ambiente, cuidados pessoais e doen\u00e7as decorrentes da falta de Saneamento B\u00e1sico em comunidades carentes, sobre a import\u00e2ncia econ\u00f4mica, ambiental e social da reciclagem de materiais por catadores.<\/li>\n<li>Elabora\u00e7\u00e3o de projeto hidrossanit\u00e1rio e arquitet\u00f4nico da amplia\u00e7\u00e3o da cozinha usada para fazer a sopa servida \u00e0 comunidade do Cisco de Deus;<\/li>\n<li>Arrecada\u00e7\u00e3o de alimentos em palestras realizadas em outras institui\u00e7\u00f5es;<\/li>\n<li>Projeto de tratamento de \u00e1guas residu\u00e1rias da lavagem de ve\u00edculos da Pol\u00edcia Ambiental de Ponta Grossa;<\/li>\n<li>Plantio de sementes em vasos feitos de garrafa PET recicl\u00e1vel por crian\u00e7as em comunidades carentes;<\/li>\n<li>Avalia\u00e7\u00f5es de amostras da \u00e1gua superficial do Arroio de Olarias na cidade de Ponta Grossa \u2013 PR desde a cabeceira at\u00e9 a \u00e1rea de represamento denominada Lago de Olarias; da fonte de \u00e1gua natural de uma escola municipal com fins de irriga\u00e7\u00e3o na horta e pomar plantado pelo Rotary; da fonte de \u00e1gua natural e de dois tanques da Comunidade Jocum a fim de aproveit\u00e1-la como fonte de \u00e1gua pot\u00e1vel e abastecimento de dois tanques de peixes ligados em s\u00e9rie; dos recursos h\u00eddricos de uma ind\u00fastria localizada na cidade de Ponta Grossa \u2013 PR visando melhorar a gest\u00e3o e disposi\u00e7\u00e3o final da \u00e1gua residu\u00e1ria industrial com foco no controle do processo produtivo;<\/li>\n<li>Instala\u00e7\u00e3o de um sistema inovador e ecol\u00f3gico para o tratamento de esgoto sanit\u00e1rio descentralizado e individual na associa\u00e7\u00e3o do acampamento Emiliano Zapata com vistas \u00e0 melhoria do Saneamento local rural.<\/li>\n<\/ul>\n<p>Coordenadora do Projeto: Profa. Dra.\u00a0Maria Magdalena Ribas D\u00f6ll<\/p>\n<p>contato: mmrdoll@uepg.br<\/p>\n<p>&nbsp;<\/p>\n<h4 style=\"text-align: left\">Tecnologia de Materiais de Constru\u00e7\u00e3o<\/h4>\n<p><img loading=\"lazy\" class=\"wp-image-659 alignleft\" src=\"http:\/\/www2.uepg.br\/bacharelado-engenharia-civil\/wp-content\/uploads\/sites\/111\/2020\/06\/arte-larena-proj-extensao-patricia-212x300.jpeg\" alt=\"\" width=\"261\" height=\"369\" srcset=\"https:\/\/www2.uepg.br\/bacharelado-engenharia-civil\/wp-content\/uploads\/sites\/111\/2020\/06\/arte-larena-proj-extensao-patricia-212x300.jpeg 212w, https:\/\/www2.uepg.br\/bacharelado-engenharia-civil\/wp-content\/uploads\/sites\/111\/2020\/06\/arte-larena-proj-extensao-patricia-723x1024.jpeg 723w, https:\/\/www2.uepg.br\/bacharelado-engenharia-civil\/wp-content\/uploads\/sites\/111\/2020\/06\/arte-larena-proj-extensao-patricia-768x1087.jpeg 768w, https:\/\/www2.uepg.br\/bacharelado-engenharia-civil\/wp-content\/uploads\/sites\/111\/2020\/06\/arte-larena-proj-extensao-patricia-763x1080.jpeg 763w, https:\/\/www2.uepg.br\/bacharelado-engenharia-civil\/wp-content\/uploads\/sites\/111\/2020\/06\/arte-larena-proj-extensao-patricia.jpeg 904w\" sizes=\"(max-width: 261px) 100vw, 261px\" \/><\/p>\n<p>O presente projeto contempla a presta\u00e7\u00e3o de servi\u00e7os \u00e0 comunidade envolvida com a Constru\u00e7\u00e3o Civil, bem como a participa\u00e7\u00e3o de acad\u00eamicos do Curso de Engenharia Civil como forma de aprofundamento de conhecimento de disciplinas ministradas no Curso. Este projeto consiste na realiza\u00e7\u00e3o de ensaios tecnol\u00f3gicos de Materiais de Constru\u00e7\u00e3o, desenvolvidos de acordo com a procura de interessados: Engenheiros, Construtores e pessoal especializado de Empresas de Engenharia Civil. Estes servi\u00e7os v\u00eam sendo prestado h\u00e1 muitos anos pelo Laborat\u00f3rio de Materiais de Constru\u00e7\u00e3o Civil (LMCC), de maneira que j\u00e1 se constitui em rotina estabelecida e conhecida da Comunidade de Ponta Grossa e regi\u00e3o. H\u00e1 sempre demanda de servi\u00e7o, no que implica em envolvimento regulares nas atividades por parte dos professores, funcion\u00e1rios e acad\u00eamicos. Os materiais que poder\u00e3o ser atendidos em termos de caracteriza\u00e7\u00e3o e ensaios de controle tecnol\u00f3gico no \u00e2mbito do Projeto ser\u00e3o: concretos de cimento Portland, argamassas para revestimento e assentamento e agregados mi\u00fados e gra\u00fados. No que se refere \u00e0 caracteriza\u00e7\u00e3o e ensaios de controle tecnol\u00f3gico, o LMCC se baseia nas exig\u00eancias de normas t\u00e9cnicas nacionais da ABNT.<\/p>\n<p>Coordenadora: Prof\u00aa Dra. Patr\u00edcia Kr\u00fcger.<\/p>\n<p>Contato: pkruger@uepg.br<\/p>\n<p>&nbsp;<\/p>\n<h4><\/h4>\n<h4><\/h4>\n<h4><strong>Projeto de Intera\u00e7\u00e3o das Engenharias e Zootecnia com o Ensino M\u00e9dio &#8211; PROENZEM (extens\u00e3o universit\u00e1ria)<\/strong><\/h4>\n<p>Este Projeto de Extens\u00e3o tem como objetivo principal despertar o interesse dos alunos do ensino m\u00e9dio pelos cursos ofertados pelo Setor de Engenharias, Ci\u00eancias Agr\u00e1rias e de Tecnologias (SECATE), que s\u00e3o: Engenharia de Materiais, Engenharia de Alimentos, Engenharia Civil, Engenharia de Computa\u00e7\u00e3o, Engenharia de Software, Agronomia e Zootecnia.<\/p>\n<p>O objetivo \u00e9 estreitar o relacionamento entre a Universidade e os Col\u00e9gios de Ensino M\u00e9dio, mostrando as possibilidades de intera\u00e7\u00e3o que podem e devem existir. As atividades propostas nesse Programa visam estimular o aluno a conhecer e vivenciar o curso a ser realizado no Ensino Superior, antes do seu ingresso na Universidade, permitindo assim, despertar seu senso cr\u00edtico, para que ele possa tomar decis\u00f5es, qualificando-se para a escolha de uma profiss\u00e3o.<\/p>\n<p>As atividades realizadas incluem palestras, oficinas de experimenta\u00e7\u00e3o tecnol\u00f3gica e feiras de ci\u00eancias.<\/p>\n<p>Coordenadora: Adriana Scoton Antonio Chinelatto<\/p>\n<p>Contato: adriana@uepg.br<\/p>\n<p>&nbsp;<\/p>\n<h3 class=\"hero-title\">UEPG participa da IV Feira de Profiss\u00f5es &#8211; <a href=\"https:\/\/www.uepg.br\/uepg-participa-da-iv-feira-de-profissoes\/?fbclid=IwAR3ebua-94Outg4EKNdUTv4MgpiqR5dYaJUTdjRThOf7bHtk-6x_JqJ7BuQ\" target=\"_blank\" rel=\"noopener\"><em>link<\/em><\/a><\/h3>\n<div class='embed-container'>\n<blockquote class=\"wp-embedded-content\" data-secret=\"LeP3Dn7IS6\"><p><a href=\"https:\/\/www2.uepg.br\/bacharelado-engenharia-civil\/participacao-no-seminario-de-profissoes-e-internacionalizacao-marista-pio-xii\/\">Participa\u00e7\u00e3o no Semin\u00e1rio de Profiss\u00f5es e Internacionaliza\u00e7\u00e3o &#8211; Marista Pio XII<\/a><\/p><\/blockquote>\n<p><iframe class=\"wp-embedded-content\" sandbox=\"allow-scripts\" security=\"restricted\" style=\"position: absolute; clip: rect(1px, 1px, 1px, 1px);\" title=\"&#8220;Participa\u00e7\u00e3o no Semin\u00e1rio de Profiss\u00f5es e Internacionaliza\u00e7\u00e3o &#8211; Marista Pio XII&#8221; &#8212; Colegiado de Bacharelado em Engenharia Civil\" src=\"https:\/\/www2.uepg.br\/bacharelado-engenharia-civil\/participacao-no-seminario-de-profissoes-e-internacionalizacao-marista-pio-xii\/embed\/#?secret=LeP3Dn7IS6\" data-secret=\"LeP3Dn7IS6\" width=\"600\" height=\"338\" frameborder=\"0\" marginwidth=\"0\" marginheight=\"0\" scrolling=\"no\"><\/iframe><\/div>\n<p>Atualizado em 27\/08\/2021<\/p>\n","protected":false},"excerpt":{"rendered":"<p>Projeto de Extens\u00e3o Saneamento Solid\u00e1rio Todas as a\u00e7\u00f5es desenvolvidas pelo projeto de extens\u00e3o Saneamento Solid\u00e1rio t\u00eam impacto direto nas institui\u00e7\u00f5es e nas pessoas atendidas. Estas a\u00e7\u00f5es envolvem palestras, din\u00e2micas de educa\u00e7\u00e3o ambiental sobre Res\u00edduos S\u00f3lidos Urbanos e todas as quest\u00f5es voltadas \u00e0 tem\u00e1tica da Qualidade de \u00c1gua e de \u00c1guas Residu\u00e1rias. Em geral, as abordagens&nbsp;&hellip;<\/p>\n","protected":false},"author":24,"featured_media":0,"parent":0,"menu_order":0,"comment_status":"closed","ping_status":"closed","template":"","meta":[],"_links":{"self":[{"href":"https:\/\/www2.uepg.br\/bacharelado-engenharia-civil\/wp-json\/wp\/v2\/pages\/159"}],"collection":[{"href":"https:\/\/www2.uepg.br\/bacharelado-engenharia-civil\/wp-json\/wp\/v2\/pages"}],"about":[{"href":"https:\/\/www2.uepg.br\/bacharelado-engenharia-civil\/wp-json\/wp\/v2\/types\/page"}],"author":[{"embeddable":true,"href":"https:\/\/www2.uepg.br\/bacharelado-engenharia-civil\/wp-json\/wp\/v2\/users\/24"}],"replies":[{"embeddable":true,"href":"https:\/\/www2.uepg.br\/bacharelado-engenharia-civil\/wp-json\/wp\/v2\/comments?post=159"}],"version-history":[{"count":29,"href":"https:\/\/www2.uepg.br\/bacharelado-engenharia-civil\/wp-json\/wp\/v2\/pages\/159\/revisions"}],"predecessor-version":[{"id":1161,"href":"https:\/\/www2.uepg.br\/bacharelado-engenharia-civil\/wp-json\/wp\/v2\/pages\/159\/revisions\/1161"}],"wp:attachment":[{"href":"https:\/\/www2.uepg.br\/bacharelado-engenharia-civil\/wp-json\/wp\/v2\/media?parent=159"}],"curies":[{"name":"wp","href":"https:\/\/api.w.org\/{rel}","templated":true}]}}