{"id":307,"date":"2020-03-06T08:21:39","date_gmt":"2020-03-06T11:21:39","guid":{"rendered":"http:\/\/www2.uepg.br\/testes\/?page_id=307"},"modified":"2023-07-14T09:42:31","modified_gmt":"2023-07-14T12:42:31","slug":"acoes-e-atividades","status":"publish","type":"page","link":"https:\/\/www2.uepg.br\/bacharelado-engenharia-civil\/acoes-e-atividades\/","title":{"rendered":"A\u00e7\u00f5es e Atividades"},"content":{"rendered":"<div id=\"pl-307\"  class=\"panel-layout\" ><div id=\"pg-307-0\"  class=\"panel-grid panel-no-style\" ><div id=\"pgc-307-0-0\"  class=\"panel-grid-cell\" ><div id=\"panel-307-0-0-0\" class=\"so-panel widget widget_sow-accordion panel-first-child panel-last-child\" data-index=\"0\" ><div\n\t\t\t\n\t\t\tclass=\"so-widget-sow-accordion so-widget-sow-accordion-default-cb315fb9f873-307\"\n\t\t\t\n\t\t><div>\n\t<div class=\"sow-accordion\">\n\t\t\t<div class=\"sow-accordion-panel sow-accordion-panel-open\"\n\t\t\t data-anchor=\"eventos\">\n\t\t\t\t<div class=\"sow-accordion-panel-header-container\" role=\"heading\" aria-level=\"2\">\n\t\t\t\t\t<div class=\"sow-accordion-panel-header\" tabindex=\"0\" role=\"button\" id=\"accordion-label-eventos\" aria-controls=\"accordion-content-eventos\" aria-expanded=\"true\">\n\t\t\t\t\t\t<div class=\"sow-accordion-title sow-accordion-title-icon-left\">\n\t\t\t\t\t\t\t\t\t\t\t\t\t\tEventos\t\t\t\t\t\t\t\t\t\t\t\t\t<\/div>\n\t\t\t\t\t\t<div class=\"sow-accordion-open-close-button\">\n\t\t\t\t\t\t\t<div class=\"sow-accordion-open-button\">\n\t\t\t\t\t\t\t\t<span class=\"sow-icon-ionicons\" data-sow-icon=\"&#xf218;\"\n\t\t \n\t\taria-hidden=\"true\"><\/span>\t\t\t\t\t\t\t<\/div>\n\t\t\t\t\t\t\t<div class=\"sow-accordion-close-button\">\n\t\t\t\t\t\t\t\t<span class=\"sow-icon-ionicons\" data-sow-icon=\"&#xf209;\"\n\t\t \n\t\taria-hidden=\"true\"><\/span>\t\t\t\t\t\t\t<\/div>\n\t\t\t\t\t\t<\/div>\n\t\t\t\t\t<\/div>\n\t\t\t\t<\/div>\n\n\t\t\t<div\n\t\t\t\tclass=\"sow-accordion-panel-content\"\n\t\t\t\trole=\"region\"\n\t\t\t\taria-labelledby=\"accordion-label-eventos\"\n\t\t\t\tid=\"accordion-content-eventos\"\n\t\t\t\t\t\t\t>\n\t\t\t\t<div class=\"sow-accordion-panel-border\" tabindex=\"0\">\n\t\t\t\t\t<p><img class=\"alignleft wp-image-1247\" src=\"http:\/\/www2.uepg.br\/bacharelado-engenharia-civil\/wp-content\/uploads\/sites\/111\/2023\/07\/feira.jpg\" alt=\"\" width=\"596\" height=\"391\" \/><\/p>\n<p>&nbsp;<\/p>\n<p>&nbsp;<\/p>\n<p>&nbsp;<\/p>\n<p>&nbsp;<\/p>\n<p>&nbsp;<\/p>\n<p>&nbsp;<\/p>\n<p>&nbsp;<\/p>\n<p>&nbsp;<\/p>\n<p>&nbsp;<\/p>\n<p>&nbsp;<\/p>\n<p>&nbsp;<\/p>\n<h4 class=\"hero-title\"><a href=\"https:\/\/www.uepg.br\/feira-profissao-cursos\/\" target=\"_blank\" rel=\"noopener\">Cursos da UEPG marcam presen\u00e7a em Feira de Profiss\u00f5es<\/a><\/h4>\n<p>&nbsp;<\/p>\n<p><img class=\"size-medium wp-image-1193 alignleft\" src=\"http:\/\/www2.uepg.br\/bacharelado-engenharia-civil\/wp-content\/uploads\/sites\/111\/2022\/04\/WhatsApp-Image-2022-04-11-at-18.08.53-300x297.jpeg\" alt=\"\" width=\"300\" height=\"297\" \/><\/p>\n<p>&nbsp;<\/p>\n<p>&nbsp;<\/p>\n<p>&nbsp;<\/p>\n<p>&nbsp;<\/p>\n<p>&nbsp;<\/p>\n<p>&nbsp;<\/p>\n<p>&nbsp;<\/p>\n<p>&nbsp;<\/p>\n<p>&nbsp;<\/p>\n<p>&nbsp;<\/p>\n<p>Palestra: Acolhida dos Calouros de Engenharia Civil - 2021<\/p>\n<p><img class=\" wp-image-377 alignleft\" src=\"http:\/\/www2.uepg.br\/bacharelado-engenharia-civil\/wp-content\/uploads\/sites\/111\/2020\/05\/uepg-icone-site-300x300.png\" alt=\"\" width=\"117\" height=\"117\" \/><\/p>\n<p>&nbsp;<\/p>\n<p>&nbsp;<\/p>\n<p>&nbsp;<\/p>\n<p>&nbsp;<\/p>\n<p>&nbsp;<\/p>\n<p>Palestra: Webinar Crea-Pr e UEPG: Aspectos do exerc\u00edcio profissional<\/p>\n<p><img class=\"alignnone wp-image-413\" src=\"http:\/\/www2.uepg.br\/bacharelado-engenharia-civil\/wp-content\/uploads\/sites\/111\/2020\/06\/palestra-2-300x300.jpeg\" alt=\"\" width=\"128\" height=\"128\" \/><\/p>\n<p>Palestra: \u00c9tica nas rela\u00e7\u00f5es humanas e sociais. Quest\u00f5es de g\u00eanero em profiss\u00f5es predominantemente masculinas<\/p>\n<p><img class=\"alignnone wp-image-525\" src=\"http:\/\/www2.uepg.br\/bacharelado-engenharia-civil\/wp-content\/uploads\/sites\/111\/2020\/06\/etica-scate-15-06-20-alimentos-212x300.jpeg\" alt=\"\" width=\"137\" height=\"194\" \/><\/p>\n<p>Mesa redonda: Estruturas de concreto s\u00e3o eternas? Um papo sobre durabilidade<\/p>\n<p><img class=\"alignnone wp-image-537\" src=\"http:\/\/www2.uepg.br\/bacharelado-engenharia-civil\/wp-content\/uploads\/sites\/111\/2020\/06\/mesa-concreto-eterno-300x300.jpg\" alt=\"\" width=\"140\" height=\"140\" \/><\/p>\n<p>Palestra:\u00a0Sa\u00fade mental dos estudantes universit\u00e1rios em meio \u00e0 pandemia de Covid-19<\/p>\n<p><img class=\"alignnone wp-image-532\" src=\"http:\/\/www2.uepg.br\/bacharelado-engenharia-civil\/wp-content\/uploads\/sites\/111\/2020\/06\/Palestra-Sa\u00fade-Mental-dos-Estudantes-em-meio-\u00e0-Pandemia-1-214x300.jpeg\" alt=\"\" width=\"138\" height=\"193\" \/><\/p>\n<p>Palestra:\u00a0Falando sobre Rochas: aspectos importantes no estudo da mec\u00e2nica das rochas<\/p>\n<p><img class=\"alignnone wp-image-457\" src=\"http:\/\/www2.uepg.br\/bacharelado-engenharia-civil\/wp-content\/uploads\/sites\/111\/2020\/06\/palestra-rochas-300x251.jpg\" alt=\"\" width=\"149\" height=\"125\" \/><\/p>\n<p>Minicurso:\u00a0<strong>Minha Casa Minha Vida e o D\u00e9ficit Habitacional nas Cidades M\u00e9dias<\/strong><\/p>\n<p><img class=\"alignnone wp-image-450\" src=\"http:\/\/www2.uepg.br\/bacharelado-engenharia-civil\/wp-content\/uploads\/sites\/111\/2020\/06\/minicurso1-1-de-2-300x300.jpg\" alt=\"\" width=\"146\" height=\"146\" \/><\/p>\n<p>AULA 01<\/p>\n<p>AULA 02<\/p>\n<p>AULA 03<\/p>\n<p>AULA 04<\/p>\n<p>AULA 05<\/p>\n<p>AULA 06<\/p>\n<p>AULA 07<\/p>\n<p>AULA 08<\/p>\n<p>&nbsp;<\/p>\n<p>Mesa redonda:\u00a0Perspectivas de mercado para o profissional de Saneamento<\/p>\n<p><img class=\"alignnone wp-image-549\" src=\"http:\/\/www2.uepg.br\/bacharelado-engenharia-civil\/wp-content\/uploads\/sites\/111\/2020\/06\/mesa-saneamento-300x300.jpg\" alt=\"\" width=\"137\" height=\"137\" \/><\/p>\n<p>Palestra:\u00a0Geologia Ambiental aplicada \u00e0 Geologia de Engenharia<\/p>\n<p><img class=\"alignnone wp-image-561\" src=\"http:\/\/www2.uepg.br\/bacharelado-engenharia-civil\/wp-content\/uploads\/sites\/111\/2020\/06\/palestra-geologia-isonel-300x300.jpg\" alt=\"\" width=\"139\" height=\"139\" \/><\/p>\n<p>Palestra:\u00a0A import\u00e2ncia do empreendedorismo e da inova\u00e7\u00e3o no cen\u00e1rio atual<\/p>\n<p><img class=\"alignnone wp-image-663\" src=\"http:\/\/www2.uepg.br\/bacharelado-engenharia-civil\/wp-content\/uploads\/sites\/111\/2020\/06\/palestra-empreendedorismo-212x300.jpg\" alt=\"\" width=\"136\" height=\"192\" \/><\/p>\n<p>Palestra:\u00a0O mundo da consultoria em engenharia<\/p>\n<p><img class=\"alignnone wp-image-667\" src=\"http:\/\/www2.uepg.br\/bacharelado-engenharia-civil\/wp-content\/uploads\/sites\/111\/2020\/06\/palestra-consultoria-212x300.jpg\" alt=\"\" width=\"142\" height=\"201\" \/><\/p>\n<p>Palestra:\u00a0Uso de programa\u00e7\u00e3o computacional na Engenharia Civil<\/p>\n<p><img class=\"alignnone wp-image-678\" src=\"http:\/\/www2.uepg.br\/bacharelado-engenharia-civil\/wp-content\/uploads\/sites\/111\/2020\/06\/Palestra-Programa\u00e7\u00e3o-Computacional-em-Engenharia-Civil-300x300.jpeg\" alt=\"\" width=\"146\" height=\"146\" \/><\/p>\n<p>Palestra: Energias Renov\u00e1veis: Uma Perspectiva Brasil \u2013 Portugal<\/p>\n<p><img class=\"alignnone wp-image-706\" src=\"http:\/\/www2.uepg.br\/bacharelado-engenharia-civil\/wp-content\/uploads\/sites\/111\/2020\/06\/Energia-300x300.jpg\" alt=\"\" width=\"151\" height=\"151\" \/><\/p>\n<p>Encontro:\u00a01\u00ba Meet sobre Dessaliniza\u00e7\u00e3o da Regi\u00e3o de Itaja\u00ed \u2013 SC<\/p>\n<p><img class=\"alignnone wp-image-711\" src=\"http:\/\/www2.uepg.br\/bacharelado-engenharia-civil\/wp-content\/uploads\/sites\/111\/2020\/06\/Agua-300x243.jpg\" alt=\"\" width=\"152\" height=\"123\" \/><\/p>\n<p>Palestra: Patrim\u00f4nio Cultural e Desenvolvimento Urbano<\/p>\n<p><img class=\"alignnone wp-image-745\" src=\"http:\/\/www2.uepg.br\/bacharelado-engenharia-civil\/wp-content\/uploads\/sites\/111\/2020\/06\/patrimonio-cultural-300x300.jpg\" alt=\"\" width=\"160\" height=\"160\" \/><\/p>\n<p>&nbsp;<\/p>\n<p>Palestra: Dos vinte aos trinta - um bate papo sobre autoaceita\u00e7\u00e3o, autoestima e comportamento no come\u00e7o da carreira profissional<\/p>\n<p><img class=\"alignnone wp-image-736\" src=\"http:\/\/www2.uepg.br\/bacharelado-engenharia-civil\/wp-content\/uploads\/sites\/111\/2020\/06\/vinte-a-trinta-300x300.jpg\" alt=\"\" width=\"180\" height=\"180\" \/><\/p>\n<p>Mesa Redonda - Engenharia de Seguran\u00e7a em Obras de Pequeno Porte: Como Fazer?<\/p>\n<p><img class=\"alignnone wp-image-781\" src=\"http:\/\/www2.uepg.br\/bacharelado-engenharia-civil\/wp-content\/uploads\/sites\/111\/2020\/07\/engenharia-de-seguranca-300x300.jpg\" alt=\"\" width=\"181\" height=\"181\" \/><\/p>\n<p>Profissional da Engenharia Civil: O que \u00e9 essencial e o que \u00e9 diferencial no mercado de trabalho<\/p>\n<p>Carreira Acad\u00eamica<\/p>\n<p><img class=\"alignnone wp-image-783\" src=\"http:\/\/www2.uepg.br\/bacharelado-engenharia-civil\/wp-content\/uploads\/sites\/111\/2020\/07\/carraira-academica-300x300.jpg\" alt=\"\" width=\"182\" height=\"182\" \/><\/p>\n<p>Estruturas<\/p>\n<p><img class=\"alignnone wp-image-790\" src=\"http:\/\/www2.uepg.br\/bacharelado-engenharia-civil\/wp-content\/uploads\/sites\/111\/2020\/07\/estruturas-300x300.jpg\" alt=\"\" width=\"191\" height=\"191\" \/><\/p>\n<p>Projetos<\/p>\n<p><img class=\"alignnone wp-image-864\" src=\"http:\/\/www2.uepg.br\/bacharelado-engenharia-civil\/wp-content\/uploads\/sites\/111\/2020\/07\/Profissional-da-Engenharia-Projetos-300x300.jpeg\" alt=\"\" width=\"193\" height=\"193\" \/><\/p>\n<p>Gerenciamento de obras<\/p>\n<p><img class=\"alignnone wp-image-865\" src=\"http:\/\/www2.uepg.br\/bacharelado-engenharia-civil\/wp-content\/uploads\/sites\/111\/2020\/07\/Acompanhamento-e-Gerenciamento-de-Obras-300x300.jpeg\" alt=\"\" width=\"197\" height=\"197\" \/><\/p>\n<p>Palestra<\/p>\n<p><img class=\"alignnone wp-image-870\" src=\"http:\/\/www2.uepg.br\/bacharelado-engenharia-civil\/wp-content\/uploads\/sites\/111\/2020\/08\/Profissional-de-Engenharia-Civil-Geotecnia-300x300.jpeg\" alt=\"\" width=\"197\" height=\"197\" \/><\/p>\n<p>Palestra<\/p>\n<p><img class=\"alignnone wp-image-871\" src=\"http:\/\/www2.uepg.br\/bacharelado-engenharia-civil\/wp-content\/uploads\/sites\/111\/2020\/08\/Tecnologia-na-\u00e1rea-de-Projetos-BIM-e-suas-aplica\u00e7\u00f5es-pr\u00e1ticas-300x300.jpeg\" alt=\"\" width=\"198\" height=\"198\" \/><\/p>\n<p>Palestra<\/p>\n<p><img class=\"alignnone wp-image-868\" src=\"http:\/\/www2.uepg.br\/bacharelado-engenharia-civil\/wp-content\/uploads\/sites\/111\/2020\/08\/Metodologias-BIM-no-Ex\u00e9rcito-Brasileiro-300x300.jpeg\" alt=\"\" width=\"200\" height=\"200\" \/><\/p>\n<p>Palestra<\/p>\n<p><img class=\"alignnone wp-image-869\" src=\"http:\/\/www2.uepg.br\/bacharelado-engenharia-civil\/wp-content\/uploads\/sites\/111\/2020\/08\/Pretas-e-Pretos-projetando-as-cidades-Encontro-1-300x300.jpeg\" alt=\"\" width=\"204\" height=\"204\" \/><\/p>\n<p>&nbsp;<\/p>\n<p>&nbsp;<\/p>\n\t\t\t\t<\/div>\n\t\t\t<\/div>\n\t\t<\/div>\n\t\t\t<div class=\"sow-accordion-panel\"\n\t\t\t data-anchor=\"pesquisa\">\n\t\t\t\t<div class=\"sow-accordion-panel-header-container\" role=\"heading\" aria-level=\"2\">\n\t\t\t\t\t<div class=\"sow-accordion-panel-header\" tabindex=\"0\" role=\"button\" id=\"accordion-label-pesquisa\" aria-controls=\"accordion-content-pesquisa\" aria-expanded=\"false\">\n\t\t\t\t\t\t<div class=\"sow-accordion-title sow-accordion-title-icon-left\">\n\t\t\t\t\t\t\t\t\t\t\t\t\t\tPesquisa\t\t\t\t\t\t\t\t\t\t\t\t\t<\/div>\n\t\t\t\t\t\t<div class=\"sow-accordion-open-close-button\">\n\t\t\t\t\t\t\t<div class=\"sow-accordion-open-button\">\n\t\t\t\t\t\t\t\t<span class=\"sow-icon-ionicons\" data-sow-icon=\"&#xf218;\"\n\t\t \n\t\taria-hidden=\"true\"><\/span>\t\t\t\t\t\t\t<\/div>\n\t\t\t\t\t\t\t<div class=\"sow-accordion-close-button\">\n\t\t\t\t\t\t\t\t<span class=\"sow-icon-ionicons\" data-sow-icon=\"&#xf209;\"\n\t\t \n\t\taria-hidden=\"true\"><\/span>\t\t\t\t\t\t\t<\/div>\n\t\t\t\t\t\t<\/div>\n\t\t\t\t\t<\/div>\n\t\t\t\t<\/div>\n\n\t\t\t<div\n\t\t\t\tclass=\"sow-accordion-panel-content\"\n\t\t\t\trole=\"region\"\n\t\t\t\taria-labelledby=\"accordion-label-pesquisa\"\n\t\t\t\tid=\"accordion-content-pesquisa\"\n\t\t\t\tstyle=\"display: none;\"\t\t\t>\n\t\t\t\t<div class=\"sow-accordion-panel-border\" tabindex=\"0\">\n\t\t\t\t\t<p>informar sobre os projetos de pesquisa e assuntos correlatos.<\/p>\n\t\t\t\t<\/div>\n\t\t\t<\/div>\n\t\t<\/div>\n\t\t\t<div class=\"sow-accordion-panel\"\n\t\t\t data-anchor=\"produ%c3%a7%c3%b5es\">\n\t\t\t\t<div class=\"sow-accordion-panel-header-container\" role=\"heading\" aria-level=\"2\">\n\t\t\t\t\t<div class=\"sow-accordion-panel-header\" tabindex=\"0\" role=\"button\" id=\"accordion-label-produ%c3%a7%c3%b5es\" aria-controls=\"accordion-content-produ%c3%a7%c3%b5es\" aria-expanded=\"false\">\n\t\t\t\t\t\t<div class=\"sow-accordion-title sow-accordion-title-icon-left\">\n\t\t\t\t\t\t\t\t\t\t\t\t\t\tProdu\u00e7\u00f5es\t\t\t\t\t\t\t\t\t\t\t\t\t<\/div>\n\t\t\t\t\t\t<div class=\"sow-accordion-open-close-button\">\n\t\t\t\t\t\t\t<div class=\"sow-accordion-open-button\">\n\t\t\t\t\t\t\t\t<span class=\"sow-icon-ionicons\" data-sow-icon=\"&#xf218;\"\n\t\t \n\t\taria-hidden=\"true\"><\/span>\t\t\t\t\t\t\t<\/div>\n\t\t\t\t\t\t\t<div class=\"sow-accordion-close-button\">\n\t\t\t\t\t\t\t\t<span class=\"sow-icon-ionicons\" data-sow-icon=\"&#xf209;\"\n\t\t \n\t\taria-hidden=\"true\"><\/span>\t\t\t\t\t\t\t<\/div>\n\t\t\t\t\t\t<\/div>\n\t\t\t\t\t<\/div>\n\t\t\t\t<\/div>\n\n\t\t\t<div\n\t\t\t\tclass=\"sow-accordion-panel-content\"\n\t\t\t\trole=\"region\"\n\t\t\t\taria-labelledby=\"accordion-label-produ%c3%a7%c3%b5es\"\n\t\t\t\tid=\"accordion-content-produ%c3%a7%c3%b5es\"\n\t\t\t\tstyle=\"display: none;\"\t\t\t>\n\t\t\t\t<div class=\"sow-accordion-panel-border\" tabindex=\"0\">\n\t\t\t\t\t<p style=\"text-align: left\"><span style=\"color: #ff0000\">(link para as produ\u00e7\u00f5es de TCC, artigos, relat\u00f3rios de est\u00e1gios, etc)<\/span><\/p>\n\t\t\t\t<\/div>\n\t\t\t<\/div>\n\t\t<\/div>\n\t\t\t<div class=\"sow-accordion-panel\"\n\t\t\t data-anchor=\"extens%c3%a3o\">\n\t\t\t\t<div class=\"sow-accordion-panel-header-container\" role=\"heading\" aria-level=\"2\">\n\t\t\t\t\t<div class=\"sow-accordion-panel-header\" tabindex=\"0\" role=\"button\" id=\"accordion-label-extens%c3%a3o\" aria-controls=\"accordion-content-extens%c3%a3o\" aria-expanded=\"false\">\n\t\t\t\t\t\t<div class=\"sow-accordion-title sow-accordion-title-icon-left\">\n\t\t\t\t\t\t\t\t\t\t\t\t\t\tExtens\u00e3o\t\t\t\t\t\t\t\t\t\t\t\t\t<\/div>\n\t\t\t\t\t\t<div class=\"sow-accordion-open-close-button\">\n\t\t\t\t\t\t\t<div class=\"sow-accordion-open-button\">\n\t\t\t\t\t\t\t\t<span class=\"sow-icon-ionicons\" data-sow-icon=\"&#xf218;\"\n\t\t \n\t\taria-hidden=\"true\"><\/span>\t\t\t\t\t\t\t<\/div>\n\t\t\t\t\t\t\t<div class=\"sow-accordion-close-button\">\n\t\t\t\t\t\t\t\t<span class=\"sow-icon-ionicons\" data-sow-icon=\"&#xf209;\"\n\t\t \n\t\taria-hidden=\"true\"><\/span>\t\t\t\t\t\t\t<\/div>\n\t\t\t\t\t\t<\/div>\n\t\t\t\t\t<\/div>\n\t\t\t\t<\/div>\n\n\t\t\t<div\n\t\t\t\tclass=\"sow-accordion-panel-content\"\n\t\t\t\trole=\"region\"\n\t\t\t\taria-labelledby=\"accordion-label-extens%c3%a3o\"\n\t\t\t\tid=\"accordion-content-extens%c3%a3o\"\n\t\t\t\tstyle=\"display: none;\"\t\t\t>\n\t\t\t\t<div class=\"sow-accordion-panel-border\" tabindex=\"0\">\n\t\t\t\t\t<h4><strong>Projeto de Intera\u00e7\u00e3o das Engenharias e Zootecnia com o Ensino M\u00e9dio - PROENZEM (extens\u00e3o universit\u00e1ria)<\/strong><\/h4>\n<p>Este Projeto de Extens\u00e3o tem como objetivo principal despertar o interesse dos alunos do ensino m\u00e9dio pelos cursos ofertados pelo Setor das Engenharias, Agronomia e Tecnologias (SCATE), que s\u00e3o: Engenharia de Materiais, Engenharia de Alimentos, Engenharia Civil, Engenharia de Computa\u00e7\u00e3o, Engenharia de Software, Agronomia e Zootecnia.<\/p>\n<p>O objetivo \u00e9 estreitar o relacionamento entre a Universidade e os Col\u00e9gios de Ensino M\u00e9dio, mostrando as possibilidades de intera\u00e7\u00e3o que podem e devem existir. As atividades propostas nesse Programa visam estimular o aluno a conhecer e vivenciar o curso a ser realizado no Ensino Superior, antes do seu ingresso na Universidade, permitindo assim, despertar seu senso cr\u00edtico, para que ele possa tomar decis\u00f5es, qualificando-se para a escolha de uma profiss\u00e3o.<\/p>\n<p>As atividades realizadas incluem palestras, oficinas de experimenta\u00e7\u00e3o tecnol\u00f3gica e feiras de ci\u00eancias.<\/p>\n<p><a href=\"https:\/\/www.uepg.br\/uepg-participa-da-iv-feira-de-profissoes\/?fbclid=IwAR3ebua-94Outg4EKNdUTv4MgpiqR5dYaJUTdjRThOf7bHtk-6x_JqJ7BuQ\" target=\"_blank\" rel=\"noopener\">https:\/\/www.uepg.br\/uepg-participa-da-iv-feira-de-profissoes\/?fbclid=IwAR3ebua-94Outg4EKNdUTv4MgpiqR5dYaJUTdjRThOf7bHtk-6x_JqJ7BuQ<\/a><\/p>\n\t\t\t\t<\/div>\n\t\t\t<\/div>\n\t\t<\/div>\n\t\t\t<div class=\"sow-accordion-panel\"\n\t\t\t data-anchor=\"publica%c3%a7%c3%b5es-na-%c3%a1rea\">\n\t\t\t\t<div class=\"sow-accordion-panel-header-container\" role=\"heading\" aria-level=\"2\">\n\t\t\t\t\t<div class=\"sow-accordion-panel-header\" tabindex=\"0\" role=\"button\" id=\"accordion-label-publica%c3%a7%c3%b5es-na-%c3%a1rea\" aria-controls=\"accordion-content-publica%c3%a7%c3%b5es-na-%c3%a1rea\" aria-expanded=\"false\">\n\t\t\t\t\t\t<div class=\"sow-accordion-title sow-accordion-title-icon-left\">\n\t\t\t\t\t\t\t\t\t\t\t\t\t\tPublica\u00e7\u00f5es na \u00e1rea\t\t\t\t\t\t\t\t\t\t\t\t\t<\/div>\n\t\t\t\t\t\t<div class=\"sow-accordion-open-close-button\">\n\t\t\t\t\t\t\t<div class=\"sow-accordion-open-button\">\n\t\t\t\t\t\t\t\t<span class=\"sow-icon-ionicons\" data-sow-icon=\"&#xf218;\"\n\t\t \n\t\taria-hidden=\"true\"><\/span>\t\t\t\t\t\t\t<\/div>\n\t\t\t\t\t\t\t<div class=\"sow-accordion-close-button\">\n\t\t\t\t\t\t\t\t<span class=\"sow-icon-ionicons\" data-sow-icon=\"&#xf209;\"\n\t\t \n\t\taria-hidden=\"true\"><\/span>\t\t\t\t\t\t\t<\/div>\n\t\t\t\t\t\t<\/div>\n\t\t\t\t\t<\/div>\n\t\t\t\t<\/div>\n\n\t\t\t<div\n\t\t\t\tclass=\"sow-accordion-panel-content\"\n\t\t\t\trole=\"region\"\n\t\t\t\taria-labelledby=\"accordion-label-publica%c3%a7%c3%b5es-na-%c3%a1rea\"\n\t\t\t\tid=\"accordion-content-publica%c3%a7%c3%b5es-na-%c3%a1rea\"\n\t\t\t\tstyle=\"display: none;\"\t\t\t>\n\t\t\t\t<div class=\"sow-accordion-panel-border\" tabindex=\"0\">\n\t\t\t\t\t<p><span style=\"color: #ff0000\">(links para revistas e anais de congressos)<\/span><\/p>\n\t\t\t\t<\/div>\n\t\t\t<\/div>\n\t\t<\/div>\n\t\t\t<div class=\"sow-accordion-panel\"\n\t\t\t data-anchor=\"orienta%c3%a7%c3%b5es\">\n\t\t\t\t<div class=\"sow-accordion-panel-header-container\" role=\"heading\" aria-level=\"2\">\n\t\t\t\t\t<div class=\"sow-accordion-panel-header\" tabindex=\"0\" role=\"button\" id=\"accordion-label-orienta%c3%a7%c3%b5es\" aria-controls=\"accordion-content-orienta%c3%a7%c3%b5es\" aria-expanded=\"false\">\n\t\t\t\t\t\t<div class=\"sow-accordion-title sow-accordion-title-icon-left\">\n\t\t\t\t\t\t\t\t\t\t\t\t\t\tOrienta\u00e7\u00f5es\t\t\t\t\t\t\t\t\t\t\t\t\t<\/div>\n\t\t\t\t\t\t<div class=\"sow-accordion-open-close-button\">\n\t\t\t\t\t\t\t<div class=\"sow-accordion-open-button\">\n\t\t\t\t\t\t\t\t<span class=\"sow-icon-ionicons\" data-sow-icon=\"&#xf218;\"\n\t\t \n\t\taria-hidden=\"true\"><\/span>\t\t\t\t\t\t\t<\/div>\n\t\t\t\t\t\t\t<div class=\"sow-accordion-close-button\">\n\t\t\t\t\t\t\t\t<span class=\"sow-icon-ionicons\" data-sow-icon=\"&#xf209;\"\n\t\t \n\t\taria-hidden=\"true\"><\/span>\t\t\t\t\t\t\t<\/div>\n\t\t\t\t\t\t<\/div>\n\t\t\t\t\t<\/div>\n\t\t\t\t<\/div>\n\n\t\t\t<div\n\t\t\t\tclass=\"sow-accordion-panel-content\"\n\t\t\t\trole=\"region\"\n\t\t\t\taria-labelledby=\"accordion-label-orienta%c3%a7%c3%b5es\"\n\t\t\t\tid=\"accordion-content-orienta%c3%a7%c3%b5es\"\n\t\t\t\tstyle=\"display: none;\"\t\t\t>\n\t\t\t\t<div class=\"sow-accordion-panel-border\" tabindex=\"0\">\n\t\t\t\t\t<p>informe as principais orienta\u00e7\u00f5es aos interessados.<\/p>\n\t\t\t\t<\/div>\n\t\t\t<\/div>\n\t\t<\/div>\n\t\t<\/div>\n<\/div>\n<\/div><\/div><\/div><\/div><\/div>","protected":false},"excerpt":{"rendered":"<p>Eventos &nbsp; &nbsp; &nbsp; &nbsp; &nbsp; &nbsp; &nbsp; &nbsp; &nbsp; &nbsp; &nbsp; Cursos da UEPG marcam presen\u00e7a em Feira de Profiss\u00f5es &nbsp; &nbsp; &nbsp; &nbsp; &nbsp; &nbsp; &nbsp; &nbsp; &nbsp; &nbsp; &nbsp; Palestra: Acolhida dos Calouros de Engenharia Civil &#8211; 2021 &nbsp; &nbsp; &nbsp; &nbsp; &nbsp; Palestra: Webinar Crea-Pr e UEPG: Aspectos do exerc\u00edcio profissional&nbsp;&hellip;<\/p>\n","protected":false},"author":24,"featured_media":1034,"parent":0,"menu_order":0,"comment_status":"closed","ping_status":"closed","template":"","meta":[],"_links":{"self":[{"href":"https:\/\/www2.uepg.br\/bacharelado-engenharia-civil\/wp-json\/wp\/v2\/pages\/307"}],"collection":[{"href":"https:\/\/www2.uepg.br\/bacharelado-engenharia-civil\/wp-json\/wp\/v2\/pages"}],"about":[{"href":"https:\/\/www2.uepg.br\/bacharelado-engenharia-civil\/wp-json\/wp\/v2\/types\/page"}],"author":[{"embeddable":true,"href":"https:\/\/www2.uepg.br\/bacharelado-engenharia-civil\/wp-json\/wp\/v2\/users\/24"}],"replies":[{"embeddable":true,"href":"https:\/\/www2.uepg.br\/bacharelado-engenharia-civil\/wp-json\/wp\/v2\/comments?post=307"}],"version-history":[{"count":123,"href":"https:\/\/www2.uepg.br\/bacharelado-engenharia-civil\/wp-json\/wp\/v2\/pages\/307\/revisions"}],"predecessor-version":[{"id":1257,"href":"https:\/\/www2.uepg.br\/bacharelado-engenharia-civil\/wp-json\/wp\/v2\/pages\/307\/revisions\/1257"}],"wp:featuredmedia":[{"embeddable":true,"href":"https:\/\/www2.uepg.br\/bacharelado-engenharia-civil\/wp-json\/wp\/v2\/media\/1034"}],"wp:attachment":[{"href":"https:\/\/www2.uepg.br\/bacharelado-engenharia-civil\/wp-json\/wp\/v2\/media?parent=307"}],"curies":[{"name":"wp","href":"https:\/\/api.w.org\/{rel}","templated":true}]}}