{"id":287,"date":"2020-03-05T16:03:55","date_gmt":"2020-03-05T19:03:55","guid":{"rendered":"http:\/\/www2.uepg.br\/testes\/?page_id=287"},"modified":"2024-12-17T10:26:04","modified_gmt":"2024-12-17T13:26:04","slug":"grade-curricular","status":"publish","type":"page","link":"https:\/\/www2.uepg.br\/bacharelado-engenharia-computacao\/grade-curricular\/","title":{"rendered":"Grade curricular"},"content":{"rendered":"<p>Estes dados est\u00e3o dispon\u00edveis nos PCC do curso de Engenharia de Computa\u00e7\u00e3o.<\/p>\n<h2 style=\"text-align: center\"><strong>Curr\u00edculo 3<\/strong><\/h2>\n<p><img loading=\"lazy\" class=\"alignnone size-full wp-image-527\" src=\"http:\/\/www2.uepg.br\/bacharelado-engenharia-computacao\/wp-content\/uploads\/sites\/96\/2024\/12\/3_1sem.png\" alt=\"\" width=\"1277\" height=\"520\" \/> <img loading=\"lazy\" class=\"alignnone size-full wp-image-528\" src=\"http:\/\/www2.uepg.br\/bacharelado-engenharia-computacao\/wp-content\/uploads\/sites\/96\/2024\/12\/3_2sem.png\" alt=\"\" width=\"1453\" height=\"768\" \/><\/p>\n<p>&nbsp;<\/p>\n<h2 style=\"text-align: center\"><strong>Curr\u00edculo 4<\/strong><\/h2>\n<p><img loading=\"lazy\" class=\"alignnone size-full wp-image-529\" src=\"http:\/\/www2.uepg.br\/bacharelado-engenharia-computacao\/wp-content\/uploads\/sites\/96\/2024\/12\/4_1sem.png\" alt=\"\" width=\"1276\" height=\"477\" \/> <img loading=\"lazy\" class=\"alignnone size-full wp-image-530\" src=\"http:\/\/www2.uepg.br\/bacharelado-engenharia-computacao\/wp-content\/uploads\/sites\/96\/2024\/12\/4_2sem.png\" alt=\"\" width=\"1291\" height=\"809\" \/><\/p>\n","protected":false},"excerpt":{"rendered":"<p>Estes dados est\u00e3o dispon\u00edveis nos PCC do curso de Engenharia de Computa\u00e7\u00e3o. Curr\u00edculo 3 &nbsp; Curr\u00edculo 4<\/p>\n","protected":false},"author":24,"featured_media":0,"parent":0,"menu_order":0,"comment_status":"closed","ping_status":"closed","template":"","meta":[],"_links":{"self":[{"href":"https:\/\/www2.uepg.br\/bacharelado-engenharia-computacao\/wp-json\/wp\/v2\/pages\/287"}],"collection":[{"href":"https:\/\/www2.uepg.br\/bacharelado-engenharia-computacao\/wp-json\/wp\/v2\/pages"}],"about":[{"href":"https:\/\/www2.uepg.br\/bacharelado-engenharia-computacao\/wp-json\/wp\/v2\/types\/page"}],"author":[{"embeddable":true,"href":"https:\/\/www2.uepg.br\/bacharelado-engenharia-computacao\/wp-json\/wp\/v2\/users\/24"}],"replies":[{"embeddable":true,"href":"https:\/\/www2.uepg.br\/bacharelado-engenharia-computacao\/wp-json\/wp\/v2\/comments?post=287"}],"version-history":[{"count":6,"href":"https:\/\/www2.uepg.br\/bacharelado-engenharia-computacao\/wp-json\/wp\/v2\/pages\/287\/revisions"}],"predecessor-version":[{"id":532,"href":"https:\/\/www2.uepg.br\/bacharelado-engenharia-computacao\/wp-json\/wp\/v2\/pages\/287\/revisions\/532"}],"wp:attachment":[{"href":"https:\/\/www2.uepg.br\/bacharelado-engenharia-computacao\/wp-json\/wp\/v2\/media?parent=287"}],"curies":[{"name":"wp","href":"https:\/\/api.w.org\/{rel}","templated":true}]}}