{"id":521,"date":"2021-11-04T15:10:39","date_gmt":"2021-11-04T18:10:39","guid":{"rendered":"https:\/\/www2.uepg.br\/bacharelado-jornalismo\/?page_id=521"},"modified":"2023-02-16T11:43:44","modified_gmt":"2023-02-16T14:43:44","slug":"gemidi","status":"publish","type":"page","link":"https:\/\/www2.uepg.br\/bacharelado-jornalismo\/gemidi\/","title":{"rendered":"GEMIDI"},"content":{"rendered":"<p><b>\u00a0 \u00a0 \u00a0 \u00a0 \u00a0 \u00a0 \u00a0GEMIDI\u00a0<\/b><\/p>\n<p><span style=\"font-weight: 400\">\u00a0 \u00a0 \u00a0 \u00a0 \u00a0 \u00a0 \u00a0 O Grupo de Estudos e Pesquisa em M\u00eddias Digitais (GEMIDI) \u00e9 coordenado pelos professores Graziela Bianchi e Ivan Bonfim. Fundado no ano de 2007 pela professora Maria L\u00facia Becker, o GEMIDI \u00e9 um grupo de pesquisa do curso voltado para o estudo do\u00a0 Jornalismo e temas relacionados a converg\u00eancia tecnol\u00f3gica, como o ciberjornalismo, a converg\u00eancia digital, a cibercultura, o jornalismo hiperm\u00eddia entre outros temas relacionados \u00e0 apropria\u00e7\u00e3o tecnol\u00f3gica.\u00a0<\/span><\/p>\n<p><span style=\"font-weight: 400\">\u00a0 \u00a0 \u00a0 \u00a0 \u00a0 \u00a0 \u00a0 Os objetivos espec\u00edficos do grupo incluem sistematizar e refletir sobre a rela\u00e7\u00e3o entre a sociedade com a cibercultura; estudar tudo aquilo que se relaciona com o jornalismo digital e o desenvolvimento dessa \u00e1rea nos \u00faltimos anos; vislumbrar possibilidades de atua\u00e7\u00e3o do jornalismo frente a proposi\u00e7\u00f5es e desafios colocados pela cultura digital. <\/span><span style=\"font-weight: 400\">\u00c9 integrado por alunos da gradua\u00e7\u00e3o, p\u00f3s-graduandos da UEPG e de outras institui\u00e7\u00f5es e professores do departamento.<\/span><\/p>\n<p><span style=\"font-weight: 400\"><strong>\u00a0 \u00a0 \u00a0 \u00a0 \u00a0 \u00a0 \u00a0Espelho CNPq:<\/strong>\u00a0<\/span><a href=\"https:\/\/dgp.cnpq.br\/dgp\/espelhogrupo\/2379177859959566\"><span style=\"font-weight: 400\">ttps:\/\/dgp.cnpq.br\/dgp\/espelhogrupo\/2379177859959566<\/span><\/a><span style=\"font-weight: 400\">\u00a0<\/span><\/p>\n","protected":false},"excerpt":{"rendered":"<p>\u00a0 \u00a0 \u00a0 \u00a0 \u00a0 \u00a0 \u00a0GEMIDI\u00a0 \u00a0 \u00a0 \u00a0 \u00a0 \u00a0 \u00a0 \u00a0 O Grupo de Estudos e Pesquisa em M\u00eddias Digitais (GEMIDI) \u00e9 coordenado pelos professores Graziela Bianchi e Ivan Bonfim. Fundado no ano de 2007 pela professora Maria L\u00facia Becker, o GEMIDI \u00e9 um grupo de pesquisa do curso voltado para o&nbsp;&hellip;<\/p>\n","protected":false},"author":378,"featured_media":0,"parent":0,"menu_order":0,"comment_status":"closed","ping_status":"closed","template":"","meta":[],"_links":{"self":[{"href":"https:\/\/www2.uepg.br\/bacharelado-jornalismo\/wp-json\/wp\/v2\/pages\/521"}],"collection":[{"href":"https:\/\/www2.uepg.br\/bacharelado-jornalismo\/wp-json\/wp\/v2\/pages"}],"about":[{"href":"https:\/\/www2.uepg.br\/bacharelado-jornalismo\/wp-json\/wp\/v2\/types\/page"}],"author":[{"embeddable":true,"href":"https:\/\/www2.uepg.br\/bacharelado-jornalismo\/wp-json\/wp\/v2\/users\/378"}],"replies":[{"embeddable":true,"href":"https:\/\/www2.uepg.br\/bacharelado-jornalismo\/wp-json\/wp\/v2\/comments?post=521"}],"version-history":[{"count":6,"href":"https:\/\/www2.uepg.br\/bacharelado-jornalismo\/wp-json\/wp\/v2\/pages\/521\/revisions"}],"predecessor-version":[{"id":701,"href":"https:\/\/www2.uepg.br\/bacharelado-jornalismo\/wp-json\/wp\/v2\/pages\/521\/revisions\/701"}],"wp:attachment":[{"href":"https:\/\/www2.uepg.br\/bacharelado-jornalismo\/wp-json\/wp\/v2\/media?parent=521"}],"curies":[{"name":"wp","href":"https:\/\/api.w.org\/{rel}","templated":true}]}}