{"id":547,"date":"2021-11-04T15:15:24","date_gmt":"2021-11-04T18:15:24","guid":{"rendered":"https:\/\/www2.uepg.br\/bacharelado-jornalismo\/?page_id=547"},"modified":"2023-02-16T11:14:14","modified_gmt":"2023-02-16T14:14:14","slug":"cultura-plural","status":"publish","type":"page","link":"https:\/\/www2.uepg.br\/bacharelado-jornalismo\/cultura-plural\/","title":{"rendered":"Cultura Plural"},"content":{"rendered":"<p><b>\u00a0 \u00a0 \u00a0 \u00a0 \u00a0 \u00a0 \u00a0CULTURA PLURAL\u00a0<\/b><\/p>\n<p><span style=\"font-weight: 400\">\u00a0 \u00a0 \u00a0 \u00a0 \u00a0 \u00a0 \u00a0 Criado com apoio da Funarte (Minist\u00e9rio da Cultura), em agosto de 2011, o projeto busca visibilizar manifesta\u00e7\u00f5es culturais realizadas por artistas e grupos populares de Ponta Grossa e regi\u00e3o dos Campos Gerais do Paran\u00e1, atrav\u00e9s da pr\u00e1tica extensionista e jornal\u00edstica.<\/span><\/p>\n<p><span style=\"font-weight: 400\">\u00a0 \u00a0 \u00a0 \u00a0 \u00a0 \u00a0 \u00a0 \u00a0Em seu site (<\/span><a href=\"https:\/\/culturaplural.sites.uepg.br\/\"><span style=\"font-weight: 400\">culturaplural.sites.uepg.br\/<\/span><\/a><span style=\"font-weight: 400\">), s\u00e3o publicados reportagens, v\u00eddeos, fotografias e conte\u00fado multim\u00eddia com tem\u00e1ticas culturais, que contribuem para a mem\u00f3ria e difus\u00e3o da cultura regional no ambiente digital. O projeto tamb\u00e9m realiza a\u00e7\u00f5es nas redes sociais, como entrevistas ao vivo e a divulga\u00e7\u00e3o da agenda cultural da semana.<\/span><\/p>\n<p><span style=\"font-weight: 400\">\u00a0 \u00a0 \u00a0 \u00a0 \u00a0 \u00a0 \u00a0 \u00a0Por meio de parcerias com artistas e grupos locais, o Cultura Plural promove iniciativas na \u00e1rea cultural, como feiras e mostras de filmes e document\u00e1rios. Essas a\u00e7\u00f5es visam aproximar a extens\u00e3o da comunidade e valorizar as diferentes faces da cultura nos Campos Gerais.<\/span><\/p>\n<p><span style=\"font-weight: 400\">\u00a0 \u00a0 \u00a0 \u00a0 \u00a0 \u00a0 \u00a0 \u00a0O projeto de extens\u00e3o possui v\u00ednculo com o grupo de pesquisa Jornalismo Cultural e Folkcomunica\u00e7\u00e3o, do Mestrado em Jornalismo da UEPG. Uma das contribui\u00e7\u00f5es dessa parceria \u00e9 o conhecimento da realidade local, que perpassa temas de pesquisa e a\u00e7\u00f5es extensionistas na \u00e1rea da cultura.<\/span><\/p>\n<p><strong>\u00a0 \u00a0 \u00a0 \u00a0 \u00a0 \u00a0 \u00a0 Site e Redes Sociais:\u00a0<\/strong><\/p>\n<ul>\n<li><span style=\"font-weight: 400\">Site: <\/span><a href=\"https:\/\/culturaplural.sites.uepg.br\/\"><span style=\"font-weight: 400\">https:\/\/culturaplural.sites.uepg.br\/<\/span><\/a><\/li>\n<li>Instagram: <a href=\"https:\/\/www.instagram.com\/culturaplural\/\"><span>@culturaplural<\/span><\/a><\/li>\n<li>Twitter: <a href=\"https:\/\/twitter.com\/culturaplural\"><span>@culturaplural<\/span><\/a><\/li>\n<\/ul>\n","protected":false},"excerpt":{"rendered":"<p>\u00a0 \u00a0 \u00a0 \u00a0 \u00a0 \u00a0 \u00a0CULTURA PLURAL\u00a0 \u00a0 \u00a0 \u00a0 \u00a0 \u00a0 \u00a0 \u00a0 Criado com apoio da Funarte (Minist\u00e9rio da Cultura), em agosto de 2011, o projeto busca visibilizar manifesta\u00e7\u00f5es culturais realizadas por artistas e grupos populares de Ponta Grossa e regi\u00e3o dos Campos Gerais do Paran\u00e1, atrav\u00e9s da pr\u00e1tica extensionista e jornal\u00edstica.&nbsp;&hellip;<\/p>\n","protected":false},"author":378,"featured_media":0,"parent":0,"menu_order":0,"comment_status":"closed","ping_status":"closed","template":"","meta":[],"_links":{"self":[{"href":"https:\/\/www2.uepg.br\/bacharelado-jornalismo\/wp-json\/wp\/v2\/pages\/547"}],"collection":[{"href":"https:\/\/www2.uepg.br\/bacharelado-jornalismo\/wp-json\/wp\/v2\/pages"}],"about":[{"href":"https:\/\/www2.uepg.br\/bacharelado-jornalismo\/wp-json\/wp\/v2\/types\/page"}],"author":[{"embeddable":true,"href":"https:\/\/www2.uepg.br\/bacharelado-jornalismo\/wp-json\/wp\/v2\/users\/378"}],"replies":[{"embeddable":true,"href":"https:\/\/www2.uepg.br\/bacharelado-jornalismo\/wp-json\/wp\/v2\/comments?post=547"}],"version-history":[{"count":6,"href":"https:\/\/www2.uepg.br\/bacharelado-jornalismo\/wp-json\/wp\/v2\/pages\/547\/revisions"}],"predecessor-version":[{"id":834,"href":"https:\/\/www2.uepg.br\/bacharelado-jornalismo\/wp-json\/wp\/v2\/pages\/547\/revisions\/834"}],"wp:attachment":[{"href":"https:\/\/www2.uepg.br\/bacharelado-jornalismo\/wp-json\/wp\/v2\/media?parent=547"}],"curies":[{"name":"wp","href":"https:\/\/api.w.org\/{rel}","templated":true}]}}