{"id":664,"date":"2022-11-01T08:39:26","date_gmt":"2022-11-01T11:39:26","guid":{"rendered":"https:\/\/www2.uepg.br\/bacharelado-jornalismo\/?page_id=664"},"modified":"2023-02-16T11:29:58","modified_gmt":"2023-02-16T14:29:58","slug":"foca-play","status":"publish","type":"page","link":"https:\/\/www2.uepg.br\/bacharelado-jornalismo\/foca-play\/","title":{"rendered":"Foca Play"},"content":{"rendered":"<p><b>\u00a0 \u00a0 \u00a0 \u00a0 \u00a0 \u00a0 \u00a0FOCA PLAY<\/b><span style=\"font-weight: 400\">\u00a0<\/span><\/p>\n<p><span style=\"font-weight: 400\">\u00a0 \u00a0 \u00a0 \u00a0 \u00a0 \u00a0 \u00a0 FocaPlay \u00e9 uma plataforma de streaming gratuito e colaborativa que tem por finalidade compartilhar e fomentar a cultura local, abrindo espa\u00e7o \u00e0 divulga\u00e7\u00e3o de produ\u00e7\u00f5es do curso de Jornalismo da Universidade Estadual de Ponta Grossa e para produ\u00e7\u00f5es de est\u00fadios parceiros em todo o pa\u00eds. A proposta engloba tamb\u00e9m produ\u00e7\u00f5es aut\u00f4nomas que estejam em conformidade com as diretrizes culturais do projeto e que sejam de livre distribui\u00e7\u00e3o.<\/span><\/p>\n<p><span style=\"font-weight: 400\">\u00a0 \u00a0 \u00a0 \u00a0 \u00a0 \u00a0 \u00a0O FocaPlay surgiu do projeto de extens\u00e3o Foca Foto, tamb\u00e9m do curso de Jornalismo da UEPG, e foi idealizado pelo acad\u00eamico Heryvelton Martins sob a supervis\u00e3o do Professor Carlos Alberto de Souza. Posteriormente o FocaPlay foi transferido para o projeto de pesquisa &#8220;O conhecimento do jornalismo e os processos de produ\u00e7\u00e3o jornal\u00edstica&#8221;, o qual segue sob a supervis\u00e3o do professor Felipe Pontes. <\/span><span style=\"font-weight: 400\">A plataforma est\u00e1 dispon\u00edvel na internet de forma gratuita em todos os dispositivos compat\u00edveis que tenham acesso a internet.<\/span><\/p>\n<p><strong>\u00a0 \u00a0 \u00a0 \u00a0 \u00a0 \u00a0 Site e Redes Sociais:\u00a0<\/strong><\/p>\n<ul>\n<li>Site:\u00a0<a href=\"https:\/\/focaplay.com.br\/.\">https:\/\/focaplay.com.br\/.<\/a><\/li>\n<li>Instagram:\u00a0<a href=\"https:\/\/www.instagram.com\/focaplayuepg\/\">https:\/\/www.instagram.com\/focaplayuepg\/<\/a><\/li>\n<li>Twitter:\u00a0<a href=\"https:\/\/twitter.com\/FocaPlayUEPG\">https:\/\/twitter.com\/FocaPlayUEPG<\/a><\/li>\n<\/ul>\n","protected":false},"excerpt":{"rendered":"<p>\u00a0 \u00a0 \u00a0 \u00a0 \u00a0 \u00a0 \u00a0FOCA PLAY\u00a0 \u00a0 \u00a0 \u00a0 \u00a0 \u00a0 \u00a0 \u00a0 FocaPlay \u00e9 uma plataforma de streaming gratuito e colaborativa que tem por finalidade compartilhar e fomentar a cultura local, abrindo espa\u00e7o \u00e0 divulga\u00e7\u00e3o de produ\u00e7\u00f5es do curso de Jornalismo da Universidade Estadual de Ponta Grossa e para produ\u00e7\u00f5es de est\u00fadios&nbsp;&hellip;<\/p>\n","protected":false},"author":378,"featured_media":0,"parent":0,"menu_order":0,"comment_status":"closed","ping_status":"closed","template":"","meta":[],"_links":{"self":[{"href":"https:\/\/www2.uepg.br\/bacharelado-jornalismo\/wp-json\/wp\/v2\/pages\/664"}],"collection":[{"href":"https:\/\/www2.uepg.br\/bacharelado-jornalismo\/wp-json\/wp\/v2\/pages"}],"about":[{"href":"https:\/\/www2.uepg.br\/bacharelado-jornalismo\/wp-json\/wp\/v2\/types\/page"}],"author":[{"embeddable":true,"href":"https:\/\/www2.uepg.br\/bacharelado-jornalismo\/wp-json\/wp\/v2\/users\/378"}],"replies":[{"embeddable":true,"href":"https:\/\/www2.uepg.br\/bacharelado-jornalismo\/wp-json\/wp\/v2\/comments?post=664"}],"version-history":[{"count":7,"href":"https:\/\/www2.uepg.br\/bacharelado-jornalismo\/wp-json\/wp\/v2\/pages\/664\/revisions"}],"predecessor-version":[{"id":842,"href":"https:\/\/www2.uepg.br\/bacharelado-jornalismo\/wp-json\/wp\/v2\/pages\/664\/revisions\/842"}],"wp:attachment":[{"href":"https:\/\/www2.uepg.br\/bacharelado-jornalismo\/wp-json\/wp\/v2\/media?parent=664"}],"curies":[{"name":"wp","href":"https:\/\/api.w.org\/{rel}","templated":true}]}}