{"id":666,"date":"2022-11-01T08:39:26","date_gmt":"2022-11-01T11:39:26","guid":{"rendered":"https:\/\/www2.uepg.br\/bacharelado-jornalismo\/?page_id=666"},"modified":"2023-02-16T11:10:29","modified_gmt":"2023-02-16T14:10:29","slug":"cajor","status":"publish","type":"page","link":"https:\/\/www2.uepg.br\/bacharelado-jornalismo\/cajor\/","title":{"rendered":"CAJOR"},"content":{"rendered":"<p><b>\u00a0 \u00a0 \u00a0 \u00a0 \u00a0 \u00a0 \u00a0CENTRO ACAD\u00caMICO JO\u00c3O DO RIO<\/b><\/p>\n<p><span style=\"font-weight: 400\">\u00a0 \u00a0 \u00a0 \u00a0 \u00a0 \u00a0 \u00a0 O Centro Acad\u00eamico Jo\u00e3o do Rio (Cajor) \u00e9 um \u00f3rg\u00e3o representativo dos discentes do curso de Jornalismo da Universidade Estadual de Ponta Grossa. Al\u00e9m de representar os acad\u00eamicos, o Cajor \u00e9 respons\u00e1vel por organizar eventos tradicionais no curso de Jornalismo, como a Semana de Integra\u00e7\u00e3o e Resist\u00eancia, e a Semana de Comunica\u00e7\u00e3o.\u00a0<\/span><\/p>\n<p><span style=\"font-weight: 400\">\u00a0 \u00a0 \u00a0 \u00a0 \u00a0 \u00a0 \u00a0 A Semana de Integra\u00e7\u00e3o da Resist\u00eancia contra o Desmonte da Universidade surgiu em 2004, como meio de protestar contra o corte de verbas do governo estadual e a n\u00e3o-admiss\u00e3o de novos professores que atingiram as universidades estaduais do Paran\u00e1, assim como a UEPG.\u00a0<\/span><\/p>\n<p><span style=\"font-weight: 400\">\u00a0 \u00a0 \u00a0 \u00a0 \u00a0 \u00a0 \u00a0 O Centro Acad\u00eamico Jo\u00e3o do Rio possui um site, o Cajor Online, criado no ano de 2011. O portal cont\u00e9m atualiza\u00e7\u00f5es sobre assuntos do curso e pode ser acessado atrav\u00e9s do link <\/span><a href=\"http:\/\/cajoronline.blogspot.com\/\"><span style=\"font-weight: 400\">http:\/\/cajoronline.blogspot.com\/<\/span><\/a><span style=\"font-weight: 400\">.\u00a0<\/span><\/p>\n","protected":false},"excerpt":{"rendered":"<p>\u00a0 \u00a0 \u00a0 \u00a0 \u00a0 \u00a0 \u00a0CENTRO ACAD\u00caMICO JO\u00c3O DO RIO \u00a0 \u00a0 \u00a0 \u00a0 \u00a0 \u00a0 \u00a0 O Centro Acad\u00eamico Jo\u00e3o do Rio (Cajor) \u00e9 um \u00f3rg\u00e3o representativo dos discentes do curso de Jornalismo da Universidade Estadual de Ponta Grossa. Al\u00e9m de representar os acad\u00eamicos, o Cajor \u00e9 respons\u00e1vel por organizar eventos tradicionais no&nbsp;&hellip;<\/p>\n","protected":false},"author":378,"featured_media":0,"parent":0,"menu_order":0,"comment_status":"closed","ping_status":"closed","template":"","meta":[],"_links":{"self":[{"href":"https:\/\/www2.uepg.br\/bacharelado-jornalismo\/wp-json\/wp\/v2\/pages\/666"}],"collection":[{"href":"https:\/\/www2.uepg.br\/bacharelado-jornalismo\/wp-json\/wp\/v2\/pages"}],"about":[{"href":"https:\/\/www2.uepg.br\/bacharelado-jornalismo\/wp-json\/wp\/v2\/types\/page"}],"author":[{"embeddable":true,"href":"https:\/\/www2.uepg.br\/bacharelado-jornalismo\/wp-json\/wp\/v2\/users\/378"}],"replies":[{"embeddable":true,"href":"https:\/\/www2.uepg.br\/bacharelado-jornalismo\/wp-json\/wp\/v2\/comments?post=666"}],"version-history":[{"count":3,"href":"https:\/\/www2.uepg.br\/bacharelado-jornalismo\/wp-json\/wp\/v2\/pages\/666\/revisions"}],"predecessor-version":[{"id":831,"href":"https:\/\/www2.uepg.br\/bacharelado-jornalismo\/wp-json\/wp\/v2\/pages\/666\/revisions\/831"}],"wp:attachment":[{"href":"https:\/\/www2.uepg.br\/bacharelado-jornalismo\/wp-json\/wp\/v2\/media?parent=666"}],"curies":[{"name":"wp","href":"https:\/\/api.w.org\/{rel}","templated":true}]}}