{"id":667,"date":"2022-11-01T08:39:26","date_gmt":"2022-11-01T11:39:26","guid":{"rendered":"https:\/\/www2.uepg.br\/bacharelado-jornalismo\/?page_id=667"},"modified":"2023-02-16T11:09:00","modified_gmt":"2023-02-16T14:09:00","slug":"atletica","status":"publish","type":"page","link":"https:\/\/www2.uepg.br\/bacharelado-jornalismo\/atletica\/","title":{"rendered":"Atl\u00e9tica"},"content":{"rendered":"<p><b>\u00a0 \u00a0 \u00a0 \u00a0 \u00a0 \u00a0 \u00a0ASSOCIA\u00c7\u00c3O ATL\u00c9TICA DE JORNALISMO \u2013 AAJ<\/b><\/p>\n<p><span style=\"font-weight: 400\">\u00a0 \u00a0 \u00a0 \u00a0 \u00a0 \u00a0 \u00a0 A Associa\u00e7\u00e3o Atl\u00e9tica de Jornalismo (AAJ) nasceu em 06 de abril de 2009 e foi batizada com o nome Coringa\u00e7o. O nome se deve ao fato do mascote da atl\u00e9tica ter como mascote o Coringa. Uma atl\u00e9tica universit\u00e1ria tem a fun\u00e7\u00e3o de integrar os alunos com atividades esportivas, festas e eventos sociais.\u00a0<\/span><\/p>\n<p>&nbsp;<\/p>\n<p><b>\u00a0 \u00a0 \u00a0 \u00a0 \u00a0 \u00a0 \u00a0O ROXO<\/b><\/p>\n<p><span style=\"font-weight: 400\">\u00a0 \u00a0 \u00a0 \u00a0 \u00a0 \u00a0 \u00a0A cor roxa foi escolhida por conta de que na \u00e9poca houve um pedido da Liga das Atl\u00e9ticas de Ponta Grossa (LAPG), para que se alguma nova atl\u00e9tica surgisse, escolhesse uma cor diferente das que j\u00e1 estavam sob uso das atl\u00e9ticas j\u00e1 existentes. Como o roxo era uma cor que ainda n\u00e3o pintava nenhuma atl\u00e9tica, e tamb\u00e9m \u00e9 a cor do Coringa, o roxo foi selecionado pela primeira diretoria da AAJ.<\/span><\/p>\n<p>&nbsp;<\/p>\n<p><b>\u00a0 \u00a0 \u00a0 \u00a0 \u00a0 \u00a0 \u00a0O MASCOTE<\/b><\/p>\n<p><span style=\"font-weight: 400\">\u00a0 \u00a0 \u00a0 \u00a0 \u00a0 \u00a0 \u00a0O coringa foi escolhido como mascote por conta de uma conversa em uma festa universit\u00e1ria.\u00a0 Alguns estudantes do curso na \u00e9poca estavam em um debate sobre a possibilidade da cria\u00e7\u00e3o de uma atl\u00e9tica. Por meio de uma atl\u00e9tica, o curso de jornalismo se colocaria em competi\u00e7\u00f5es esportivas e festas universit\u00e1rias. Eis que pelas tantas da madrugada um estudante do curso chega para os demais e diz: \u201cestou mais louco que o Batman\u201d. Automaticamente, todos que ali estavam ligaram a frase ao Coringa. Na semana seguinte a Associa\u00e7\u00e3o Atl\u00e9tica de Jornalismo foi criada com um nome que exaltava o pr\u00f3prio mascote: Coringa\u00e7o.<\/span><\/p>\n<p>&nbsp;<\/p>\n<p><b>\u00a0 \u00a0 \u00a0 \u00a0 \u00a0 \u00a0 REDES SOCIAIS<\/b><\/p>\n<p><span style=\"font-weight: 400\">\u00a0 \u00a0 \u00a0 \u00a0 \u00a0 \u00a0 \u00a0A AAJ Coringa\u00e7o est\u00e1 presente nas redes sociais como <\/span><a href=\"https:\/\/www.instagram.com\/aajcoringaco\/\"><span style=\"font-weight: 400\">@aajcoringaco<\/span><\/a><span style=\"font-weight: 400\">. \u00c9 por meio das redes sociais que a atl\u00e9tica publica as novas informa\u00e7\u00f5es de atividades desempenhadas.<\/span><\/p>\n<p>&nbsp;<\/p>\n<p><b>\u00a0 \u00a0 \u00a0 \u00a0 \u00a0 \u00a0 ATIVIDADES<\/b><\/p>\n<p><span style=\"font-weight: 400\">\u00a0 \u00a0 \u00a0 \u00a0 \u00a0 \u00a0 \u00a0A AAJ Coringa\u00e7o promove o esporte. Atualmente conta com treinamentos de v\u00f4lei, futsal, basquete, t\u00eanis de mesa e handebol. A atl\u00e9tica participa de competi\u00e7\u00f5es esportivas a n\u00edvel municipal e estadual, como os Jogos Inter Atl\u00e9ticas de Ponta Grossa (JOIA PG), Jogos Estudantis de Primavera (JEPS) e o Torneio Universit\u00e1rio de Comunica\u00e7\u00e3o e Artes (TUCA).\u00a0<\/span><\/p>\n<p>&nbsp;<\/p>\n<p><b>\u00a0 \u00a0 \u00a0 \u00a0 \u00a0 \u00a0PRINCIPAIS CONQUISTAS<\/b><\/p>\n<ul>\n<li><span style=\"font-weight: 400\">3\u00b0 Lugar Geral no Torneio Universit\u00e1rio de Comunica\u00e7\u00e3o e Artes (TUCA) 2019<\/span><\/li>\n<li><i><span style=\"font-weight: 400\">1\u00ba lugar &#8211; Futsal Feminino (TUCA 2019)<\/span><\/i><\/li>\n<li><i><span style=\"font-weight: 400\">1\u00ba lugar &#8211; Handebol Feminino (TUCA 2019)<\/span><\/i><\/li>\n<li><i><span style=\"font-weight: 400\">1\u00ba lugar no T\u00eanis de Mesa Feminino (JUCS 2012)<\/span><\/i><\/li>\n<li><i><span style=\"font-weight: 400\">1\u00ba<\/span><\/i><i><span style=\"font-weight: 400\"> lugar no <\/span><\/i><i><span style=\"font-weight: 400\">Xadrez Feminino (JEPS 2010)<\/span><\/i><\/li>\n<li><i><span style=\"font-weight: 400\">1\u00ba lugar no Badminton Masculino (JOIA 2011)<\/span><\/i><\/li>\n<li><i><span style=\"font-weight: 400\">Vice-campe\u00e3o de Handebol Feminino (Copa UEPG 2018)<\/span><\/i><\/li>\n<\/ul>\n<p><span style=\"font-weight: 400\">\u00a0 \u00a0 \u00a0 \u00a0 \u00a0 \u00a0 Trof\u00e9u Vitor Hugo Gon\u00e7alves:<\/span><\/p>\n<ul>\n<li><i><span style=\"font-weight: 400\">1\u00ba lugar Futsal Masculino (2011)<\/span><\/i><\/li>\n<li><i><span style=\"font-weight: 400\">1\u00ba lugar Futsal Feminino (2011)<\/span><\/i><\/li>\n<\/ul>\n<p>&nbsp;<\/p>\n<p><b>\u00a0 \u00a0 \u00a0 \u00a0 \u00a0 \u00a0 DIRETORIA DA ASSOCIA\u00c7\u00c3O ATL\u00c9TICA DE JORNALISMO 2022-23<\/b><\/p>\n<ul>\n<li><b>Presidente:<\/b><span style=\"font-weight: 400\"> Amanda Martins De Paula<\/span><\/li>\n<li><b>Vice-Presidente:<\/b><span style=\"font-weight: 400\"> Jo\u00e3o Victor Iansen Gomes<\/span><\/li>\n<\/ul>\n<p><b>\u00a0 \u00a0 \u00a0 \u00a0 \u00a0 \u00a0 \u00a0Diretoria Geral:<\/b><\/p>\n<ul>\n<li><span style=\"font-weight: 400\">Secret\u00e1ria: Maria Luiza Pontaldi<\/span><\/li>\n<li><span style=\"font-weight: 400\">Finan\u00e7as: Tamires Limurci Dos Santos e Jana\u00edna Cassol<\/span><\/li>\n<li><span style=\"font-weight: 400\">Esportes: Amanda Bassani Dal&#8217;bosco\u00a0 <\/span><\/li>\n<li><span style=\"font-weight: 400\">Cheerleading: Marcella Panzarini Silva<\/span><\/li>\n<li><span style=\"font-weight: 400\">Marketing: Ana Luiza Bertelli Dimbarre e Kathleen Borges Schemberger<\/span><\/li>\n<li><span style=\"font-weight: 400\">Eventos: Lilian Ferreira Magalh\u00e3es<\/span><\/li>\n<li><span style=\"font-weight: 400\">Produtos: Cassiana Luiza Morilha Tozati<\/span><\/li>\n<\/ul>\n<p>&nbsp;<\/p>\n<p>&nbsp;<\/p>\n<p>&nbsp;<\/p>\n<p><b>\u00a0 \u00a0 \u00a0 \u00a0 \u00a0 \u00a0 \u00a0ARLEQUINAS CHEERLEADING\u00a0<\/b><\/p>\n<p><span style=\"font-weight: 400\">\u00a0 \u00a0 \u00a0 \u00a0 \u00a0 \u00a0 \u00a0 As Arlequinas Cheerleading s\u00e3o o grupo de Cheers do Curso de Bacharelado em Jornalismo da UEPG que nasceu no ano de 2016, pelas alunas Amanda Greal e J\u00e9ssica Gradin para representar a Atl\u00e9tica Coringa\u00e7o nas competi\u00e7\u00f5es de Cheerleading. Atualmente, a equipe conta com 27 atletas.<\/span><\/p>\n<p>&nbsp;<\/p>\n<p><b>\u00a0 \u00a0 \u00a0 \u00a0 \u00a0 \u00a0 \u00a0 HIST\u00d3RIA<\/b><\/p>\n<p><span style=\"font-weight: 400\">\u00a0 \u00a0 \u00a0 \u00a0 \u00a0 \u00a0 \u00a0 \u00a0As primeiras atividades do grupo come\u00e7am a ocorrer no ano de 2017, mas foi a partir de 2018 que a equipe passou a competir oficialmente em Ponta Grossa, disputando o torneio de Cheers dos Jogos Interatl\u00e9ticas de Ponta Grossa\u00a0 (Joia) pela primeira vez na hist\u00f3ria. Em 2019, com mais experi\u00eancia e prepara\u00e7\u00e3o, as Arlequinas voltaram a se apresentar na maior competi\u00e7\u00e3o universit\u00e1ria dos Campos Gerais.\u00a0<\/span><\/p>\n<p>&nbsp;<\/p>\n<p><b>\u00a0 \u00a0 \u00a0 \u00a0 \u00a0 \u00a0 \u00a0 \u00a0O MASCOTE<\/b><\/p>\n<p><span style=\"font-weight: 400\">\u00a0 \u00a0 \u00a0 \u00a0 \u00a0 \u00a0 \u00a0 \u00a0 O mascote do time de cheers \u00e9 Arlequina, vil\u00e3o das hist\u00f3rias em quadrinho do Batman. O nome faz refer\u00eancia \u00e0 personagem feminina dos quadrinhos Haarlem Quinzel, popularmente conhecida como Arlequina. Como forma de homenagear a Atl\u00e9tica, a escolha do nome faz refer\u00eancia ao personagem &#8220;Coringa&#8221;, mascote do Coringa\u00e7o e um dos parceiros da personagem Arlequina nas hist\u00f3rias em quadrinhos. As cores tamb\u00e9m fazem refer\u00eancia ao Roxo, Branco e Preto da atl\u00e9tica.<\/span><\/p>\n<p>&nbsp;<\/p>\n<p><b>\u00a0 \u00a0 \u00a0 \u00a0 \u00a0 \u00a0 \u00a0 REDES SOCIAIS<\/b><\/p>\n<p><span style=\"font-weight: 400\">\u00a0 \u00a0 \u00a0 \u00a0 \u00a0 \u00a0 \u00a0 \u00a0O time das Arlequinas Cheerleading\u00a0 est\u00e1 presente nas redes sociais como <\/span><a href=\"https:\/\/www.instagram.com\/arlequinascheerleading\/\"><span style=\"font-weight: 400\">@arlequinascheerleading<\/span><\/a><span style=\"font-weight: 400\">, onde publicam sua rotina de treinos, a venda de produtos e a divulga\u00e7\u00e3o de campanhas em prol da arrecada\u00e7\u00e3o de fundos para a manuten\u00e7\u00e3o das atividades das cheers.<\/span><\/p>\n<p>&nbsp;<\/p>\n<p><b>\u00a0 \u00a0 \u00a0 \u00a0 \u00a0 \u00a0 \u00a0 GEST\u00c3O ATUAL<\/b><\/p>\n<ul>\n<li><span style=\"font-weight: 400\"><strong>Presidente:<\/strong> Manuela Roque\u00a0<\/span><\/li>\n<li><span style=\"font-weight: 400\"><strong>Vice-Presidente:<\/strong> Marcella Panzarini<\/span><\/li>\n<li><span style=\"font-weight: 400\">Diretoria de Comunica\u00e7\u00e3o: Tayn\u00e1 Lyra<\/span><\/li>\n<li><span style=\"font-weight: 400\">Diretoria de Produtos: Ana Paula Almeida\u00a0<\/span><\/li>\n<li><span style=\"font-weight: 400\">Ouvidoria: Leonardo Duarte<\/span><\/li>\n<li><span style=\"font-weight: 400\">Apoio em comunica\u00e7\u00e3o: Gabriel Aparecido e Ana Fl\u00e1via Martins<\/span><\/li>\n<li><span style=\"font-weight: 400\">Apoio em produtos: Bettina Guarienti<\/span><\/li>\n<li><span style=\"font-weight: 400\">Apoio em a\u00e7\u00f5es paralelas: Maria Vit\u00f3ria Carollo<\/span><\/li>\n<li><span style=\"font-weight: 400\">Apoio em treinos: Heloisa Bida<\/span><\/li>\n<li><span style=\"font-weight: 400\">Head Coach: Guilherme de Campos<\/span><\/li>\n<\/ul>\n<p>&nbsp;<\/p>\n","protected":false},"excerpt":{"rendered":"<p>\u00a0 \u00a0 \u00a0 \u00a0 \u00a0 \u00a0 \u00a0ASSOCIA\u00c7\u00c3O ATL\u00c9TICA DE JORNALISMO \u2013 AAJ \u00a0 \u00a0 \u00a0 \u00a0 \u00a0 \u00a0 \u00a0 A Associa\u00e7\u00e3o Atl\u00e9tica de Jornalismo (AAJ) nasceu em 06 de abril de 2009 e foi batizada com o nome Coringa\u00e7o. O nome se deve ao fato do mascote da atl\u00e9tica ter como mascote o Coringa. Uma&nbsp;&hellip;<\/p>\n","protected":false},"author":378,"featured_media":0,"parent":0,"menu_order":0,"comment_status":"closed","ping_status":"closed","template":"","meta":[],"_links":{"self":[{"href":"https:\/\/www2.uepg.br\/bacharelado-jornalismo\/wp-json\/wp\/v2\/pages\/667"}],"collection":[{"href":"https:\/\/www2.uepg.br\/bacharelado-jornalismo\/wp-json\/wp\/v2\/pages"}],"about":[{"href":"https:\/\/www2.uepg.br\/bacharelado-jornalismo\/wp-json\/wp\/v2\/types\/page"}],"author":[{"embeddable":true,"href":"https:\/\/www2.uepg.br\/bacharelado-jornalismo\/wp-json\/wp\/v2\/users\/378"}],"replies":[{"embeddable":true,"href":"https:\/\/www2.uepg.br\/bacharelado-jornalismo\/wp-json\/wp\/v2\/comments?post=667"}],"version-history":[{"count":8,"href":"https:\/\/www2.uepg.br\/bacharelado-jornalismo\/wp-json\/wp\/v2\/pages\/667\/revisions"}],"predecessor-version":[{"id":681,"href":"https:\/\/www2.uepg.br\/bacharelado-jornalismo\/wp-json\/wp\/v2\/pages\/667\/revisions\/681"}],"wp:attachment":[{"href":"https:\/\/www2.uepg.br\/bacharelado-jornalismo\/wp-json\/wp\/v2\/media?parent=667"}],"curies":[{"name":"wp","href":"https:\/\/api.w.org\/{rel}","templated":true}]}}