{"id":355,"date":"2020-05-12T16:30:19","date_gmt":"2020-05-12T19:30:19","guid":{"rendered":"http:\/\/www2.uepg.br\/bacharelado-odontologia\/?page_id=355"},"modified":"2020-09-21T16:44:35","modified_gmt":"2020-09-21T19:44:35","slug":"nde","status":"publish","type":"page","link":"https:\/\/www2.uepg.br\/bacharelado-odontologia\/nde\/","title":{"rendered":"NDE"},"content":{"rendered":"<p>O N\u00facleo Docente Estruturante (NDE) de um Curso de Gradua\u00e7\u00e3o constitui-se de um grupo de docentes, com atribui\u00e7\u00f5es acad\u00eamicas de acompanhamento, atuante no processo de concep\u00e7\u00e3o, consolida\u00e7\u00e3o e cont\u00ednua atualiza\u00e7\u00e3o do projeto pedag\u00f3gico de curso.<br \/>\nO Regulamento do N\u00facleo Docente Estruturante dos Cursos de Gradua\u00e7\u00e3o da UEPG est\u00e1 descrito na\u00a0<a href=\"http:\/\/www2.uepg.br\/prograd\/wp-content\/uploads\/sites\/19\/2019\/05\/resolu%C3%A7%C3%A3o-cepe-024-de-22-de-maio-de-2013.pdf\" target=\"_blank\" rel=\"noopener noreferrer\">RESOLU\u00c7\u00c3O CEPE N\u00ba 229 DE 18 DE NOVEMBRO DE 1997.<\/a><\/p>\n<p>Representantes N\u00facleo Docente Estruturante do Colegiado do Curso de Odontologia:<\/p>\n<ol>\n<li>Prof. F\u00e1bio Andr\u00e9 dos Santos<\/li>\n<li>Prof. Gilson Cesar Nobre Franco<\/li>\n<li>Prof<sup>a<\/sup>. Vanessa Migliorini Urban<\/li>\n<\/ol>\n","protected":false},"excerpt":{"rendered":"<p>O N\u00facleo Docente Estruturante (NDE) de um Curso de Gradua\u00e7\u00e3o constitui-se de um grupo de docentes, com atribui\u00e7\u00f5es acad\u00eamicas de acompanhamento, atuante no processo de concep\u00e7\u00e3o, consolida\u00e7\u00e3o e cont\u00ednua atualiza\u00e7\u00e3o do projeto pedag\u00f3gico de curso. O Regulamento do N\u00facleo Docente Estruturante dos Cursos de Gradua\u00e7\u00e3o da UEPG est\u00e1 descrito na\u00a0RESOLU\u00c7\u00c3O CEPE N\u00ba 229 DE 18&nbsp;&hellip;<\/p>\n","protected":false},"author":24,"featured_media":0,"parent":0,"menu_order":0,"comment_status":"closed","ping_status":"closed","template":"","meta":[],"_links":{"self":[{"href":"https:\/\/www2.uepg.br\/bacharelado-odontologia\/wp-json\/wp\/v2\/pages\/355"}],"collection":[{"href":"https:\/\/www2.uepg.br\/bacharelado-odontologia\/wp-json\/wp\/v2\/pages"}],"about":[{"href":"https:\/\/www2.uepg.br\/bacharelado-odontologia\/wp-json\/wp\/v2\/types\/page"}],"author":[{"embeddable":true,"href":"https:\/\/www2.uepg.br\/bacharelado-odontologia\/wp-json\/wp\/v2\/users\/24"}],"replies":[{"embeddable":true,"href":"https:\/\/www2.uepg.br\/bacharelado-odontologia\/wp-json\/wp\/v2\/comments?post=355"}],"version-history":[{"count":2,"href":"https:\/\/www2.uepg.br\/bacharelado-odontologia\/wp-json\/wp\/v2\/pages\/355\/revisions"}],"predecessor-version":[{"id":402,"href":"https:\/\/www2.uepg.br\/bacharelado-odontologia\/wp-json\/wp\/v2\/pages\/355\/revisions\/402"}],"wp:attachment":[{"href":"https:\/\/www2.uepg.br\/bacharelado-odontologia\/wp-json\/wp\/v2\/media?parent=355"}],"curies":[{"name":"wp","href":"https:\/\/api.w.org\/{rel}","templated":true}]}}