{"id":527,"date":"2023-11-06T09:11:03","date_gmt":"2023-11-06T12:11:03","guid":{"rendered":"https:\/\/www2.uepg.br\/bacharelado-odontologia\/?page_id=527"},"modified":"2024-08-05T20:44:30","modified_gmt":"2024-08-05T23:44:30","slug":"solicitar-atendimento","status":"publish","type":"page","link":"https:\/\/www2.uepg.br\/bacharelado-odontologia\/solicitar-atendimento\/","title":{"rendered":"Solicitar Atendimento"},"content":{"rendered":"<h3>Hor\u00e1rios dispon\u00edveis para atendimento<\/h3>\n<p>Os atendimentos odontol\u00f3gicos da UEPG ocorrem durante a semana sob supervis\u00e3o e libera\u00e7\u00e3o dos professores nas cl\u00ednicas correspondentes a cada especialidade odontol\u00f3gica.<\/p>\n<p>Para mais informa\u00e7\u00f5es, pode entrar em contato pelo telefone da recep\u00e7\u00e3o odontol\u00f3gica 3220-3142.<\/p>\n<p>&nbsp;<\/p>\n<p>Em casos de d\u00favidas diante do processo de atendimento nas cl\u00ednicas odontol\u00f3gicas da UEPG, clique <a href=\"https:\/\/www2.uepg.br\/bacharelado-odontologia\/atendimentos\/\">aqui<\/a>.<\/p>\n<p>&nbsp;<\/p>\n<p>Caso tenha prefer\u00eancia por e-mail, orientamos que preencha as seguintes informa\u00e7\u00f5es.<\/p>\n<p>Entre em contato para solicitar atendimento:<\/p>\n<div role=\"form\" class=\"wpcf7\" id=\"wpcf7-f532-o1\" lang=\"pt-BR\" dir=\"ltr\">\n<div class=\"screen-reader-response\"><p role=\"status\" aria-live=\"polite\" aria-atomic=\"true\"><\/p> <ul><\/ul><\/div>\n<form action=\"\/bacharelado-odontologia\/wp-json\/wp\/v2\/pages\/527#wpcf7-f532-o1\" method=\"post\" class=\"wpcf7-form init\" novalidate=\"novalidate\" data-status=\"init\">\n<div style=\"display: none;\">\n<input type=\"hidden\" name=\"_wpcf7\" value=\"532\" \/>\n<input type=\"hidden\" name=\"_wpcf7_version\" value=\"5.6.4\" \/>\n<input type=\"hidden\" name=\"_wpcf7_locale\" value=\"pt_BR\" \/>\n<input type=\"hidden\" name=\"_wpcf7_unit_tag\" value=\"wpcf7-f532-o1\" \/>\n<input type=\"hidden\" name=\"_wpcf7_container_post\" value=\"0\" \/>\n<input type=\"hidden\" name=\"_wpcf7_posted_data_hash\" value=\"\" \/>\n<\/div>\n<p><label> Seu nome<br \/>\n    <span class=\"wpcf7-form-control-wrap\" data-name=\"your-name\"><input type=\"text\" name=\"your-name\" value=\"\" size=\"40\" class=\"wpcf7-form-control wpcf7-text wpcf7-validates-as-required\" aria-required=\"true\" aria-invalid=\"false\" \/><\/span> <\/label><\/p>\n<p><label> Seu e-mail<br \/>\n    <span class=\"wpcf7-form-control-wrap\" data-name=\"your-email\"><input type=\"email\" name=\"your-email\" value=\"\" size=\"40\" class=\"wpcf7-form-control wpcf7-text wpcf7-email wpcf7-validates-as-required wpcf7-validates-as-email\" aria-required=\"true\" aria-invalid=\"false\" \/><\/span> <\/label><\/p>\n<p><label> Assunto<br \/>\n    <span class=\"wpcf7-form-control-wrap\" data-name=\"your-subject\"><input type=\"text\" name=\"your-subject\" value=\"\" size=\"40\" class=\"wpcf7-form-control wpcf7-text wpcf7-validates-as-required\" aria-required=\"true\" aria-invalid=\"false\" \/><\/span> <\/label><\/p>\n<p><label> Mensagem<br \/>\n    <span class=\"wpcf7-form-control-wrap\" data-name=\"your-message\"><textarea name=\"your-message\" cols=\"40\" rows=\"10\" class=\"wpcf7-form-control wpcf7-textarea\" aria-invalid=\"false\"><\/textarea><\/span> <\/label><\/p>\n<p><input type=\"submit\" value=\"Enviar\" class=\"wpcf7-form-control has-spinner wpcf7-submit\" \/><\/p>\n<div class=\"wpcf7-response-output\" aria-hidden=\"true\"><\/div><\/form><\/div>\n","protected":false},"excerpt":{"rendered":"<p>Hor\u00e1rios dispon\u00edveis para atendimento Os atendimentos odontol\u00f3gicos da UEPG ocorrem durante a semana sob supervis\u00e3o e libera\u00e7\u00e3o dos professores nas cl\u00ednicas correspondentes a cada especialidade odontol\u00f3gica. Para mais informa\u00e7\u00f5es, pode entrar em contato pelo telefone da recep\u00e7\u00e3o odontol\u00f3gica 3220-3142. &nbsp; Em casos de d\u00favidas diante do processo de atendimento nas cl\u00ednicas odontol\u00f3gicas da UEPG, clique&nbsp;&hellip;<\/p>\n","protected":false},"author":661,"featured_media":614,"parent":0,"menu_order":0,"comment_status":"closed","ping_status":"closed","template":"","meta":[],"_links":{"self":[{"href":"https:\/\/www2.uepg.br\/bacharelado-odontologia\/wp-json\/wp\/v2\/pages\/527"}],"collection":[{"href":"https:\/\/www2.uepg.br\/bacharelado-odontologia\/wp-json\/wp\/v2\/pages"}],"about":[{"href":"https:\/\/www2.uepg.br\/bacharelado-odontologia\/wp-json\/wp\/v2\/types\/page"}],"author":[{"embeddable":true,"href":"https:\/\/www2.uepg.br\/bacharelado-odontologia\/wp-json\/wp\/v2\/users\/661"}],"replies":[{"embeddable":true,"href":"https:\/\/www2.uepg.br\/bacharelado-odontologia\/wp-json\/wp\/v2\/comments?post=527"}],"version-history":[{"count":14,"href":"https:\/\/www2.uepg.br\/bacharelado-odontologia\/wp-json\/wp\/v2\/pages\/527\/revisions"}],"predecessor-version":[{"id":664,"href":"https:\/\/www2.uepg.br\/bacharelado-odontologia\/wp-json\/wp\/v2\/pages\/527\/revisions\/664"}],"wp:featuredmedia":[{"embeddable":true,"href":"https:\/\/www2.uepg.br\/bacharelado-odontologia\/wp-json\/wp\/v2\/media\/614"}],"wp:attachment":[{"href":"https:\/\/www2.uepg.br\/bacharelado-odontologia\/wp-json\/wp\/v2\/media?parent=527"}],"curies":[{"name":"wp","href":"https:\/\/api.w.org\/{rel}","templated":true}]}}