{"id":140,"date":"2020-06-26T10:33:50","date_gmt":"2020-06-26T13:33:50","guid":{"rendered":"http:\/\/www2.uepg.br\/bicen\/?page_id=140"},"modified":"2024-04-08T09:49:39","modified_gmt":"2024-04-08T12:49:39","slug":"equipe","status":"publish","type":"page","link":"https:\/\/www2.uepg.br\/bicen\/equipe\/","title":{"rendered":"Equipe"},"content":{"rendered":"<h1 style=\"text-align: center\"><strong>Biblioteca Central Prof. Faris Michaele<\/strong><\/h1>\n<p style=\"text-align: center\"><strong>CAMPUS DE UVARANAS<\/strong><\/p>\n<p style=\"text-align: center\"><strong>Dire\u00e7\u00e3o<\/strong><\/p>\n<p style=\"text-align: center\">Maria L\u00facia Cazarin Bezerra Madruga<\/p>\n<p style=\"text-align: center\">bisecre@uepg.br<\/p>\n<p style=\"text-align: center\">madruga@uepg.br<\/p>\n<p style=\"text-align: center\">3220-3380<\/p>\n<p style=\"text-align: center\"><strong>Secretaria<\/strong><\/p>\n<p style=\"text-align: center\">Andr\u00e9ia Gon\u00e7alves de Andrade<\/p>\n<p style=\"text-align: center\">bisecre@uepg.br<\/p>\n<p style=\"text-align: center\">3220-3381<\/p>\n<p style=\"text-align: center\"><strong>Divis\u00e3o de Atendimento ao Usu\u00e1rio<\/strong><\/p>\n<p style=\"text-align: center\">Angela Maria de Oliveira<\/p>\n<p style=\"text-align: center\">bicen@uepg.br<\/p>\n<p style=\"text-align: center\">3220-3037<\/p>\n<p style=\"text-align: center\">3220-3786<\/p>\n<p style=\"text-align: center\"><strong>Se\u00e7\u00e3o de Refer\u00eancia<\/strong><\/p>\n<p style=\"text-align: center\">Ivani da Silva<\/p>\n<p style=\"text-align: center\">comut.bicen@uepg.br<\/p>\n<p style=\"text-align: center\">32203036<\/p>\n<p style=\"text-align: center\"><strong>DIVIS\u00c3O DE FORMA\u00c7\u00c3O DE COLE\u00c7\u00c3O E TRATAMENTO DA INFORMA\u00c7\u00c3O\u00a0\u00a0<\/strong><\/p>\n<p style=\"text-align: center\">Maria Luzia Fernandes Bertholino dos Santos<\/p>\n<p style=\"text-align: center\">processostecnicos@uepg.br<\/p>\n<p style=\"text-align: center\">3220-3383<\/p>\n<p style=\"text-align: center\"><strong>Se\u00e7\u00e3o de Processamento T\u00e9cnico<\/strong><\/p>\n<p style=\"text-align: center\">Dirce de F\u00e1tima Hilgemberg<\/p>\n<p style=\"text-align: center\">32203785<\/p>\n<p style=\"text-align: center\">Aline Nigelski<\/p>\n<p style=\"text-align: center\">3220-3333<\/p>\n<p style=\"text-align: center\"><strong>Interc\u00e2mbio\u00a0<\/strong><\/p>\n<p style=\"text-align: center\">Rodrigo Pall\u00fa Martins<\/p>\n<p style=\"text-align: center\">intercambio@uepg.br<\/p>\n<p style=\"text-align: center\"><strong>Reposit\u00f3rio Institucional<\/strong><\/p>\n<p style=\"text-align: center\">Vera L\u00facia Braga Silva<\/p>\n<p style=\"text-align: center\">vlbsilva@uepg.br<\/p>\n<p style=\"text-align: center\"><strong>Se\u00e7\u00e3o de Circula\u00e7\u00e3o &#8211; Campus Central\u00a0<\/strong><\/p>\n<p style=\"text-align: center\">Maria Elisa Droog Portifer<\/p>\n<p style=\"text-align: center\">agendaemprestimo@uepg.br<\/p>\n<p style=\"text-align: center\">3220-3385<\/p>\n<p>&nbsp;<\/p>\n<p style=\"text-align: center\">CONTATO<\/p>\n<p style=\"text-align: center\"><strong>Dire\u00e7\u00e3o:<\/strong>\u00a0madruga@uepg.br<\/p>\n<p style=\"text-align: center\"><strong>\u00a0Secretaria:\u00a0<\/strong><a href=\"mailto:bisecre@uepg.br\"><strong>bisecre@uepg.br<\/strong><\/a><\/p>\n<p style=\"text-align: center\"><strong>Refer\u00eancia:\u00a0<\/strong><a href=\"mailto:bicen@uepg.br\"><strong>bicen@uepg.br<\/strong><\/a><\/p>\n<p style=\"text-align: center\"><strong>Assinaturas:\u00a0<\/strong><a href=\"mailto:assinaturas@uepg.br\"><strong>assinaturas@uepg.br<\/strong><\/a><\/p>\n<p style=\"text-align: center\"><strong>\u00a0Comuta\u00e7\u00e3o Bibliogr\u00e1fica:\u00a0<\/strong><a href=\"mailto:comut.bicen@uepg.br\"><strong>comut.bicen@uepg.br<\/strong><\/a><\/p>\n<p style=\"text-align: center\"><strong>\u00a0Empr\u00e9stimo: <\/strong><strong>\u00a0<\/strong><a href=\"https:\/\/www2.uepg.br\/bicen\/contato\/agendaemprestimo@uepg.br\"><strong>agendaemprestimo@uepg.br<\/strong><\/a><\/p>\n<p style=\"text-align: center\"><strong>\u00a0Interc\u00e2mbio: <\/strong><a href=\"mailto:intercambio@uepg.br\"><strong>intercambio@uepg.br<\/strong><\/a><\/p>\n<p style=\"text-align: center\"><strong>\u00a0Processos T\u00e9cnicos:\u00a0<\/strong><a href=\"mailto:processostecnicos@uepg.br\"><strong>processostecnicos@uepg.br<\/strong><\/a><\/p>\n<p style=\"text-align: center\"><strong>Campus Central<\/strong><\/p>\n<p style=\"text-align: center\"><strong>\u00a0 Empr\u00e9stimo:\u00a0 \u00a0<\/strong><a href=\"https:\/\/www2.uepg.br\/bicen\/contato\/agendaemprestimo@uepg.br\"><strong>agendaemprestimo@uepg.br<\/strong><\/a><\/p>\n<p>&nbsp;<\/p>\n<h2 style=\"text-align: center\"><strong>\u00a0<\/strong><\/h2>\n<p>&nbsp;<\/p>\n<p>&nbsp;<\/p>\n<p style=\"text-align: center\">\n","protected":false},"excerpt":{"rendered":"<p>Biblioteca Central Prof. Faris Michaele CAMPUS DE UVARANAS Dire\u00e7\u00e3o Maria L\u00facia Cazarin Bezerra Madruga bisecre@uepg.br madruga@uepg.br 3220-3380 Secretaria Andr\u00e9ia Gon\u00e7alves de Andrade bisecre@uepg.br 3220-3381 Divis\u00e3o de Atendimento ao Usu\u00e1rio Angela Maria de Oliveira bicen@uepg.br 3220-3037 3220-3786 Se\u00e7\u00e3o de Refer\u00eancia Ivani da Silva comut.bicen@uepg.br 32203036 DIVIS\u00c3O DE FORMA\u00c7\u00c3O DE COLE\u00c7\u00c3O E TRATAMENTO DA INFORMA\u00c7\u00c3O\u00a0\u00a0 Maria Luzia&nbsp;&hellip;<\/p>\n","protected":false},"author":24,"featured_media":0,"parent":0,"menu_order":0,"comment_status":"closed","ping_status":"closed","template":"","meta":[],"_links":{"self":[{"href":"https:\/\/www2.uepg.br\/bicen\/wp-json\/wp\/v2\/pages\/140"}],"collection":[{"href":"https:\/\/www2.uepg.br\/bicen\/wp-json\/wp\/v2\/pages"}],"about":[{"href":"https:\/\/www2.uepg.br\/bicen\/wp-json\/wp\/v2\/types\/page"}],"author":[{"embeddable":true,"href":"https:\/\/www2.uepg.br\/bicen\/wp-json\/wp\/v2\/users\/24"}],"replies":[{"embeddable":true,"href":"https:\/\/www2.uepg.br\/bicen\/wp-json\/wp\/v2\/comments?post=140"}],"version-history":[{"count":24,"href":"https:\/\/www2.uepg.br\/bicen\/wp-json\/wp\/v2\/pages\/140\/revisions"}],"predecessor-version":[{"id":1491,"href":"https:\/\/www2.uepg.br\/bicen\/wp-json\/wp\/v2\/pages\/140\/revisions\/1491"}],"wp:attachment":[{"href":"https:\/\/www2.uepg.br\/bicen\/wp-json\/wp\/v2\/media?parent=140"}],"curies":[{"name":"wp","href":"https:\/\/api.w.org\/{rel}","templated":true}]}}