{"id":84,"date":"2020-06-25T11:24:14","date_gmt":"2020-06-25T14:24:14","guid":{"rendered":"http:\/\/www2.uepg.br\/bicen\/?page_id=84"},"modified":"2020-06-25T11:24:14","modified_gmt":"2020-06-25T14:24:14","slug":"emprestimo-domiciliar","status":"publish","type":"page","link":"https:\/\/www2.uepg.br\/bicen\/emprestimo-domiciliar\/","title":{"rendered":"Empr\u00e9stimo Domiciliar"},"content":{"rendered":"<p>Empresta acervo bibliogr\u00e1fico para a comunidade universit\u00e1ria. \u00c9 necess\u00e1rio estar cadastrado na Biblioteca Central e observar as normas constantes do Regulamento de Empr\u00e9stimos.<\/p>\n","protected":false},"excerpt":{"rendered":"<p>Empresta acervo bibliogr\u00e1fico para a comunidade universit\u00e1ria. \u00c9 necess\u00e1rio estar cadastrado na Biblioteca Central e observar as normas constantes do Regulamento de Empr\u00e9stimos.<\/p>\n","protected":false},"author":24,"featured_media":0,"parent":0,"menu_order":0,"comment_status":"closed","ping_status":"closed","template":"","meta":[],"_links":{"self":[{"href":"https:\/\/www2.uepg.br\/bicen\/wp-json\/wp\/v2\/pages\/84"}],"collection":[{"href":"https:\/\/www2.uepg.br\/bicen\/wp-json\/wp\/v2\/pages"}],"about":[{"href":"https:\/\/www2.uepg.br\/bicen\/wp-json\/wp\/v2\/types\/page"}],"author":[{"embeddable":true,"href":"https:\/\/www2.uepg.br\/bicen\/wp-json\/wp\/v2\/users\/24"}],"replies":[{"embeddable":true,"href":"https:\/\/www2.uepg.br\/bicen\/wp-json\/wp\/v2\/comments?post=84"}],"version-history":[{"count":1,"href":"https:\/\/www2.uepg.br\/bicen\/wp-json\/wp\/v2\/pages\/84\/revisions"}],"predecessor-version":[{"id":85,"href":"https:\/\/www2.uepg.br\/bicen\/wp-json\/wp\/v2\/pages\/84\/revisions\/85"}],"wp:attachment":[{"href":"https:\/\/www2.uepg.br\/bicen\/wp-json\/wp\/v2\/media?parent=84"}],"curies":[{"name":"wp","href":"https:\/\/api.w.org\/{rel}","templated":true}]}}