{"id":86,"date":"2020-06-25T11:25:06","date_gmt":"2020-06-25T14:25:06","guid":{"rendered":"http:\/\/www2.uepg.br\/bicen\/?page_id=86"},"modified":"2020-06-25T11:25:06","modified_gmt":"2020-06-25T14:25:06","slug":"emprestimo-interbibliotecas","status":"publish","type":"page","link":"https:\/\/www2.uepg.br\/bicen\/emprestimo-interbibliotecas\/","title":{"rendered":"Empr\u00e9stimo Interbibliotecas"},"content":{"rendered":"<p>Localiza e obt\u00e9m o empr\u00e9stimo de obras existentes nas bibliotecas conveniadas da cidade e do estado.<\/p>\n<p>O custo da postagem de materiais localizados fora da cidade ser\u00e1 por conta do usu\u00e1rio.<\/p>\n","protected":false},"excerpt":{"rendered":"<p>Localiza e obt\u00e9m o empr\u00e9stimo de obras existentes nas bibliotecas conveniadas da cidade e do estado. O custo da postagem de materiais localizados fora da cidade ser\u00e1 por conta do usu\u00e1rio.<\/p>\n","protected":false},"author":24,"featured_media":0,"parent":0,"menu_order":0,"comment_status":"closed","ping_status":"closed","template":"","meta":[],"_links":{"self":[{"href":"https:\/\/www2.uepg.br\/bicen\/wp-json\/wp\/v2\/pages\/86"}],"collection":[{"href":"https:\/\/www2.uepg.br\/bicen\/wp-json\/wp\/v2\/pages"}],"about":[{"href":"https:\/\/www2.uepg.br\/bicen\/wp-json\/wp\/v2\/types\/page"}],"author":[{"embeddable":true,"href":"https:\/\/www2.uepg.br\/bicen\/wp-json\/wp\/v2\/users\/24"}],"replies":[{"embeddable":true,"href":"https:\/\/www2.uepg.br\/bicen\/wp-json\/wp\/v2\/comments?post=86"}],"version-history":[{"count":1,"href":"https:\/\/www2.uepg.br\/bicen\/wp-json\/wp\/v2\/pages\/86\/revisions"}],"predecessor-version":[{"id":87,"href":"https:\/\/www2.uepg.br\/bicen\/wp-json\/wp\/v2\/pages\/86\/revisions\/87"}],"wp:attachment":[{"href":"https:\/\/www2.uepg.br\/bicen\/wp-json\/wp\/v2\/media?parent=86"}],"curies":[{"name":"wp","href":"https:\/\/api.w.org\/{rel}","templated":true}]}}