{"id":93,"date":"2020-06-25T11:30:11","date_gmt":"2020-06-25T14:30:11","guid":{"rendered":"http:\/\/www2.uepg.br\/bicen\/?page_id=93"},"modified":"2023-03-08T15:06:25","modified_gmt":"2023-03-08T18:06:25","slug":"normalizacao-de-trabalhos-cientificos","status":"publish","type":"page","link":"https:\/\/www2.uepg.br\/bicen\/normalizacao-de-trabalhos-cientificos\/","title":{"rendered":"Normaliza\u00e7\u00e3o de Trabalhos Cient\u00edficos"},"content":{"rendered":"<p>Orienta os usu\u00e1rios na normaliza\u00e7\u00e3o de trabalhos cient\u00edficos, segundo recomenda\u00e7\u00f5es da normas ABNT, Estilo Vancouver e APA.<\/p>\n<p>Para ter acesso a este servi\u00e7o entre em contato com a Biblioteca (3220-3382) ou atrav\u00e9s do\u00a0 e-mail:\u00a0<a href=\"mailto:bicen@uepg.br\">bicen@uepg.br<\/a><\/p>\n<p><strong>Taxa de Servi\u00e7o<\/strong><\/p>\n<p><a href=\"http:\/\/www2.uepg.br\/bicen\/wp-content\/uploads\/sites\/124\/2020\/06\/NormalizacaoBibliografica_azul.png\"><img loading=\"lazy\" class=\"size-medium wp-image-94 alignleft\" src=\"http:\/\/www2.uepg.br\/bicen\/wp-content\/uploads\/sites\/124\/2020\/06\/NormalizacaoBibliografica_azul-300x135.png\" alt=\"\" width=\"300\" height=\"135\" srcset=\"https:\/\/www2.uepg.br\/bicen\/wp-content\/uploads\/sites\/124\/2020\/06\/NormalizacaoBibliografica_azul-300x135.png 300w, https:\/\/www2.uepg.br\/bicen\/wp-content\/uploads\/sites\/124\/2020\/06\/NormalizacaoBibliografica_azul.png 584w\" sizes=\"(max-width: 300px) 100vw, 300px\" \/><\/a><\/p>\n","protected":false},"excerpt":{"rendered":"<p>Orienta os usu\u00e1rios na normaliza\u00e7\u00e3o de trabalhos cient\u00edficos, segundo recomenda\u00e7\u00f5es da normas ABNT, Estilo Vancouver e APA. Para ter acesso a este servi\u00e7o entre em contato com a Biblioteca (3220-3382) ou atrav\u00e9s do\u00a0 e-mail:\u00a0bicen@uepg.br Taxa de Servi\u00e7o<\/p>\n","protected":false},"author":24,"featured_media":0,"parent":0,"menu_order":0,"comment_status":"closed","ping_status":"closed","template":"","meta":[],"_links":{"self":[{"href":"https:\/\/www2.uepg.br\/bicen\/wp-json\/wp\/v2\/pages\/93"}],"collection":[{"href":"https:\/\/www2.uepg.br\/bicen\/wp-json\/wp\/v2\/pages"}],"about":[{"href":"https:\/\/www2.uepg.br\/bicen\/wp-json\/wp\/v2\/types\/page"}],"author":[{"embeddable":true,"href":"https:\/\/www2.uepg.br\/bicen\/wp-json\/wp\/v2\/users\/24"}],"replies":[{"embeddable":true,"href":"https:\/\/www2.uepg.br\/bicen\/wp-json\/wp\/v2\/comments?post=93"}],"version-history":[{"count":4,"href":"https:\/\/www2.uepg.br\/bicen\/wp-json\/wp\/v2\/pages\/93\/revisions"}],"predecessor-version":[{"id":1273,"href":"https:\/\/www2.uepg.br\/bicen\/wp-json\/wp\/v2\/pages\/93\/revisions\/1273"}],"wp:attachment":[{"href":"https:\/\/www2.uepg.br\/bicen\/wp-json\/wp\/v2\/media?parent=93"}],"curies":[{"name":"wp","href":"https:\/\/api.w.org\/{rel}","templated":true}]}}