{"id":13,"date":"2019-07-05T14:57:44","date_gmt":"2019-07-05T17:57:44","guid":{"rendered":"http:\/\/www2.uepg.br\/biomodel\/?page_id=13"},"modified":"2019-08-15T16:07:57","modified_gmt":"2019-08-15T19:07:57","slug":"inicio","status":"publish","type":"page","link":"https:\/\/www2.uepg.br\/biomodel\/","title":{"rendered":"IN\u00cdCIO"},"content":{"rendered":"<div id=\"pl-13\"  class=\"panel-layout\" ><div id=\"pg-13-0\"  class=\"panel-grid panel-no-style\" ><div id=\"pgc-13-0-0\"  class=\"panel-grid-cell\" ><div id=\"panel-13-0-0-0\" class=\"so-panel widget widget_sow-post-carousel panel-first-child panel-last-child\" data-index=\"0\" ><div class=\"panel-widget-style panel-widget-style-for-13-0-0-0\" ><div\n\t\t\t\n\t\t\tclass=\"so-widget-sow-post-carousel so-widget-sow-post-carousel-base-ad93eedad001-13\"\n\t\t\t\n\t\t>\t<div\n\t\tclass=\"sow-post-carousel-wrapper sow-post-carousel-theme-base\"\n\t\tstyle=\"overflow: hidden; max-width: 100%; min-height: 182px\"\n\t>\n\t\t<div class=\"sow-carousel-title has-title\">\n\t<h3 class=\"widget-title\">Destaques<\/h3>\t\t<div class=\"sow-carousel-navigation \">\n\t\t\t\t\t\t<a href=\"#\" class=\"sow-carousel-next\" title=\"Pr\u00f3ximo\" aria-label=\"Next Posts\" role=\"button\"><\/a>\n\t\t\t\t\t\t<a href=\"#\" class=\"sow-carousel-previous\" title=\"Anterior\" aria-label=\"Previous Posts\" role=\"button\"><\/a>\n\t\t\t\t\t<\/div>\n\t<\/div>\n\n<div class=\"sow-carousel-container \">\n\t\t<div class=\"sow-carousel-wrapper\"\n\t\tdata-dir=\"ltr\"\n\t\tstyle=\"opacity: 0;\"\n\t\tdata-widget=\"post\" data-fetching=\"false\" data-page=\"1\" data-ajax-url=\"https:\/\/www2.uepg.br\/biomodel\/wp-admin\/admin-ajax.php?_widgets_nonce=bde34e63a3\" data-item_count=\"5\" data-carousel_settings=\"{&quot;loop&quot;:true,&quot;animation&quot;:&quot;ease&quot;,&quot;animation_speed&quot;:800,&quot;autoplay&quot;:&quot;&quot;,&quot;pauseOnHover&quot;:&quot;&quot;,&quot;autoplaySpeed&quot;:8000,&quot;item_overflow&quot;:true,&quot;autoplay_continuous_scroll&quot;:false}\" data-responsive=\"{&quot;desktop_slides_to_scroll&quot;:1,&quot;tablet_landscape_breakpoint&quot;:1366,&quot;tablet_landscape_slides_to_scroll&quot;:2,&quot;tablet_portrait_breakpoint&quot;:1025,&quot;tablet_portrait_slides_to_scroll&quot;:2,&quot;mobile_breakpoint&quot;:480,&quot;mobile_slides_to_scroll&quot;:1}\" data-variable_width=\"true\" \t>\n\t\t<div\n\t\t\tclass=\"sow-carousel-items\"\n\t\t\t\t\t>\n\t\t\t\t<div class=\"sow-carousel-item\" tabindex=\"-1\" style=\"float: left;\">\n\t\t<div class=\"sow-carousel-thumbnail\">\n\t\t\t\t\t\t\t<a\n\t\t\t\thref=\"https:\/\/www2.uepg.br\/biomodel\/uepg-e-premiada-em-pesquisa-com-parceria-da-uem\/\"\n\t\t\t\t\t\t\t\t\t\tstyle=\"background-image: url( https:\/\/www2.uepg.br\/biomodel\/wp-content\/uploads\/sites\/27\/2023\/04\/zootecnia-J-2-1232x821-1-272x182.jpg )\"\n\t\t\t\t\taria-labelledby=\"sow-carousel-id-497\"\n\t\t\t\t\ttabindex=\"-1\"\n\t\t\t\t>\n\t\t\t\t\t<span class=\"overlay\"><\/span>\n\t\t\t\t<\/a>\n\t\t\t\t\t<\/div>\n\t\t<h3 class=\"sow-carousel-item-title\">\n\t\t\t<a\n\t\t\t\thref=\"https:\/\/www2.uepg.br\/biomodel\/uepg-e-premiada-em-pesquisa-com-parceria-da-uem\/\"\n\t\t\t\tid=\"sow-carousel-id-497\"\n\t\t\t\t\t\t\t\ttabindex=\"-1\"\n\t\t\t>\n\n\t\t\t\tUEPG \u00e9 premiada em pesquisa com parceria da UEM\t\t\t<\/a>\n\t\t<\/h3>\n\t<\/div>\n\t<div class=\"sow-carousel-item\" tabindex=\"-1\" style=\"float: left;\">\n\t\t<div class=\"sow-carousel-thumbnail\">\n\t\t\t\t\t\t\t<a\n\t\t\t\thref=\"https:\/\/www2.uepg.br\/biomodel\/24-de-julho-dia-do-suinocultor\/\"\n\t\t\t\t\t\t\t\t\t\tstyle=\"background-image: url( https:\/\/www2.uepg.br\/biomodel\/wp-content\/uploads\/sites\/27\/2020\/07\/Suino_vf-272x182.jpeg )\"\n\t\t\t\t\taria-labelledby=\"sow-carousel-id-426\"\n\t\t\t\t\ttabindex=\"-1\"\n\t\t\t\t>\n\t\t\t\t\t<span class=\"overlay\"><\/span>\n\t\t\t\t<\/a>\n\t\t\t\t\t<\/div>\n\t\t<h3 class=\"sow-carousel-item-title\">\n\t\t\t<a\n\t\t\t\thref=\"https:\/\/www2.uepg.br\/biomodel\/24-de-julho-dia-do-suinocultor\/\"\n\t\t\t\tid=\"sow-carousel-id-426\"\n\t\t\t\t\t\t\t\ttabindex=\"-1\"\n\t\t\t>\n\n\t\t\t\t24 de Julho Dia do Suinocultor!\t\t\t<\/a>\n\t\t<\/h3>\n\t<\/div>\n\t<div class=\"sow-carousel-item\" tabindex=\"-1\" style=\"float: left;\">\n\t\t<div class=\"sow-carousel-thumbnail\">\n\t\t\t\t\t\t\t<a\n\t\t\t\thref=\"https:\/\/www2.uepg.br\/biomodel\/ton-kramer-conversa-sobre-10-dicas-para-a-vida-de-alta-performance\/\"\n\t\t\t\t\t\t\t\t\t\tstyle=\"background-image: url( https:\/\/www2.uepg.br\/biomodel\/wp-content\/uploads\/sites\/27\/2020\/07\/Palestra-Ton-Kramer-272x182.jpeg )\"\n\t\t\t\t\taria-labelledby=\"sow-carousel-id-421\"\n\t\t\t\t\ttabindex=\"-1\"\n\t\t\t\t>\n\t\t\t\t\t<span class=\"overlay\"><\/span>\n\t\t\t\t<\/a>\n\t\t\t\t\t<\/div>\n\t\t<h3 class=\"sow-carousel-item-title\">\n\t\t\t<a\n\t\t\t\thref=\"https:\/\/www2.uepg.br\/biomodel\/ton-kramer-conversa-sobre-10-dicas-para-a-vida-de-alta-performance\/\"\n\t\t\t\tid=\"sow-carousel-id-421\"\n\t\t\t\t\t\t\t\ttabindex=\"-1\"\n\t\t\t>\n\n\t\t\t\tTon Kramer conversa sobre  10 dicas para a vida de alta performance\t\t\t<\/a>\n\t\t<\/h3>\n\t<\/div>\n\t<div class=\"sow-carousel-item\" tabindex=\"-1\" style=\"float: left;\">\n\t\t<div class=\"sow-carousel-thumbnail\">\n\t\t\t\t\t\t\t<a\n\t\t\t\thref=\"https:\/\/www2.uepg.br\/biomodel\/evento-suinar-conhecimento-tecnologia-e-producao\/\"\n\t\t\t\t\t\t\t\t\t\tstyle=\"background-image: url( https:\/\/www2.uepg.br\/biomodel\/wp-content\/uploads\/sites\/27\/2020\/06\/SUINAR_1-272x182.png )\"\n\t\t\t\t\taria-labelledby=\"sow-carousel-id-399\"\n\t\t\t\t\ttabindex=\"-1\"\n\t\t\t\t>\n\t\t\t\t\t<span class=\"overlay\"><\/span>\n\t\t\t\t<\/a>\n\t\t\t\t\t<\/div>\n\t\t<h3 class=\"sow-carousel-item-title\">\n\t\t\t<a\n\t\t\t\thref=\"https:\/\/www2.uepg.br\/biomodel\/evento-suinar-conhecimento-tecnologia-e-producao\/\"\n\t\t\t\tid=\"sow-carousel-id-399\"\n\t\t\t\t\t\t\t\ttabindex=\"-1\"\n\t\t\t>\n\n\t\t\t\tEvento SUINAR Conhecimento, tecnologia e produ\u00e7\u00e3o\t\t\t<\/a>\n\t\t<\/h3>\n\t<\/div>\n\t<div class=\"sow-carousel-item\" tabindex=\"-1\" style=\"float: left;\">\n\t\t<div class=\"sow-carousel-thumbnail\">\n\t\t\t\t\t\t\t<a\n\t\t\t\thref=\"https:\/\/www2.uepg.br\/biomodel\/biomodel-na-difusao-do-conhecimento\/\"\n\t\t\t\t\t\t\t\t\t\tstyle=\"background-image: url( https:\/\/www2.uepg.br\/biomodel\/wp-content\/uploads\/sites\/27\/2019\/09\/borell_2-272x182.jpg )\"\n\t\t\t\t\taria-labelledby=\"sow-carousel-id-304\"\n\t\t\t\t\ttabindex=\"-1\"\n\t\t\t\t>\n\t\t\t\t\t<span class=\"overlay\"><\/span>\n\t\t\t\t<\/a>\n\t\t\t\t\t<\/div>\n\t\t<h3 class=\"sow-carousel-item-title\">\n\t\t\t<a\n\t\t\t\thref=\"https:\/\/www2.uepg.br\/biomodel\/biomodel-na-difusao-do-conhecimento\/\"\n\t\t\t\tid=\"sow-carousel-id-304\"\n\t\t\t\t\t\t\t\ttabindex=\"-1\"\n\t\t\t>\n\n\t\t\t\tBiomodel na difus\u00e3o do conhecimento\t\t\t<\/a>\n\t\t<\/h3>\n\t<\/div>\n\t\t<\/div>\n\t\t\t<\/div>\n\n\t<\/div>\n\t\t<input type=\"hidden\" name=\"instance_hash\" value=\"98ac2c1c\"\/>\n\t<\/div>\n<\/div><\/div><\/div><\/div><\/div><div id=\"pg-13-1\"  class=\"panel-grid panel-no-style\" ><div id=\"pgc-13-1-0\"  class=\"panel-grid-cell\" ><div id=\"panel-13-1-0-0\" class=\"so-panel widget widget_sow-editor panel-first-child panel-last-child\" data-index=\"1\" ><div\n\t\t\t\n\t\t\tclass=\"so-widget-sow-editor so-widget-sow-editor-base\"\n\t\t\t\n\t\t>\n<div class=\"siteorigin-widget-tinymce textwidget\">\n\t<h4 style=\"text-align: center;\"><strong>Apresenta\u00e7\u00e3o<\/strong><\/h4>\n<div class=\"text-justify\">\n<p>O BioModel \u00e9 um grupo de pesquisa em Biologia integrativa e modelagem na produ\u00e7\u00e3o de n\u00e3o ruminantes de car\u00e1ter interdisciplinar e multi-institucional certificado pelo CNPq. Este grupo faz parte de uma rede de pesquisas em meta-an\u00e1lise e modelagem que teve forma\u00e7\u00e3o inicial e fortalecimento no Grupo de Modelagem Animal da Universidade Federal de Santa Maria (UFSM) pioneiro no Brasil. A partir disso, diversos estudos foram publicados abordando temas relevantes com impacto econ\u00f4mico e ambiental nas \u00e1reas de suinocultura e avicultura atrav\u00e9s da biologia integrativa e uso da modelagem animal.<\/p>\n<p>As ferramentas de meta-an\u00e1lise e modelagem s\u00e3o pouco exploradas em n\u00edvel institucional, o que implica na car\u00eancia de recursos humanos de vis\u00e3o e pensamento sist\u00eamicos. Diante disso, um dos principais objetivos do grupo \u00e9 fomentar e capacitar alunos de gradua\u00e7\u00e3o e p\u00f3s-gradua\u00e7\u00e3o para atuar em pesquisas com biologia integrativa e modelagem na produ\u00e7\u00e3o animal.<\/p>\n<p>O grupo de pesquisa BioModel tem a colabora\u00e7\u00e3o de v\u00e1rios professores de diferentes institui\u00e7\u00f5es de ensino e pesquisa do Brasil os quais definiram v\u00e1rias estrat\u00e9gias para desenvolver a biologia integrativa e modelagem. Nesse sentido v\u00e1rias a\u00e7\u00f5es foram definidas e implementadas no ensino, na pesquisa e na extens\u00e3o.Como a meta-an\u00e1lise e modelagem na produ\u00e7\u00e3o de n\u00e3o ruminantes s\u00e3o temas recentes no Brasil, esta p\u00e1gina tem o objetivo de abord\u00e1-los baseados na experi\u00eancia do grupo. Nesse contexto, s\u00e3o apresentados aspectos da meta-an\u00e1lise e modelagem no ensino e pesquisa realizados na Universidade Estadual de Ponta Grossa e por pesquisadores em institui\u00e7\u00f5es colaboradoras.<\/p>\n<\/div>\n<p align=\"right\">Prof\u00aa Cheila Roberta Lehnen<\/p>\n<\/div>\n<\/div><\/div><\/div><\/div><\/div>","protected":false},"excerpt":{"rendered":"<p>Apresenta\u00e7\u00e3o O BioModel \u00e9 um grupo de pesquisa em Biologia integrativa e modelagem na produ\u00e7\u00e3o de n\u00e3o ruminantes de car\u00e1ter interdisciplinar e multi-institucional certificado pelo CNPq. Este grupo faz parte de uma rede de pesquisas em meta-an\u00e1lise e modelagem que teve forma\u00e7\u00e3o inicial e fortalecimento no Grupo de Modelagem Animal da Universidade Federal de Santa&nbsp;&hellip;<\/p>\n","protected":false},"author":24,"featured_media":0,"parent":0,"menu_order":0,"comment_status":"closed","ping_status":"closed","template":"","meta":[],"_links":{"self":[{"href":"https:\/\/www2.uepg.br\/biomodel\/wp-json\/wp\/v2\/pages\/13"}],"collection":[{"href":"https:\/\/www2.uepg.br\/biomodel\/wp-json\/wp\/v2\/pages"}],"about":[{"href":"https:\/\/www2.uepg.br\/biomodel\/wp-json\/wp\/v2\/types\/page"}],"author":[{"embeddable":true,"href":"https:\/\/www2.uepg.br\/biomodel\/wp-json\/wp\/v2\/users\/24"}],"replies":[{"embeddable":true,"href":"https:\/\/www2.uepg.br\/biomodel\/wp-json\/wp\/v2\/comments?post=13"}],"version-history":[{"count":8,"href":"https:\/\/www2.uepg.br\/biomodel\/wp-json\/wp\/v2\/pages\/13\/revisions"}],"predecessor-version":[{"id":265,"href":"https:\/\/www2.uepg.br\/biomodel\/wp-json\/wp\/v2\/pages\/13\/revisions\/265"}],"wp:attachment":[{"href":"https:\/\/www2.uepg.br\/biomodel\/wp-json\/wp\/v2\/media?parent=13"}],"curies":[{"name":"wp","href":"https:\/\/api.w.org\/{rel}","templated":true}]}}