{"id":267,"date":"2019-08-15T16:14:26","date_gmt":"2019-08-15T19:14:26","guid":{"rendered":"http:\/\/www2.uepg.br\/biomodel\/?page_id=267"},"modified":"2020-06-26T16:13:23","modified_gmt":"2020-06-26T19:13:23","slug":"extensao","status":"publish","type":"page","link":"https:\/\/www2.uepg.br\/biomodel\/extensao\/","title":{"rendered":"EXTENS\u00c3O"},"content":{"rendered":"<p><strong>Nosso Projeto de extens\u00e3o:<br \/>\n<\/strong><\/p>\n<h2 style=\"text-align: center\"><strong><em>Sistemas de produ\u00e7\u00e3o de su\u00ednos e o perfil do consumidor nos Campos Gerais<\/em><\/strong><\/h2>\n<p style=\"text-align: center\"><a href=\"http:\/\/www2.uepg.br\/biomodel\/wp-content\/uploads\/sites\/27\/2020\/06\/folder-scaled.jpeg\"><img loading=\"lazy\" class=\"alignleft size-medium wp-image-414\" src=\"http:\/\/www2.uepg.br\/biomodel\/wp-content\/uploads\/sites\/27\/2020\/06\/folder-169x300.jpeg\" alt=\"\" width=\"169\" height=\"300\" srcset=\"https:\/\/www2.uepg.br\/biomodel\/wp-content\/uploads\/sites\/27\/2020\/06\/folder-169x300.jpeg 169w, https:\/\/www2.uepg.br\/biomodel\/wp-content\/uploads\/sites\/27\/2020\/06\/folder-576x1024.jpeg 576w, https:\/\/www2.uepg.br\/biomodel\/wp-content\/uploads\/sites\/27\/2020\/06\/folder-768x1365.jpeg 768w, https:\/\/www2.uepg.br\/biomodel\/wp-content\/uploads\/sites\/27\/2020\/06\/folder-864x1536.jpeg 864w, https:\/\/www2.uepg.br\/biomodel\/wp-content\/uploads\/sites\/27\/2020\/06\/folder-1152x2048.jpeg 1152w, https:\/\/www2.uepg.br\/biomodel\/wp-content\/uploads\/sites\/27\/2020\/06\/folder-1232x2190.jpeg 1232w, https:\/\/www2.uepg.br\/biomodel\/wp-content\/uploads\/sites\/27\/2020\/06\/folder-608x1080.jpeg 608w, https:\/\/www2.uepg.br\/biomodel\/wp-content\/uploads\/sites\/27\/2020\/06\/folder-scaled.jpeg 1440w\" sizes=\"(max-width: 169px) 100vw, 169px\" \/><\/a>A produ\u00e7\u00e3o de su\u00ednos nos Campos Gerais \u00e9 caracterizada pela diversidade <a href=\"http:\/\/www2.uepg.br\/biomodel\/wp-content\/uploads\/sites\/27\/2020\/06\/CONAITEC2019.jpeg\"><img loading=\"lazy\" class=\"alignright wp-image-413\" src=\"http:\/\/www2.uepg.br\/biomodel\/wp-content\/uploads\/sites\/27\/2020\/06\/CONAITEC2019-300x169.jpeg\" alt=\"\" width=\"360\" height=\"203\" srcset=\"https:\/\/www2.uepg.br\/biomodel\/wp-content\/uploads\/sites\/27\/2020\/06\/CONAITEC2019-300x169.jpeg 300w, https:\/\/www2.uepg.br\/biomodel\/wp-content\/uploads\/sites\/27\/2020\/06\/CONAITEC2019-1024x576.jpeg 1024w, https:\/\/www2.uepg.br\/biomodel\/wp-content\/uploads\/sites\/27\/2020\/06\/CONAITEC2019-768x432.jpeg 768w, https:\/\/www2.uepg.br\/biomodel\/wp-content\/uploads\/sites\/27\/2020\/06\/CONAITEC2019-1232x693.jpeg 1232w, https:\/\/www2.uepg.br\/biomodel\/wp-content\/uploads\/sites\/27\/2020\/06\/CONAITEC2019.jpeg 1280w\" sizes=\"(max-width: 360px) 100vw, 360px\" \/><\/a>no sistema produtivo. Existem sistemas altamente tecnificados com produ\u00e7\u00e3o verticalizada e de altos \u00edndices produtivos assim como produtores que criam o su\u00edno para subsist\u00eancia em pequenas propriedades. Da mesma forma, a quantidade de carne consumida na regi\u00e3o \u00e9 muito vari\u00e1vel e pode estar associada a quest\u00f5es ligadas ao sistema de produ\u00e7\u00e3o, coloniza\u00e7\u00e3o europeia, religi\u00e3o, condi\u00e7\u00f5es econ\u00f4micas, n\u00edvel de escolaridade e informa\u00e7\u00e3o dos consumidores.<\/p>\n<p><strong>Objetivos:<\/strong><\/p>\n<ul>\n<li>Apresentar o sistema de produ\u00e7\u00e3o nas propriedades aos acad\u00eamicos e propor estrat\u00e9gias para melhorar a produ\u00e7\u00e3o e\u00a0 o consumo de carne su\u00edna na regi\u00e3o;<\/li>\n<li>Identificar, atrav\u00e9s do question\u00e1rio aplicado as principais caracter\u00edsticas do comprador de carne su\u00edna no balc\u00e3o do a\u00e7ougue e supermercado;<\/li>\n<li>Permitir um elo de liga\u00e7\u00e3o entre ind\u00fastrias de processamento e industrializa\u00e7\u00e3o da carne su\u00edna e os consumidores regionais.<\/li>\n<li>Permitir ao aluno um conv\u00edvio mais pr\u00f3ximo do sistema produtivo, de processamento e varejista de carne su\u00edna.<\/li>\n<li>Educa\u00e7\u00e3o continuada nas escolas municipais e particulares de n\u00edvel fundamental e m\u00e9dio.<\/li>\n<li>Ampliar os conhecimentos t\u00e9cnicos em suinocultura dentro das diversidades no sistema de produ\u00e7\u00e3o<\/li>\n<\/ul>\n<p>Conhe\u00e7a um pouco mais sobre os mitos e verdades da Carne Su\u00edna divulgados em nossas a\u00e7\u00f5es &#8230;<\/p>\n<p><a href=\"http:\/\/www2.uepg.br\/biomodel\/extensao\/folder-vitoria\/\" rel=\"attachment wp-att-418\"><img loading=\"lazy\" class=\"alignright size-full wp-image-418\" src=\"http:\/\/www2.uepg.br\/biomodel\/wp-content\/uploads\/sites\/27\/2020\/06\/Folder-vitoria.png\" alt=\"\" width=\"1754\" height=\"1240\" srcset=\"https:\/\/www2.uepg.br\/biomodel\/wp-content\/uploads\/sites\/27\/2020\/06\/Folder-vitoria.png 1754w, https:\/\/www2.uepg.br\/biomodel\/wp-content\/uploads\/sites\/27\/2020\/06\/Folder-vitoria-300x212.png 300w, https:\/\/www2.uepg.br\/biomodel\/wp-content\/uploads\/sites\/27\/2020\/06\/Folder-vitoria-1024x724.png 1024w, https:\/\/www2.uepg.br\/biomodel\/wp-content\/uploads\/sites\/27\/2020\/06\/Folder-vitoria-768x543.png 768w, https:\/\/www2.uepg.br\/biomodel\/wp-content\/uploads\/sites\/27\/2020\/06\/Folder-vitoria-1536x1086.png 1536w, https:\/\/www2.uepg.br\/biomodel\/wp-content\/uploads\/sites\/27\/2020\/06\/Folder-vitoria-1232x871.png 1232w, https:\/\/www2.uepg.br\/biomodel\/wp-content\/uploads\/sites\/27\/2020\/06\/Folder-vitoria-1528x1080.png 1528w\" sizes=\"(max-width: 1754px) 100vw, 1754px\" \/><\/a><\/p>\n<p>&nbsp;<\/p>\n<p>&nbsp;<\/p>\n<p style=\"text-align: right\">[embedyt] https:\/\/www.youtube.com\/watch?v=v3QnH3eVEm8[\/embedyt]<\/p>\n<p>&nbsp;<\/p>\n<p>&nbsp;<\/p>\n<p>[embedyt] https:\/\/www.youtube.com\/watch?v=_d_XZSrKxek[\/embedyt]<\/p>\n<p>&nbsp;<\/p>\n<p>&nbsp;<\/p>\n","protected":false},"excerpt":{"rendered":"<p>Nosso Projeto de extens\u00e3o: Sistemas de produ\u00e7\u00e3o de su\u00ednos e o perfil do consumidor nos Campos Gerais A produ\u00e7\u00e3o de su\u00ednos nos Campos Gerais \u00e9 caracterizada pela diversidade no sistema produtivo. Existem sistemas altamente tecnificados com produ\u00e7\u00e3o verticalizada e de altos \u00edndices produtivos assim como produtores que criam o su\u00edno para subsist\u00eancia em pequenas propriedades.&nbsp;&hellip;<\/p>\n","protected":false},"author":24,"featured_media":0,"parent":0,"menu_order":0,"comment_status":"closed","ping_status":"closed","template":"","meta":[],"_links":{"self":[{"href":"https:\/\/www2.uepg.br\/biomodel\/wp-json\/wp\/v2\/pages\/267"}],"collection":[{"href":"https:\/\/www2.uepg.br\/biomodel\/wp-json\/wp\/v2\/pages"}],"about":[{"href":"https:\/\/www2.uepg.br\/biomodel\/wp-json\/wp\/v2\/types\/page"}],"author":[{"embeddable":true,"href":"https:\/\/www2.uepg.br\/biomodel\/wp-json\/wp\/v2\/users\/24"}],"replies":[{"embeddable":true,"href":"https:\/\/www2.uepg.br\/biomodel\/wp-json\/wp\/v2\/comments?post=267"}],"version-history":[{"count":4,"href":"https:\/\/www2.uepg.br\/biomodel\/wp-json\/wp\/v2\/pages\/267\/revisions"}],"predecessor-version":[{"id":417,"href":"https:\/\/www2.uepg.br\/biomodel\/wp-json\/wp\/v2\/pages\/267\/revisions\/417"}],"wp:attachment":[{"href":"https:\/\/www2.uepg.br\/biomodel\/wp-json\/wp\/v2\/media?parent=267"}],"curies":[{"name":"wp","href":"https:\/\/api.w.org\/{rel}","templated":true}]}}