{"id":281,"date":"2019-08-16T09:27:41","date_gmt":"2019-08-16T12:27:41","guid":{"rendered":"http:\/\/www2.uepg.br\/biomodel\/?page_id=281"},"modified":"2019-08-16T09:34:23","modified_gmt":"2019-08-16T12:34:23","slug":"pesquisa","status":"publish","type":"page","link":"https:\/\/www2.uepg.br\/biomodel\/pesquisa\/","title":{"rendered":"PESQUISA"},"content":{"rendered":"<div id=\"pl-281\"  class=\"panel-layout\" ><div id=\"pg-281-0\"  class=\"panel-grid panel-no-style\" ><div id=\"pgc-281-0-0\"  class=\"panel-grid-cell\" ><div id=\"panel-281-0-0-0\" class=\"so-panel widget widget_sow-tabs panel-first-child panel-last-child\" data-index=\"0\" ><div\n\t\t\t\n\t\t\tclass=\"so-widget-sow-tabs so-widget-sow-tabs-default-7ffeb740f1ed-281\"\n\t\t\t\n\t\t><div class=\"sow-tabs\">\n\t<div class=\"sow-tabs-tab-container\" role=\"tablist\">\n\t\t\t<div class=\"sow-tabs-tab sow-tabs-tab-selected\"\n\t\t\t role=\"tab\" data-anchor=\"biologia-integrativa-e-modelagem-em-exig%c3%aancias-nutricionais-de-porcas-gestantes-e-lactantes\"\n\t\t\t aria-selected=\"true\" tabindex=\"0\">\n\t\t\t<div class=\"sow-tabs-title sow-tabs-title-icon-left\">\n\t\t\t\t\t\t\t\tBiologia integrativa e modelagem em exig\u00eancias nutricionais de porcas gestantes e lactantes\t\t\t\t\t\t\t<\/div>\n\t\t<\/div>\n\t\t\t<div class=\"sow-tabs-tab\"\n\t\t\t role=\"tab\" data-anchor=\"aditivos-para-leit%c3%b5es-p%c3%b3s-desmame-e-em-creche-estudo-meta-anal%c3%adtico\"\n\t\t\t aria-selected=\"false\" tabindex=\"-1\">\n\t\t\t<div class=\"sow-tabs-title sow-tabs-title-icon-left\">\n\t\t\t\t\t\t\t\tAditivos para leit\u00f5es p\u00f3s-desmame e em creche: estudo meta-anal\u00edtico\t\t\t\t\t\t\t<\/div>\n\t\t<\/div>\n\t\t\t<div class=\"sow-tabs-tab\"\n\t\t\t role=\"tab\" data-anchor=\"exig%c3%aancias-de-su%c3%adnos-em-crescimento-e-termina%c3%a7%c3%a3o-estudo-dos-fatores-atrav%c3%a9s-da-meta-an%c3%a1lise\"\n\t\t\t aria-selected=\"false\" tabindex=\"-1\">\n\t\t\t<div class=\"sow-tabs-title sow-tabs-title-icon-left\">\n\t\t\t\t\t\t\t\tExig\u00eancias de su\u00ednos em crescimento e termina\u00e7\u00e3o: estudo dos fatores atrav\u00e9s da meta-an\u00e1lise\t\t\t\t\t\t\t<\/div>\n\t\t<\/div>\n\t\t<\/div>\n\t\n\t<div class=\"sow-tabs-panel-container\">\n\t\t\t<div class=\"sow-tabs-panel\">\n\t\t\t<div class=\"sow-tabs-panel-content\" role=\"tabpanel\" tabindex=\"0\">\n\t\t\t\t<p>O projeto tem como principal objetivo a consolida\u00e7\u00e3o do grupo e o avan\u00e7o das tem\u00e1ticas desenvolvidas pelo Grupo de Biologia integrativa e modelagem na produ\u00e7\u00e3o de n\u00e3o ruminantes (Diret\u00f3rio de Grupos de Pesquisa do CNPq). Os objetivos inerentes ao projeto geral s\u00e3o: (1) avaliar o modelo InraPorc em porcas hiperprol\u00edficas na gesta\u00e7\u00e3o e lacta\u00e7\u00e3o e desenvolver equa\u00e7\u00f5es para os modelos nutricionais; (2) propor equa\u00e7\u00f5es considerando o impacto dos mediadores metab\u00f3licos na estima\u00e7\u00e3o das exig\u00eancias nutricionais de porcas gestantes e lactantes. Recursos financeiros: Universal MCTI\/CNPq n\u00b014\/2014.<\/p>\n<hr \/>\n<h4><strong>SUBPROJETOS EM DESENVOLVIMENTO<\/strong><\/h4>\n<p><strong>Modelagem e aplica\u00e7\u00e3o do InraPorc em porcas hiperprol\u00edferas<\/strong><br \/>\nDiversos fatores interferem nas exig\u00eancias nutricionais de porcas gestantes e lactantes. Esses fatores s\u00e3o agrupados no modelo InraPorc, o qual permite atrav\u00e9s do perfil animal estimar as exig\u00eancias nutricionais em ambas as fases. Entretanto, o modelo necessita ser ajustado para f\u00eameas mais exigentes nutricionalmente principalmente quanto ao n\u00famero de leit\u00f5es nascidos e desmamados. Projeto de Mestrado \u2013 Programa de P\u00f3s gradua\u00e7\u00e3o em Zootecnia\/UEPG.<\/p>\n<p><strong>Uso de mediadores metab\u00f3licos no desempenho de porcas gestantes e lactantes: meta-an\u00e1lise e modelagem<\/strong><br \/>\nDiversos estudos indicam que o uso dos mediadores metab\u00f3licos (L-carnitina, picolinato de cromo e somatotropina) na alimenta\u00e7\u00e3o de porcas gestantes e lactantes melhora a efici\u00eancia reprodutiva e o desempenho das leitegadas. Esses mediadores alteram a parti\u00e7\u00e3o da energia e o fluxo de nutrientes em n\u00edvel placent\u00e1rio e tecidual. Entretanto, as respostas s\u00e3o vari\u00e1veis e necessitam ser quantificadas e analisadas de forma integrada. Nesse contexto, atrav\u00e9s da meta-an\u00e1lise e modelagem, poder\u00e1 ser quantificada a demanda nutricional e o impacto sobre as exig\u00eancias de porcas na gesta\u00e7\u00e3o e lacta\u00e7\u00e3o como o uso de L-carnitina, somatotropina e picolinato de cromo. Subprojetos desenvolvidos por alunos de inicia\u00e7\u00e3o cient\u00edfica.<\/p>\n<p><strong>Aditivos fitog\u00eanicos na alimenta\u00e7\u00e3o de leit\u00f5es p\u00f3s-desmame e em creche: estudo meta-anal\u00edtico<\/strong><br \/>\nOs aditivos fitog\u00eanicos possuem a\u00e7\u00f5es antimicrobianas e imunomoduladoras sobre a microbiota intestinal, podendo alterar a digest\u00e3o dos nutrientes. Entretanto seus efeitos variam de acordo com a origem bot\u00e2nica, princ\u00edpios ativos e processamento. Dentre os vegetais estudados para leit\u00f5es, os principais s\u00e3o o alho e or\u00e9gano, pimenta, saponinas, extratos c\u00edtricos e \u00f3leos essenciais de ervas arom\u00e1ticas. Atrav\u00e9s de m\u00e9todos meta-anal\u00edticos, espera-se estudar a rela\u00e7\u00e3o do uso dos aditivos fitog\u00eanicos (considerando a apresenta\u00e7\u00e3o, dosagem e mecanismo de a\u00e7\u00e3o) na alimenta\u00e7\u00e3o de leit\u00f5es sobre o desempenho p\u00f3s desmame e em creche.<\/p>\n\t\t\t<\/div>\n\t\t<\/div>\n\t\t\t<div class=\"sow-tabs-panel\">\n\t\t\t<div class=\"sow-tabs-panel-content\" role=\"tabpanel\" aria-hidden=\"true\">\n\t\t\t\t<p>A intensifica\u00e7\u00e3o da produ\u00e7\u00e3o suin\u00edcola vem gerando uma forte press\u00e3o sobre a idade de desmame dos leit\u00f5es. A antecipa\u00e7\u00e3o do desmame causa desordens fisiol\u00f3gicas associadas ao estresse social e ambiental. Em decorr\u00eancia do estresse, o leit\u00e3o aumenta sua predisposi\u00e7\u00e3o a diarreias e infec\u00e7\u00f5es causadas por pat\u00f3genos presentes no meio. Entretanto, com a proibi\u00e7\u00e3o do uso de antimicrobianos de s\u00edntese pela comunidade europeia v\u00e1rias alternativas tem sido propostas para melhorar a resposta imunol\u00f3gica e o desempenho dos leit\u00f5es. Alternativas como acidificantes (\u00e1cidos org\u00e2nicos e sais), pr\u00e9bioticos e pr\u00f3bioticos, enzimas, amino\u00e1cidos (arginina e glutamina) e aditivos fitog\u00eanicos tem sido amplamente estudados para leit\u00f5es em creche. Parte da variabilidade observada nos trabalhos j\u00e1 publicados pode estar relacionada com a diversidade de fatores experimentais potencialmente influentes sobre a resposta dos animais aos aditivos em diferentes formas e n\u00edveis. Para tanto, a utiliza\u00e7\u00e3o da meta-an\u00e1lise como forma de gerar novos resultados ajustados \u00e0 diversidade experimental, a partir de resultados j\u00e1 publicados, surge com uma alternativa vi\u00e1vel. Recursos financeiros: Conselho Nacional de Desenvolvimento Cient\u00edfico e Tecnol\u00f3gico (CNPq), Funda\u00e7\u00e3o Arauc\u00e1ria (FA-PR) e UEPG.<\/p>\n<hr \/>\n<h4><strong>SUBPROJETOS EM DESENVOLVIMENTO<\/strong><\/h4>\n<p><strong>Estudo meta-anal\u00edtico do uso de \u00e1cidos org\u00e2nicos e do \u00e1cido fum\u00e1rico na alimenta\u00e7\u00e3o de leit\u00f5es p\u00f3s-desmame e em creche<\/strong><br \/>\nOs \u00e1cidos org\u00e2nicos s\u00e3o adicionados as dietas visando reduzir o pH e melhorar o epit\u00e9lio do trato gastrintestinal, controlar as bact\u00e9rias patog\u00eanicas e melhorar o aproveitamento dos nutrientes da dieta. Os principais \u00e1cidos utilizados s\u00e3o o \u00e1cido benzoico, fum\u00e1rico, f\u00f3rmico, c\u00edtrico e l\u00e1tico, al\u00e9m dos seus sais e os seus blends (mistura de \u00e1cidos org\u00e2nicos). J\u00e1 o \u00e1cido fum\u00e1rico est\u00e1 entre os acidificantes mais utilizados de forma isolada, o que permite elucidar respostas inerentes \u00e0 sua aplica\u00e7\u00e3o como um antimicrobiano e melhorador de desempenho.<\/p>\n<p><strong>Fontes proteicas, energ\u00e9ticas e tipo de processamento para leit\u00f5es no p\u00f3s-desmame e em creche: estudo meta-anal\u00edtico<\/strong><br \/>\nO processamento t\u00e9rmico em ingredientes energ\u00e9ticos e proteicos tem sido amplamente estudado para leit\u00f5es em creche. A aplica\u00e7\u00e3o de calor e umidade nos gr\u00e3os pode melhorar o aproveitamento dos nutrientes por animais jovens. Al\u00e9m das implica\u00e7\u00f5es digestivas e fisiol\u00f3gicas no desdobramento do milho e da soja, a combina\u00e7\u00e3o das caracter\u00edsticas dos ingredientes e n\u00edvel proteico da dieta s\u00e3o importantes fatores na alimenta\u00e7\u00e3o do leit\u00e3o p\u00f3s-lactente. Ao agrupar essas informa\u00e7\u00f5es ser\u00e1 poss\u00edvel indicar os processamentos mais adequados para a fase.<\/p>\n\t\t\t<\/div>\n\t\t<\/div>\n\t\t\t<div class=\"sow-tabs-panel\">\n\t\t\t<div class=\"sow-tabs-panel-content\" role=\"tabpanel\" aria-hidden=\"true\">\n\t\t\t\t<p>As exig\u00eancias nutricionais de su\u00ednos s\u00e3o estimadas pelos m\u00e9todos emp\u00edrico e fatorial. Atualmente, atrav\u00e9s do conceito de nutri\u00e7\u00e3o de precis\u00e3o com o uso da modelagem, ambos os m\u00e9todos s\u00e3o integrados permitindo atender as exig\u00eancias nutricionais em tempo real e individualmente. A meta-an\u00e1lise permitem quantificar parte dos fatores que interferem diretamente na exig\u00eancia nutricional como os amino\u00e1cidos e aditivos. Al\u00e9m disso, os fatores ambientais (como temperatura, densidade de lote) interferem no consumo de alimento com preju\u00edzos ao crescimento tecidual. A modelagem possibilita agregar essas informa\u00e7\u00f5es e propor novos ajustes a realidade de cada sistema de produ\u00e7\u00e3o. Recursos financeiros: Conselho Nacional de Desenvolvimento Cient\u00edfico e Tecnol\u00f3gico (CNPq), Funda\u00e7\u00e3o Arauc\u00e1ria (FA-PR) e UEPG.<\/p>\n<h4><strong>SUBPROJETOS EM DESENVOLVIMENTO<\/strong><\/h4>\n<p><strong>Rela\u00e7\u00f5es de efici\u00eancia nutricional de amino\u00e1cidos diet\u00e9ticos em su\u00ednos em crescimento\/termina\u00e7\u00e3o<\/strong><br \/>\nA efici\u00eancia nutricional dos amino\u00e1cidos pode ser estimada pela rela\u00e7\u00e3o entre a ingest\u00e3o do nutriente e o ponto de m\u00e1xima deposi\u00e7\u00e3o proteica. No entanto, para isso devem ser considerados os fatores que interferem na taxa de crescimento do animal e as respostas dos demais nutrientes da dieta sobre o ganho de peso. A estima\u00e7\u00e3o dos rendimentos decrescentes visa atender a demanda nutricional do su\u00edno que atingiu o m\u00e1ximo potencial de crescimento sem superestimar as exig\u00eancias nutricionais. Projeto de Doutorado \u2013 Programa de P\u00f3s gradua\u00e7\u00e3o em Zootecnia\/UFRGS.<\/p>\n<p><strong>Estudo meta-anal\u00edtico dos fatores f\u00edsicos sobre caracter\u00edsticas de desempenho, carca\u00e7a e qualidade de carne em su\u00ednos<\/strong><br \/>\nFatores como temperatura, tipo de piso, o espa\u00e7amento de animais ao comedouro, \u00e1rea animal e n\u00famero de animais por lote tem contribu\u00eddo na determina\u00e7\u00e3o de novos padr\u00f5es de consumo de alimento, com consequ\u00eancias na parti\u00e7\u00e3o dos nutrientes e no desempenho. Entretanto, uma melhor compreens\u00e3o dos efeitos isolados destes fatores f\u00edsicos e sua intera\u00e7\u00e3o com caracter\u00edsticas inerentes ao animal poderiam elucidar quest\u00f5es ligadas \u00e0 qualidade da carne su\u00edna. Este projeto tem o objetivo, de atrav\u00e9s de m\u00e9todos meta-anal\u00edticos, estudar a rela\u00e7\u00e3o destes fatores f\u00edsicos sobre o desempenho e caracter\u00edsticas quali e quantitativas da carca\u00e7a de su\u00ednos.<\/p>\n\t\t\t<\/div>\n\t\t<\/div>\n\t\t<\/div>\n<\/div>\n<\/div><\/div><\/div><\/div><\/div>","protected":false},"excerpt":{"rendered":"<p>Biologia integrativa e modelagem em exig\u00eancias nutricionais de porcas gestantes e lactantes Aditivos para leit\u00f5es p\u00f3s-desmame e em creche: estudo meta-anal\u00edtico Exig\u00eancias de su\u00ednos em crescimento e termina\u00e7\u00e3o: estudo dos fatores atrav\u00e9s da meta-an\u00e1lise O projeto tem como principal objetivo a consolida\u00e7\u00e3o do grupo e o avan\u00e7o das tem\u00e1ticas desenvolvidas pelo Grupo de Biologia integrativa&nbsp;&hellip;<\/p>\n","protected":false},"author":24,"featured_media":0,"parent":0,"menu_order":0,"comment_status":"closed","ping_status":"closed","template":"","meta":[],"_links":{"self":[{"href":"https:\/\/www2.uepg.br\/biomodel\/wp-json\/wp\/v2\/pages\/281"}],"collection":[{"href":"https:\/\/www2.uepg.br\/biomodel\/wp-json\/wp\/v2\/pages"}],"about":[{"href":"https:\/\/www2.uepg.br\/biomodel\/wp-json\/wp\/v2\/types\/page"}],"author":[{"embeddable":true,"href":"https:\/\/www2.uepg.br\/biomodel\/wp-json\/wp\/v2\/users\/24"}],"replies":[{"embeddable":true,"href":"https:\/\/www2.uepg.br\/biomodel\/wp-json\/wp\/v2\/comments?post=281"}],"version-history":[{"count":2,"href":"https:\/\/www2.uepg.br\/biomodel\/wp-json\/wp\/v2\/pages\/281\/revisions"}],"predecessor-version":[{"id":283,"href":"https:\/\/www2.uepg.br\/biomodel\/wp-json\/wp\/v2\/pages\/281\/revisions\/283"}],"wp:attachment":[{"href":"https:\/\/www2.uepg.br\/biomodel\/wp-json\/wp\/v2\/media?parent=281"}],"curies":[{"name":"wp","href":"https:\/\/api.w.org\/{rel}","templated":true}]}}