{"id":136,"date":"2021-02-03T10:03:51","date_gmt":"2021-02-03T13:03:51","guid":{"rendered":"http:\/\/www2.uepg.br\/caic\/?page_id=136"},"modified":"2021-02-03T10:03:51","modified_gmt":"2021-02-03T13:03:51","slug":"proposta-pedagogica","status":"publish","type":"page","link":"https:\/\/www2.uepg.br\/caic\/proposta-pedagogica\/","title":{"rendered":"Proposta Pedag\u00f3gica"},"content":{"rendered":"<h2><span style=\"color: #16648e;\">Proposta Pedag\u00f3gica<\/span><\/h2>\n<hr size=\"2\" \/>\n<p>Com sua implementa\u00e7\u00e3o pretende-se desencadear um\u00a0 novo processo de a\u00e7\u00e3o-reflex\u00e3o-a\u00e7\u00e3o, ao mesmo tempo global e setorial, buscando a melhoria cont\u00ednua dos servi\u00e7os\u00a0 ofertados pelo CAIC.<\/p>\n<p><strong><em>\u00c9 miss\u00e3o desta escola formar o cidad\u00e3o para o mundo contempor\u00e2neo com consci\u00eancia de suas ra\u00edzes hist\u00f3ricas, e capaz de afirmar a sua identidade, preparando-o para a vida.<\/em><\/strong><\/p>\n<p><strong>Metas a longo prazo<\/strong>:<\/p>\n<ul>\n<li>A efetiva\u00e7\u00e3o do presente projeto, criando as condi\u00e7\u00f5es necess\u00e1rias para coloc\u00e1-lo em a\u00e7\u00e3o.<\/li>\n<li>O aprimoramento da qualidade do processo educativo fundamentado nos pressupostos filos\u00f3ficos, epistemol\u00f3gicos e did\u00e1tico-pedag\u00f3gicos\u00a0 deste projeto.<\/li>\n<li>A viabiliza\u00e7\u00e3o de experi\u00eancias democr\u00e1ticas, tanto nas a\u00e7\u00f5es administrativas quanto pedag\u00f3gicas, possibilitando a longo prazo\u00a0 a constru\u00e7\u00e3o de uma gest\u00e3o participativa e democr\u00e1tica.<\/li>\n<li>O refor\u00e7o da autonomia constru\u00edda, atrav\u00e9s de maior delega\u00e7\u00e3o de compet\u00eancias e responsabilidades aos\u00a0 setores\/ sujeitos da escola.<\/li>\n<li>A maior participa\u00e7\u00e3o na vida da escola por parte dos sujeitos nela envolvidos, especialmente, pais, alunos, professores,\u00a0 funcion\u00e1rios e outros membros da comunidade local.<\/li>\n<\/ul>\n<p><strong>Metas a m\u00e9dio prazo<\/strong>:<\/p>\n<ul>\n<li>A prioridade das fun\u00e7\u00f5es pedag\u00f3gicas e cient\u00edficas sobre as fun\u00e7\u00f5es administrativas, e consequentemente preval\u00eancia da gest\u00e3o pedag\u00f3gica sobre a administrativa.<\/li>\n<li>A dinamiza\u00e7\u00e3o do trabalho dos gestores das Divis\u00f5es, das Escolas e Se\u00e7\u00f5es, que dever\u00e1 ser desenvolvida de forma articulada e compartilhada.<\/li>\n<li>A maior conscientiza\u00e7\u00e3o das normas da CAIC, constantes no regimento interno\u00a0 para toda comunidade escolar.<\/li>\n<li>A valoriza\u00e7\u00e3o profissional e social dos professores e funcion\u00e1rios, elementos chave nesse processo de\u00a0 mudan\u00e7a e inova\u00e7\u00e3o.<\/li>\n<li>A cria\u00e7\u00e3o de condi\u00e7\u00f5es necess\u00e1rias ao favorecimento do sucesso educativo e escolar dos alunos, melhorando os meios de a\u00e7\u00e3o social escolar e os recursos de apoio did\u00e1tico-pedag\u00f3gico.<\/li>\n<li>O progressivo redimensionamento do CAIC, com maior racionaliza\u00e7\u00e3o na utiliza\u00e7\u00e3o dos recursos financeiros, das instala\u00e7\u00f5es e respectivos equipamentos.<\/li>\n<li>A maior dinamiza\u00e7\u00e3o da escola como espa\u00e7o privilegiado de saber, da cultura e da conviv\u00eancia humana, por onde deve\u00a0 passar necessariamente a inova\u00e7\u00e3o e a moderniza\u00e7\u00e3o da sociedade.<\/li>\n<li>A cria\u00e7\u00e3o de um laborat\u00f3rio de inform\u00e1tica educacional, para ser utilizado por professores e alunos em atividades pedag\u00f3gicas.<\/li>\n<li>A aquisi\u00e7\u00e3o de instrumentos musicais para a amplia\u00e7\u00e3o da fanfarra da escola.<\/li>\n<li>A melhoria dos ambientes escolares atrav\u00e9s de servi\u00e7os de manuten\u00e7\u00e3o e reformas, e melhor adequa\u00e7\u00e3o dos\u00a0 servi\u00e7os de limpeza das diversas \u00e1reas da escola.<\/li>\n<\/ul>\n<p>A forma\u00e7\u00e3o de professores e funcion\u00e1rios comprometidas com a filosofia de trabalho adotada.<\/p>\n","protected":false},"excerpt":{"rendered":"<p>Proposta Pedag\u00f3gica Com sua implementa\u00e7\u00e3o pretende-se desencadear um\u00a0 novo processo de a\u00e7\u00e3o-reflex\u00e3o-a\u00e7\u00e3o, ao mesmo tempo global e setorial, buscando a melhoria cont\u00ednua dos servi\u00e7os\u00a0 ofertados pelo CAIC. \u00c9 miss\u00e3o desta escola formar o cidad\u00e3o para o mundo contempor\u00e2neo com consci\u00eancia de suas ra\u00edzes hist\u00f3ricas, e capaz de afirmar a sua identidade, preparando-o para a vida.&nbsp;&hellip;<\/p>\n","protected":false},"author":204,"featured_media":0,"parent":0,"menu_order":0,"comment_status":"closed","ping_status":"closed","template":"","meta":[],"_links":{"self":[{"href":"https:\/\/www2.uepg.br\/caic\/wp-json\/wp\/v2\/pages\/136"}],"collection":[{"href":"https:\/\/www2.uepg.br\/caic\/wp-json\/wp\/v2\/pages"}],"about":[{"href":"https:\/\/www2.uepg.br\/caic\/wp-json\/wp\/v2\/types\/page"}],"author":[{"embeddable":true,"href":"https:\/\/www2.uepg.br\/caic\/wp-json\/wp\/v2\/users\/204"}],"replies":[{"embeddable":true,"href":"https:\/\/www2.uepg.br\/caic\/wp-json\/wp\/v2\/comments?post=136"}],"version-history":[{"count":1,"href":"https:\/\/www2.uepg.br\/caic\/wp-json\/wp\/v2\/pages\/136\/revisions"}],"predecessor-version":[{"id":137,"href":"https:\/\/www2.uepg.br\/caic\/wp-json\/wp\/v2\/pages\/136\/revisions\/137"}],"wp:attachment":[{"href":"https:\/\/www2.uepg.br\/caic\/wp-json\/wp\/v2\/media?parent=136"}],"curies":[{"name":"wp","href":"https:\/\/api.w.org\/{rel}","templated":true}]}}