{"id":38,"date":"2020-07-21T10:26:54","date_gmt":"2020-07-21T13:26:54","guid":{"rendered":"http:\/\/www2.uepg.br\/cdph\/?page_id=38"},"modified":"2025-12-03T15:30:09","modified_gmt":"2025-12-03T18:30:09","slug":"apresentacao","status":"publish","type":"page","link":"https:\/\/www2.uepg.br\/cdph\/apresentacao\/","title":{"rendered":"Apresenta\u00e7\u00e3o"},"content":{"rendered":"<h4 id=\"PD\" align=\"justify\"><strong>Preserva\u00e7\u00e3o documental:<\/strong><\/h4>\n<p align=\"justify\">A preserva\u00e7\u00e3o e conserva\u00e7\u00e3o documental contemplam a quest\u00e3o da identidade regional, uma garantia do direito a mem\u00f3ria individual e coletiva, que desempenha um papel fundamental e\u00a0 amplia as possibilidades do exerc\u00edcio da cidadania cultural.<br \/>\nA conserva\u00e7\u00e3o \u00e9 uma s\u00e9rie de a\u00e7\u00f5es estabilizadoras que visa desacelerar o processo de degrada\u00e7\u00e3o de documentos, por meio do controle ambiental e de outros tratamentos espec\u00edficos. Esse processo se d\u00e1 atrav\u00e9s de um conjunto de procedimentos e medidas como a higieniza\u00e7\u00e3o peri\u00f3dica, temperatura ambiental adequada, cuidados com a ilumina\u00e7\u00e3o, natureza dos materiais e suportes para a guarda documental, cuidados no manuseio e seguran\u00e7a no ambiente com a finalidade de impedir danos e garantir o prolongamento da vida \u00fatil dos acervos documentais. A conserva\u00e7\u00e3o preventiva \u00e9 o meio eficaz de amplia\u00e7\u00e3o das possibilidades da preserva\u00e7\u00e3o documental.<br \/>\nA preserva\u00e7\u00e3o \u00e9 mais ampla, para al\u00e9m da conserva\u00e7\u00e3o f\u00edsica dos suportes materiais, constitui-se tamb\u00e9m como parte de um corpo representado pela gest\u00e3o, acesso e difus\u00e3o da informa\u00e7\u00e3o e do conhecimento.\u00a0Constitui a preserva\u00e7\u00e3o documental alicerce para a constru\u00e7\u00e3o do conhecimento cient\u00edfico, contributo na possibilidade de interferir na sua transforma\u00e7\u00e3o em conhecimento p\u00fablico, acesso \u00e0 informa\u00e7\u00e3o, direito \u00e0 cultura e meios de consci\u00eancia social.<br \/>\nEm s\u00edntese, a preserva\u00e7\u00e3o documental deve ser entendida como uma atividade multidisciplinar, dando a garantia para que o documento ou objeto tenha sua materialidade e funcionalidade resguardadas pelo maior tempo poss\u00edvel. E ainda, nesse campo de pesquisa da preserva\u00e7\u00e3o documental, de maneira em geral, permite que se ampliem as possibilidades de desvendar os m\u00faltiplos processos vivenciados pela sociedade.<br \/>\nDesta forma, buscando disponibilizar trajetos que nos conduzam a perceber as trilhas percorridas, as rela\u00e7\u00f5es, as emo\u00e7\u00f5es, os sentimentos, os conflitos presentes no conv\u00edvio social de determinada sociedade \u00e9 que o CDPH \u2013 Centro de Documenta\u00e7\u00e3o e Pesquisa em Hist\u00f3ria, da UEPG, objetiva a guarda, a preserva\u00e7\u00e3o e a conserva\u00e7\u00e3o de documentos, principalmente, relativos \u00e0 hist\u00f3ria local e regional com a finalidade de suporte \u00e0s atividades de ensino e de pesquisa.<br \/>\nO processo de descri\u00e7\u00e3o desses acervos consiste na elabora\u00e7\u00e3o de instrumento de pesquisa que possibilitem identificar, rastrear e localizar dados.\u00a0As metas-tarefas s\u00e3o estabelecidas periodicamente para que se atinja aos objetivos propostos.<br \/>\nDentre os documentos preservados e dispon\u00edveis para pesquisas est\u00e3o significativos fundos de arquivo que cont\u00eam documentos textuais, bibliogr\u00e1ficos, iconogr\u00e1ficos e fonogr\u00e1ficos. Esses fundos de arquivo est\u00e3o dispon\u00edveis para consultas e pesquisas para alunos, pesquisadores e comunidade em geral.<\/p>\n<h4 id=\"MI\"><strong>Miss\u00e3o:<\/strong><\/h4>\n<p>Incentivar a\u00e7\u00f5es para sensibilizar, capacitar e implementar a cultura da preserva\u00e7\u00e3o da mem\u00f3ria hist\u00f3rica, tanto aos acad\u00eamicos de Hist\u00f3ria como de \u00e1reas afins e comunidade em geral.<\/p>\n<p>&nbsp;<\/p>\n<h4 align=\"justify\"><strong id=\"FI\">Finalidades:<\/strong><\/h4>\n<div align=\"justify\">\n<ul>\n<li>Manter intactos os acervos hist\u00f3ricos doados ou adquiridos pelo Departamento de Hist\u00f3ria, conforme o princ\u00edpio de proveni\u00eancia, ou seja, manter o processo pelos quais os originaram, mantendo-se a organiza\u00e7\u00e3o por fundo arquiv\u00edstico;<\/li>\n<li>Promover a otimiza\u00e7\u00e3o na busca de informa\u00e7\u00f5es e pesquisas;<\/li>\n<li>Oferecer recursos did\u00e1tico-metodol\u00f3gicos para a realiza\u00e7\u00e3o das pesquisas por acad\u00eamicos e pesquisadores em geral, como exemplo: \u00edndices, guias para agilizar a busca das informa\u00e7\u00f5es;<\/li>\n<li>Oferecer suporte para as atividades de ensino e pesquisa;<\/li>\n<li>Elaborar e desenvolver projetos de interesse do Departamento de Hist\u00f3ria no que se refere \u00e0 preserva\u00e7\u00e3o e conserva\u00e7\u00e3o dos acervos hist\u00f3ricos;<\/li>\n<li>Prestar servi\u00e7os \u00e0s entidades do setor p\u00fablico ou privado, ap\u00f3s pr\u00e9via aprova\u00e7\u00e3o do Departamento de Hist\u00f3ria, atendendo sempre \u00e0s disposi\u00e7\u00f5es regimentais e estatut\u00e1rias da Universidade.<\/li>\n<\/ul>\n<p>&nbsp;<\/p>\n<\/div>\n<h4><strong id=\"OB\">Objetivos:<\/strong><\/h4>\n<ul>\n<li>Preservar e conservar os acervos documentais e bibliogr\u00e1ficos doados e\/ou adquiridos pelo Departamento de Hist\u00f3ria;<\/li>\n<li>Preservar parte da mem\u00f3ria\/hist\u00f3ria intelectual e documental paranaense;<\/li>\n<li>Possibilitar um espa\u00e7o de pesquisa para os acad\u00eamicos, estagi\u00e1rios e profissionais das mais diversas \u00e1reas do saber;<\/li>\n<li>Proporcionar instrumentos de pesquisa a projetos de gradua\u00e7\u00e3o, p\u00f3s-gradua\u00e7\u00e3o de institui\u00e7\u00f5es de ensino superior;<\/li>\n<li>Oportunizar campo de est\u00e1gio para acad\u00eamicos do curso de hist\u00f3ria e \u00e1reas afins;<\/li>\n<\/ul>\n<p>&nbsp;<\/p>\n","protected":false},"excerpt":{"rendered":"<p>Preserva\u00e7\u00e3o documental: A preserva\u00e7\u00e3o e conserva\u00e7\u00e3o documental contemplam a quest\u00e3o da identidade regional, uma garantia do direito a mem\u00f3ria individual e coletiva, que desempenha um papel fundamental e\u00a0 amplia as possibilidades do exerc\u00edcio da cidadania cultural. A conserva\u00e7\u00e3o \u00e9 uma s\u00e9rie de a\u00e7\u00f5es estabilizadoras que visa desacelerar o processo de degrada\u00e7\u00e3o de documentos, por meio&nbsp;&hellip;<\/p>\n","protected":false},"author":24,"featured_media":429,"parent":0,"menu_order":0,"comment_status":"closed","ping_status":"closed","template":"","meta":[],"_links":{"self":[{"href":"https:\/\/www2.uepg.br\/cdph\/wp-json\/wp\/v2\/pages\/38"}],"collection":[{"href":"https:\/\/www2.uepg.br\/cdph\/wp-json\/wp\/v2\/pages"}],"about":[{"href":"https:\/\/www2.uepg.br\/cdph\/wp-json\/wp\/v2\/types\/page"}],"author":[{"embeddable":true,"href":"https:\/\/www2.uepg.br\/cdph\/wp-json\/wp\/v2\/users\/24"}],"replies":[{"embeddable":true,"href":"https:\/\/www2.uepg.br\/cdph\/wp-json\/wp\/v2\/comments?post=38"}],"version-history":[{"count":7,"href":"https:\/\/www2.uepg.br\/cdph\/wp-json\/wp\/v2\/pages\/38\/revisions"}],"predecessor-version":[{"id":409,"href":"https:\/\/www2.uepg.br\/cdph\/wp-json\/wp\/v2\/pages\/38\/revisions\/409"}],"wp:featuredmedia":[{"embeddable":true,"href":"https:\/\/www2.uepg.br\/cdph\/wp-json\/wp\/v2\/media\/429"}],"wp:attachment":[{"href":"https:\/\/www2.uepg.br\/cdph\/wp-json\/wp\/v2\/media?parent=38"}],"curies":[{"name":"wp","href":"https:\/\/api.w.org\/{rel}","templated":true}]}}