{"id":156,"date":"2023-10-30T09:19:25","date_gmt":"2023-10-30T12:19:25","guid":{"rendered":"https:\/\/www2.uepg.br\/cipa\/?page_id=156"},"modified":"2023-11-01T16:21:23","modified_gmt":"2023-11-01T19:21:23","slug":"calendario","status":"publish","type":"page","link":"https:\/\/www2.uepg.br\/cipa\/calendario\/","title":{"rendered":"Calend\u00e1rio"},"content":{"rendered":"<p style=\"text-align: center\"><strong>Calend\u00e1rio de Reuni\u00f5es Ordin\u00e1rias<\/strong><\/p>\n<p style=\"text-align: center\"><strong>Gest\u00e3o 2023-2024<\/strong><\/p>\n<p>As reuni\u00f5es mensais dos membros da CIPA gest\u00e3o 2023\/2024, acontecer\u00e3o na 2\u00aa quinta-feira do m\u00eas no hor\u00e1rio das 09;00 horas, sendo postergadas para a semana seguinte em caso de feriado.<\/p>\n<p>&nbsp;<\/p>\n<table style=\"height: 385px\" width=\"285\">\n<tbody>\n<tr>\n<td width=\"165\"><strong>Data<\/strong><\/td>\n<td width=\"106\"><strong>Hor\u00e1rio<\/strong><\/td>\n<\/tr>\n<tr>\n<td width=\"165\">19\/10\/2023<\/td>\n<td width=\"106\">09h<\/td>\n<\/tr>\n<tr>\n<td width=\"165\">09\/11\/2023<\/td>\n<td width=\"106\">09h<\/td>\n<\/tr>\n<tr>\n<td width=\"165\">14\/12\/2023<\/td>\n<td width=\"106\">09h<\/td>\n<\/tr>\n<tr>\n<td width=\"165\">08\/02\/2024<\/td>\n<td width=\"106\">09h<\/td>\n<\/tr>\n<tr>\n<td width=\"165\">14\/03\/2024<\/td>\n<td width=\"106\">09h<\/td>\n<\/tr>\n<tr>\n<td width=\"165\">11\/04\/2024<\/td>\n<td width=\"106\">09h<\/td>\n<\/tr>\n<tr>\n<td width=\"165\">09\/05\/2024<\/td>\n<td width=\"106\">09h<\/td>\n<\/tr>\n<tr>\n<td width=\"165\">13\/06\/2024<\/td>\n<td width=\"106\">09h<\/td>\n<\/tr>\n<tr>\n<td width=\"165\">11\/07\/2024<\/td>\n<td width=\"106\">09h<\/td>\n<\/tr>\n<tr>\n<td width=\"165\">08\/08\/2024<\/td>\n<td width=\"106\">09h<\/td>\n<\/tr>\n<tr>\n<td width=\"165\">12\/09\/2024<\/td>\n<td width=\"106\">09h<\/td>\n<\/tr>\n<tr>\n<td width=\"165\">10\/10\/2024<\/td>\n<td width=\"106\">09h<\/td>\n<\/tr>\n<\/tbody>\n<\/table>\n<p>As reuni\u00f5es programadas para o ano de 2024 poder\u00e3o sofrer altera\u00e7\u00f5es considerando que o calend\u00e1rio institucional ainda n\u00e3o foi definido.<\/p>\n<p>&nbsp;<\/p>\n<p>&nbsp;<\/p>\n<p style=\"text-align: center\">Marcelo Hartmann<\/p>\n<p style=\"text-align: center\">Presidente CIPA UEPG &#8211; Gest\u00e3o 2023\/2024<\/p>\n<p style=\"text-align: center\">\n","protected":false},"excerpt":{"rendered":"<p>Calend\u00e1rio de Reuni\u00f5es Ordin\u00e1rias Gest\u00e3o 2023-2024 As reuni\u00f5es mensais dos membros da CIPA gest\u00e3o 2023\/2024, acontecer\u00e3o na 2\u00aa quinta-feira do m\u00eas no hor\u00e1rio das 09;00 horas, sendo postergadas para a semana seguinte em caso de feriado. &nbsp; Data Hor\u00e1rio 19\/10\/2023 09h 09\/11\/2023 09h 14\/12\/2023 09h 08\/02\/2024 09h 14\/03\/2024 09h 11\/04\/2024 09h 09\/05\/2024 09h 13\/06\/2024 09h&nbsp;&hellip;<\/p>\n","protected":false},"author":661,"featured_media":0,"parent":0,"menu_order":0,"comment_status":"closed","ping_status":"closed","template":"","meta":[],"_links":{"self":[{"href":"https:\/\/www2.uepg.br\/cipa\/wp-json\/wp\/v2\/pages\/156"}],"collection":[{"href":"https:\/\/www2.uepg.br\/cipa\/wp-json\/wp\/v2\/pages"}],"about":[{"href":"https:\/\/www2.uepg.br\/cipa\/wp-json\/wp\/v2\/types\/page"}],"author":[{"embeddable":true,"href":"https:\/\/www2.uepg.br\/cipa\/wp-json\/wp\/v2\/users\/661"}],"replies":[{"embeddable":true,"href":"https:\/\/www2.uepg.br\/cipa\/wp-json\/wp\/v2\/comments?post=156"}],"version-history":[{"count":5,"href":"https:\/\/www2.uepg.br\/cipa\/wp-json\/wp\/v2\/pages\/156\/revisions"}],"predecessor-version":[{"id":188,"href":"https:\/\/www2.uepg.br\/cipa\/wp-json\/wp\/v2\/pages\/156\/revisions\/188"}],"wp:attachment":[{"href":"https:\/\/www2.uepg.br\/cipa\/wp-json\/wp\/v2\/media?parent=156"}],"curies":[{"name":"wp","href":"https:\/\/api.w.org\/{rel}","templated":true}]}}