{"id":128,"date":"2022-03-03T09:06:37","date_gmt":"2022-03-03T12:06:37","guid":{"rendered":"https:\/\/www2.uepg.br\/computacaoaplicada\/?page_id=128"},"modified":"2024-06-27T09:10:06","modified_gmt":"2024-06-27T12:10:06","slug":"contato","status":"publish","type":"page","link":"https:\/\/www2.uepg.br\/computacaoaplicada\/contato\/","title":{"rendered":"Contato"},"content":{"rendered":"<p><span style=\"color: #008000;\"><strong>Coordena\u00e7\u00e3o do curso:<\/strong><\/span><br \/>\n<span style=\"color: #008000;\">Prof\u00aa. Dr\u00aa. Maria Salete Marcon Gomes Vaz.<\/span><\/p>\n<p><span style=\"color: #008000;\">Email: <strong><a style=\"color: #008000;\" href=\"mailto:salete@uepg.br\">salete@uepg.br<\/a>\u00a0<\/strong>ou <strong><a style=\"color: #008000;\" href=\"mailto:mestradoca@uepg.br\">mestradoca@uepg.br<\/a><\/strong><\/span><br \/>\n<span style=\"color: #008000;\">Telefone: <strong>3220-3188<\/strong> ou\u00a0<strong>(42) 99915-5737 (Whatsapp)<\/strong><\/span><\/p>\n<p><span style=\"color: #008000;\">Endere\u00e7o:<\/span><br \/>\n<span style=\"color: #008000;\">Universidade Estadual de Ponta Grossa<\/span><br \/>\n<span style=\"color: #008000;\">Secretaria do Programa de P\u00f3s Gradua\u00e7\u00e3o em Computa\u00e7\u00e3o Aplicada<\/span><br \/>\n<span style=\"color: #008000;\">Campus Universit\u00e1rio de Uvaranas \u2013 Bloco L \u2013 Sala CCA 13<\/span><br \/>\n<span style=\"color: #008000;\">Av. Carlos Cavalcanti, 4748<\/span><br \/>\n<span style=\"color: #008000;\">CEP: 84030-900 \u2013 Ponta Grossa \u2013 PR<\/span><\/p>\n<p>&nbsp;<\/p>\n","protected":false},"excerpt":{"rendered":"<p>Coordena\u00e7\u00e3o do curso: Prof\u00aa. Dr\u00aa. Maria Salete Marcon Gomes Vaz. Email: salete@uepg.br\u00a0ou mestradoca@uepg.br Telefone: 3220-3188 ou\u00a0(42) 99915-5737 (Whatsapp) Endere\u00e7o: Universidade Estadual de Ponta Grossa Secretaria do Programa de P\u00f3s Gradua\u00e7\u00e3o em Computa\u00e7\u00e3o Aplicada Campus Universit\u00e1rio de Uvaranas \u2013 Bloco L \u2013 Sala CCA 13 Av. Carlos Cavalcanti, 4748 CEP: 84030-900 \u2013 Ponta Grossa \u2013 PR&nbsp;&hellip;<\/p>\n","protected":false},"author":378,"featured_media":1519,"parent":0,"menu_order":0,"comment_status":"closed","ping_status":"closed","template":"","meta":[],"_links":{"self":[{"href":"https:\/\/www2.uepg.br\/computacaoaplicada\/wp-json\/wp\/v2\/pages\/128"}],"collection":[{"href":"https:\/\/www2.uepg.br\/computacaoaplicada\/wp-json\/wp\/v2\/pages"}],"about":[{"href":"https:\/\/www2.uepg.br\/computacaoaplicada\/wp-json\/wp\/v2\/types\/page"}],"author":[{"embeddable":true,"href":"https:\/\/www2.uepg.br\/computacaoaplicada\/wp-json\/wp\/v2\/users\/378"}],"replies":[{"embeddable":true,"href":"https:\/\/www2.uepg.br\/computacaoaplicada\/wp-json\/wp\/v2\/comments?post=128"}],"version-history":[{"count":22,"href":"https:\/\/www2.uepg.br\/computacaoaplicada\/wp-json\/wp\/v2\/pages\/128\/revisions"}],"predecessor-version":[{"id":2092,"href":"https:\/\/www2.uepg.br\/computacaoaplicada\/wp-json\/wp\/v2\/pages\/128\/revisions\/2092"}],"wp:featuredmedia":[{"embeddable":true,"href":"https:\/\/www2.uepg.br\/computacaoaplicada\/wp-json\/wp\/v2\/media\/1519"}],"wp:attachment":[{"href":"https:\/\/www2.uepg.br\/computacaoaplicada\/wp-json\/wp\/v2\/media?parent=128"}],"curies":[{"name":"wp","href":"https:\/\/api.w.org\/{rel}","templated":true}]}}