{"id":141,"date":"2022-03-03T09:06:38","date_gmt":"2022-03-03T12:06:38","guid":{"rendered":"https:\/\/www2.uepg.br\/computacaoaplicada\/?page_id=141"},"modified":"2024-07-25T11:10:04","modified_gmt":"2024-07-25T14:10:04","slug":"formularios","status":"publish","type":"page","link":"https:\/\/www2.uepg.br\/computacaoaplicada\/formularios\/","title":{"rendered":"Formul\u00e1rios"},"content":{"rendered":"<p><span style=\"color: #008000\"><strong>Projeto de Pesquisa<br \/>\n<\/strong><a style=\"color: #008000\" href=\"https:\/\/www2.uepg.br\/computacaoaplicada\/wp-content\/uploads\/sites\/219\/2022\/03\/FORMULARIOENCAMINHAPROJETO.doc\">Formul\u00e1rio\u00a0de Encaminhamento do Projeto de Pesquisa<\/a><\/span><br \/>\n<span style=\"color: #008000\"><a style=\"color: #008000\" href=\"https:\/\/www2.uepg.br\/computacaoaplicada\/wp-content\/uploads\/sites\/219\/2022\/03\/PPGCA_ModeloProjeto_Pesquisa2019-1.doc\">Modelo do Projeto de Pesquisa<\/a><\/span><\/p>\n<p><span style=\"color: #008000\"><strong>Qualifica\u00e7\u00e3o<br \/>\n<\/strong><a style=\"color: #008000\" href=\"https:\/\/www2.uepg.br\/computacaoaplicada\/wp-content\/uploads\/sites\/219\/2022\/03\/PPGCAFormularioSolicitarExamedequalificacao.docx\" target=\"_blank\" rel=\"noopener\">Formul\u00e1rio de Solicita\u00e7\u00e3o de Exame de Qualifica\u00e7\u00e3o<\/a><\/span><br \/>\n<span style=\"color: #008000\"><a style=\"color: #008000\" href=\"https:\/\/www2.uepg.br\/computacaoaplicada\/wp-content\/uploads\/sites\/219\/2022\/03\/Instrucoes-para-Exame-de-Qualificacao1.pdf\" target=\"_blank\" rel=\"noopener\">Instru\u00e7\u00f5es para Exame de Qualifica\u00e7\u00e3o<\/a><\/span><\/p>\n<p><span style=\"color: #008000\"><strong>Pr\u00e9-defesa<\/strong><\/span><\/p>\n<p><span style=\"color: #008000\"><a style=\"color: #008000\" href=\"https:\/\/www2.uepg.br\/computacaoaplicada\/wp-content\/uploads\/sites\/219\/2022\/03\/PPGCA-Requerimento-de-Defesa.doc\">Requerimento de Defesa de Disserta\u00e7\u00e3o<\/a><\/span><\/p>\n<p><span style=\"color: #008000\"><strong>P\u00f3s-defesa<\/strong><a style=\"color: #008000\" href=\"https:\/\/www2.uepg.br\/computacaoaplicada\/wp-content\/uploads\/sites\/219\/2022\/03\/PPGCA-Requerimento-de-Defesa.doc\"><br \/>\n<\/a><a style=\"color: #008000\" href=\"https:\/\/www2.uepg.br\/computacaoaplicada\/wp-content\/uploads\/sites\/219\/2024\/07\/Esse_TEDE___Termo_de_autorizacao___19.07.2024__1_.pdf\">Termo de Autoriza\u00e7\u00e3o para Publica\u00e7\u00e3o Eletr\u00f4nica na BTD na UEPG<\/a><br \/>\n<\/span><\/p>\n<p><span style=\"color: #008000\"><strong>Est\u00e1gio de Doc\u00eancia<br \/>\n<\/strong><a style=\"color: #008000\" href=\"http:\/\/www2.uepg.br\/propesp\/wp-content\/uploads\/sites\/219\/2022\/03\/Resolucao-CEPE-021-2016_Anexo-I.doc\">Plano de Atividades de Est\u00e1gio de Doc\u00eancia<\/a><a style=\"color: #008000\" href=\"https:\/\/www2.uepg.br\/computacaoaplicada\/wp-content\/uploads\/sites\/219\/2022\/03\/03-Orientacoes-para-Elaboracao-do-Relatorio-de-Estagio-de-Docencia-2014_2.pdf\" target=\"_blank\" rel=\"noopener\"><br \/>\n<\/a><a style=\"color: #008000\" href=\"http:\/\/www2.uepg.br\/propesp\/wp-content\/uploads\/sites\/219\/2022\/03\/Resolucao-CEPE-021-2016_Anexo-II.doc\">Relat\u00f3rio das Atividades de Est\u00e1gio de Doc\u00eancia<\/a><strong><br \/>\n<\/strong><\/span><\/p>\n<p><span style=\"color: #008000\"><strong>Outros<br \/>\n<\/strong><a style=\"color: #008000\" href=\"https:\/\/www2.uepg.br\/computacaoaplicada\/wp-content\/uploads\/sites\/219\/2022\/03\/PPGCA_ModeloRelatorio_Atividades_Bolsista.doc\">Relat\u00f3rio de Atividades \u2013 Bolsista<\/a><a style=\"color: #008000\" href=\"https:\/\/www2.uepg.br\/computacaoaplicada\/wp-content\/uploads\/sites\/219\/2022\/03\/03-Orientacoes-para-Elaboracao-do-Relatorio-de-Estagio-de-Docencia-2014_2.pdf\" target=\"_blank\" rel=\"noopener\"><br \/>\n<\/a><a style=\"color: #008000\" href=\"https:\/\/www2.uepg.br\/computacaoaplicada\/wp-content\/uploads\/sites\/219\/2022\/03\/01-Modelo-de-Relatorio-Final-da-Disciplina-Pesquisa-Orientada.pdf\" target=\"_blank\" rel=\"noopener\">Relat\u00f3rio Final da Disciplina Pesquisa Orientada<\/a><a style=\"color: #008000\" href=\"https:\/\/www2.uepg.br\/computacaoaplicada\/wp-content\/uploads\/sites\/219\/2022\/03\/Modelo-de-Relatorio-Final-da-Disciplina-de-Orientacao-ao-Trabalho-de-Dissertacao-ODTI-e-ODTII.pdf\" target=\"_blank\" rel=\"noopener\"><br \/>\nRelat\u00f3rio Final das Disciplinas de Orienta\u00e7\u00e3o de Disserta\u00e7\u00e3o ODM 1 e ODM 2<br \/>\n<\/a><a style=\"color: #008000\" href=\"https:\/\/www2.uepg.br\/computacaoaplicada\/wp-content\/uploads\/sites\/219\/2022\/03\/producao-intelectual.doc\">Produ\u00e7\u00e3o Intelectual \u2013 Bolsista<br \/>\n<\/a><a style=\"color: #008000\" href=\"https:\/\/www2.uepg.br\/computacaoaplicada\/wp-content\/uploads\/sites\/219\/2022\/03\/Formulario-de-Inscricao-para-Eleicao-de-Representante-Discente.doc\">Formul\u00e1rio de Inscri\u00e7\u00e3o para Elei\u00e7\u00e3o de Representante Discente<\/a><\/span><br \/>\n<span style=\"color: #008000\"><a style=\"color: #008000\" href=\"https:\/\/www2.uepg.br\/computacaoaplicada\/wp-content\/uploads\/sites\/219\/2022\/03\/MCACartadeRecomendacao.doc\" target=\"_blank\" rel=\"noopener\">Carta de recomenda\u00e7\u00e3o<\/a><\/span><\/p>\n","protected":false},"excerpt":{"rendered":"<p>Projeto de Pesquisa Formul\u00e1rio\u00a0de Encaminhamento do Projeto de Pesquisa Modelo do Projeto de Pesquisa Qualifica\u00e7\u00e3o Formul\u00e1rio de Solicita\u00e7\u00e3o de Exame de Qualifica\u00e7\u00e3o Instru\u00e7\u00f5es para Exame de Qualifica\u00e7\u00e3o Pr\u00e9-defesa Requerimento de Defesa de Disserta\u00e7\u00e3o P\u00f3s-defesa Termo de Autoriza\u00e7\u00e3o para Publica\u00e7\u00e3o Eletr\u00f4nica na BTD na UEPG Est\u00e1gio de Doc\u00eancia Plano de Atividades de Est\u00e1gio de Doc\u00eancia Relat\u00f3rio&nbsp;&hellip;<\/p>\n","protected":false},"author":378,"featured_media":1519,"parent":0,"menu_order":0,"comment_status":"closed","ping_status":"closed","template":"","meta":[],"_links":{"self":[{"href":"https:\/\/www2.uepg.br\/computacaoaplicada\/wp-json\/wp\/v2\/pages\/141"}],"collection":[{"href":"https:\/\/www2.uepg.br\/computacaoaplicada\/wp-json\/wp\/v2\/pages"}],"about":[{"href":"https:\/\/www2.uepg.br\/computacaoaplicada\/wp-json\/wp\/v2\/types\/page"}],"author":[{"embeddable":true,"href":"https:\/\/www2.uepg.br\/computacaoaplicada\/wp-json\/wp\/v2\/users\/378"}],"replies":[{"embeddable":true,"href":"https:\/\/www2.uepg.br\/computacaoaplicada\/wp-json\/wp\/v2\/comments?post=141"}],"version-history":[{"count":8,"href":"https:\/\/www2.uepg.br\/computacaoaplicada\/wp-json\/wp\/v2\/pages\/141\/revisions"}],"predecessor-version":[{"id":2381,"href":"https:\/\/www2.uepg.br\/computacaoaplicada\/wp-json\/wp\/v2\/pages\/141\/revisions\/2381"}],"wp:featuredmedia":[{"embeddable":true,"href":"https:\/\/www2.uepg.br\/computacaoaplicada\/wp-json\/wp\/v2\/media\/1519"}],"wp:attachment":[{"href":"https:\/\/www2.uepg.br\/computacaoaplicada\/wp-json\/wp\/v2\/media?parent=141"}],"curies":[{"name":"wp","href":"https:\/\/api.w.org\/{rel}","templated":true}]}}