{"id":144,"date":"2022-03-03T09:06:38","date_gmt":"2022-03-03T12:06:38","guid":{"rendered":"https:\/\/www2.uepg.br\/computacaoaplicada\/?page_id=144"},"modified":"2024-07-19T14:32:45","modified_gmt":"2024-07-19T17:32:45","slug":"coordenacao","status":"publish","type":"page","link":"https:\/\/www2.uepg.br\/computacaoaplicada\/coordenacao\/","title":{"rendered":"Coordena\u00e7\u00e3o"},"content":{"rendered":"<p><span style=\"color: #008000\"><strong>Coordena\u00e7\u00e3o do Programa:<br \/>\n<\/strong>Coordenadora: Prof\u00aa. Dr\u00aa.<a style=\"color: #008000\" href=\"http:\/\/lattes.cnpq.br\/2266103198034845\"> Maria Salete Marcon Gomes Vaz<\/a><\/span><br \/>\n<span style=\"color: #008000\">Vice-Coordenador: Prof. Dr. <a style=\"color: #008000\" href=\"http:\/\/lattes.cnpq.br\/3604174612288215\">Adriano Ferrasa<\/a><\/span><\/p>\n<p><span style=\"color: #008000\"><strong>Colegiado de Curso:<br \/>\n<\/strong>Presidente: Prof\u00aa. Dr\u00aa. <a style=\"color: #008000\" href=\"http:\/\/lattes.cnpq.br\/2266103198034845\">Maria Salete Marcon Gomes Vaz<\/a><\/span><br \/>\n<span style=\"color: #008000\">Vice-Presidente: Prof. Dr. <a style=\"color: #008000\" href=\"http:\/\/lattes.cnpq.br\/3604174612288215\">Adriano Ferrasa<\/a><\/span><br \/>\n<span style=\"color: #008000\">Prof. Dr. <a style=\"color: #008000\" href=\"http:\/\/lattes.cnpq.br\/4251936710939364\">Alceu de Souza Britto Junior<\/a><\/span><br \/>\n<span style=\"color: #008000\">Prof. Dr. <a style=\"color: #008000\" href=\"http:\/\/lattes.cnpq.br\/6880696447532558\">Luciano Jos\u00e9 Senger<\/a><\/span><br \/>\n<span style=\"color: #008000\">Prof. Dr. <a style=\"color: #008000\" href=\"http:\/\/lattes.cnpq.br\/3964371281672065\">Rafael Mazer Etto<\/a><\/span><br \/>\n<span style=\"color: #008000\"><a style=\"color: #008000\" href=\"http:\/\/lattes.cnpq.br\/9150508842184546\">Mateus Felipe Ribeiro<\/a> (Representante discente)<\/span><\/p>\n<div>\n<p><span style=\"color: #008000\"><strong>Comiss\u00e3o de Bolsas:<\/strong><\/span><br \/>\n<span style=\"color: #008000\">Prof. Dr. <a style=\"color: #008000\" href=\"http:\/\/lattes.cnpq.br\/2266103198034845\">Maria Salete Marcon Gomes Vaz<\/a>(Presidente)<\/span><br \/>\n<span style=\"color: #008000\">Prof. Dr. <a style=\"color: #008000\" href=\"http:\/\/lattes.cnpq.br\/3604174612288215\">Adriano Ferrasa<\/a> (Representante Docente)<\/span><br \/>\n<span style=\"color: #008000\">Prof. Dr. <a style=\"color: #008000\" href=\"http:\/\/lattes.cnpq.br\/6880696447532558\">Luciano Jos\u00e9 Senger\u00a0 <\/a>(Representante Docente)<\/span><br \/>\n<span style=\"color: #008000\">Prof\u00aa. Dr\u00aa. <a style=\"color: #008000\" href=\"http:\/\/lattes.cnpq.br\/9171690007212041\">Rosane Falate <\/a>(Representante Docente)<\/span><br \/>\n<span style=\"color: #008000\"><a style=\"color: #008000\" href=\"http:\/\/lattes.cnpq.br\/9150508842184546\">Matheus Felipe Ribeiro<\/a> (Representante Discente)<\/span><\/p>\n<p><span style=\"color: #008000\"><strong>Comiss\u00e3o de Autoavalia\u00e7\u00e3o:<\/strong><\/span><br \/>\n<span style=\"color: #008000\">Prof. Dr. <a style=\"color: #008000\" href=\"http:\/\/lattes.cnpq.br\/2266103198034845\">Maria Salete Marcon Gomes Vaz<\/a>(Presidente)<\/span><br \/>\n<span style=\"color: #008000\">Prof. Dr. <a style=\"color: #008000\" href=\"http:\/\/lattes.cnpq.br\/3945991870627440\">Jos\u00e9 Carlos Ferreira da Rocha<\/a> (Representante Docente)<\/span><br \/>\n<span style=\"color: #008000\">Prof\u00aa. Dr\u00aa. <a style=\"color: #008000\" href=\"http:\/\/lattes.cnpq.br\/4366472400277640\">Alaine Margarete Guimar\u00e3es<\/a> (Representante Docente)<\/span><br \/>\n<span style=\"color: #008000\">Me. <a style=\"color: #008000\" href=\"http:\/\/lattes.cnpq.br\/0297506668007756\">Victor Schnepper Lacerda<\/a> (Egresso)<\/span><br \/>\n<span style=\"color: #008000\"><a style=\"color: #008000\" href=\"http:\/\/lattes.cnpq.br\/0760737601073717\">Maria Beatriz Macedo Simon Sola<\/a> (Representante Discente)<\/span><br \/>\n<span style=\"color: #008000\"><a style=\"color: #008000\" href=\"http:\/\/lattes.cnpq.br\/9150508842184546\">Mateus Felipe Ribeiro<\/a> (Representante Discente)<\/span><br \/>\n<span style=\"color: #008000\">Celso Richter\u00a0 (Representante dos T\u00e9cnicos)<\/span><\/p>\n<\/div>\n","protected":false},"excerpt":{"rendered":"<p>Coordena\u00e7\u00e3o do Programa: Coordenadora: Prof\u00aa. Dr\u00aa. Maria Salete Marcon Gomes Vaz Vice-Coordenador: Prof. Dr. Adriano Ferrasa Colegiado de Curso: Presidente: Prof\u00aa. Dr\u00aa. Maria Salete Marcon Gomes Vaz Vice-Presidente: Prof. Dr. Adriano Ferrasa Prof. Dr. Alceu de Souza Britto Junior Prof. Dr. Luciano Jos\u00e9 Senger Prof. Dr. Rafael Mazer Etto Mateus Felipe Ribeiro (Representante discente) Comiss\u00e3o&nbsp;&hellip;<\/p>\n","protected":false},"author":378,"featured_media":1519,"parent":0,"menu_order":0,"comment_status":"closed","ping_status":"closed","template":"","meta":[],"_links":{"self":[{"href":"https:\/\/www2.uepg.br\/computacaoaplicada\/wp-json\/wp\/v2\/pages\/144"}],"collection":[{"href":"https:\/\/www2.uepg.br\/computacaoaplicada\/wp-json\/wp\/v2\/pages"}],"about":[{"href":"https:\/\/www2.uepg.br\/computacaoaplicada\/wp-json\/wp\/v2\/types\/page"}],"author":[{"embeddable":true,"href":"https:\/\/www2.uepg.br\/computacaoaplicada\/wp-json\/wp\/v2\/users\/378"}],"replies":[{"embeddable":true,"href":"https:\/\/www2.uepg.br\/computacaoaplicada\/wp-json\/wp\/v2\/comments?post=144"}],"version-history":[{"count":40,"href":"https:\/\/www2.uepg.br\/computacaoaplicada\/wp-json\/wp\/v2\/pages\/144\/revisions"}],"predecessor-version":[{"id":2250,"href":"https:\/\/www2.uepg.br\/computacaoaplicada\/wp-json\/wp\/v2\/pages\/144\/revisions\/2250"}],"wp:featuredmedia":[{"embeddable":true,"href":"https:\/\/www2.uepg.br\/computacaoaplicada\/wp-json\/wp\/v2\/media\/1519"}],"wp:attachment":[{"href":"https:\/\/www2.uepg.br\/computacaoaplicada\/wp-json\/wp\/v2\/media?parent=144"}],"curies":[{"name":"wp","href":"https:\/\/api.w.org\/{rel}","templated":true}]}}