{"id":2281,"date":"2024-07-24T13:03:44","date_gmt":"2024-07-24T16:03:44","guid":{"rendered":"https:\/\/www2.uepg.br\/computacaoaplicada\/?page_id=2281"},"modified":"2024-07-24T13:06:20","modified_gmt":"2024-07-24T16:06:20","slug":"coordination","status":"publish","type":"page","link":"https:\/\/www2.uepg.br\/computacaoaplicada\/es\/coordination\/","title":{"rendered":"Coordinaci\u00f3n"},"content":{"rendered":"<p><strong><span style=\"color: #008000\">Coordinaci\u00f3n del Programa:<\/span><\/strong><br \/>\n<span style=\"color: #008000\">Coordinadora: Prof\u00aa. Dr\u00aa. Mar\u00eda Salete Marcon Gomes Vaz<\/span><br \/>\n<span style=\"color: #008000\">ViceCoordinador: Prof. Dr. Adriano Ferrasa<\/span><\/p>\n<p><strong><span style=\"color: #008000\">Tablero del Curso:<\/span><\/strong><br \/>\n<span style=\"color: #008000\">Presidente: Prof\u00aa. Dr\u00aa. Mar\u00eda Salete Marcon Gomes Vaz<\/span><br \/>\n<span style=\"color: #008000\">Vicepresidente: Prof. Dr. Adriano Ferrasa<\/span><br \/>\n<span style=\"color: #008000\">Prof. Dr. Alceu de Souza Britto J\u00fanior<\/span><br \/>\n<span style=\"color: #008000\">Prof. Dr. Luciano Jos\u00e9 Senger<\/span><br \/>\n<span style=\"color: #008000\">Prof. Dr. Rafael Mazer Etto<\/span><br \/>\n<span style=\"color: #008000\">Mateus Felipe Ribeiro (Representante Estudiantil)<\/span><\/p>\n<p><strong><span style=\"color: #008000\">Comit\u00e9 de Becas:<\/span><\/strong><br \/>\n<span style=\"color: #008000\">Prof\u00aa. Dr\u00aa. Mar\u00eda Salete Marcon Gomes Vaz (Presidenta)<\/span><br \/>\n<span style=\"color: #008000\">Prof. Dr. Adriano Ferrasa (Representante Docente)<\/span><br \/>\n<span style=\"color: #008000\">Prof. Dr. Luciano Jos\u00e9 Senger (Representante Docente)<\/span><br \/>\n<span style=\"color: #008000\">Prof\u00aa. Dr\u00aa. Rosane Falate (Representante docente)<\/span><br \/>\n<span style=\"color: #008000\">Matheus Felipe Ribeiro (Representante Estudiantil)<\/span><\/p>\n<p><strong><span style=\"color: #008000\">Comit\u00e9 de Autoevaluaci\u00f3n:<\/span><\/strong><br \/>\n<span style=\"color: #008000\">Prof\u00aa. Dr\u00aa. Mar\u00eda Salete Marcon Gomes Vaz (Presidenta)<\/span><br \/>\n<span style=\"color: #008000\">Prof. Dr. Jos\u00e9 Carlos Ferreira da Rocha (Representante Docente)<\/span><br \/>\n<span style=\"color: #008000\">Prof\u00aa. Dr\u00aa. Alaine Margarete Guimar\u00e3es (Representante Docente)<\/span><br \/>\n<span style=\"color: #008000\">Me. Victor Schnepper Lacerda (Graduado)<\/span><br \/>\n<span style=\"color: #008000\">Mar\u00eda Beatriz Macedo Sim\u00f3n Sola (Representante Estudiantil)<\/span><br \/>\n<span style=\"color: #008000\">Mateus Felipe Ribeiro (Representante Estudiantil)<\/span><br \/>\n<span style=\"color: #008000\">Celso Richter (Representante T\u00e9cnicos)<\/span><\/p>\n","protected":false},"excerpt":{"rendered":"<p>Coordinaci\u00f3n del Programa: Coordinadora: Prof\u00aa. Dr\u00aa. Mar\u00eda Salete Marcon Gomes Vaz ViceCoordinador: Prof. Dr. Adriano Ferrasa Tablero del Curso: Presidente: Prof\u00aa. Dr\u00aa. Mar\u00eda Salete Marcon Gomes Vaz Vicepresidente: Prof. Dr. Adriano Ferrasa Prof. Dr. Alceu de Souza Britto J\u00fanior Prof. Dr. Luciano Jos\u00e9 Senger Prof. Dr. Rafael Mazer Etto Mateus Felipe Ribeiro (Representante Estudiantil) Comit\u00e9&nbsp;&hellip;<\/p>\n","protected":false},"author":321,"featured_media":1519,"parent":0,"menu_order":0,"comment_status":"closed","ping_status":"closed","template":"","meta":[],"_links":{"self":[{"href":"https:\/\/www2.uepg.br\/computacaoaplicada\/wp-json\/wp\/v2\/pages\/2281"}],"collection":[{"href":"https:\/\/www2.uepg.br\/computacaoaplicada\/wp-json\/wp\/v2\/pages"}],"about":[{"href":"https:\/\/www2.uepg.br\/computacaoaplicada\/wp-json\/wp\/v2\/types\/page"}],"author":[{"embeddable":true,"href":"https:\/\/www2.uepg.br\/computacaoaplicada\/wp-json\/wp\/v2\/users\/321"}],"replies":[{"embeddable":true,"href":"https:\/\/www2.uepg.br\/computacaoaplicada\/wp-json\/wp\/v2\/comments?post=2281"}],"version-history":[{"count":2,"href":"https:\/\/www2.uepg.br\/computacaoaplicada\/wp-json\/wp\/v2\/pages\/2281\/revisions"}],"predecessor-version":[{"id":2285,"href":"https:\/\/www2.uepg.br\/computacaoaplicada\/wp-json\/wp\/v2\/pages\/2281\/revisions\/2285"}],"wp:featuredmedia":[{"embeddable":true,"href":"https:\/\/www2.uepg.br\/computacaoaplicada\/wp-json\/wp\/v2\/media\/1519"}],"wp:attachment":[{"href":"https:\/\/www2.uepg.br\/computacaoaplicada\/wp-json\/wp\/v2\/media?parent=2281"}],"curies":[{"name":"wp","href":"https:\/\/api.w.org\/{rel}","templated":true}]}}

Coordinación

<p><strong><span style="color: #008000">Coordinación del Programa:</span></strong><br />
<span style="color: #008000">Coordinadora: Profª. Drª. María Salete Marcon Gomes Vaz</span><br />
<span style="color: #008000">ViceCoordinador: Prof. Dr. Adriano Ferrasa</span></p>
<p><strong><span style="color: #008000">Tablero del Curso:</span></strong><br />
<span style="color: #008000">Presidente: Profª. Drª. María Salete Marcon Gomes Vaz</span><br />
<span style="color: #008000">Vicepresidente: Prof. Dr. Adriano Ferrasa</span><br />
<span style="color: #008000">Prof. Dr. Alceu de Souza Britto Júnior</span><br />
<span style="color: #008000">Prof. Dr. Luciano José Senger</span><br />
<span style="color: #008000">Prof. Dr. Rafael Mazer Etto</span><br />
<span style="color: #008000">Mateus Felipe Ribeiro (Representante Estudiantil)</span></p>
<p><strong><span style="color: #008000">Comité de Becas:</span></strong><br />
<span style="color: #008000">Profª. Drª. María Salete Marcon Gomes Vaz (Presidenta)</span><br />
<span style="color: #008000">Prof. Dr. Adriano Ferrasa (Representante Docente)</span><br />
<span style="color: #008000">Prof. Dr. Luciano José Senger (Representante Docente)</span><br />
<span style="color: #008000">Profª. Drª. Rosane Falate (Representante docente)</span><br />
<span style="color: #008000">Matheus Felipe Ribeiro (Representante Estudiantil)</span></p>
<p><strong><span style="color: #008000">Comité de Autoevaluación:</span></strong><br />
<span style="color: #008000">Profª. Drª. María Salete Marcon Gomes Vaz (Presidenta)</span><br />
<span style="color: #008000">Prof. Dr. José Carlos Ferreira da Rocha (Representante Docente)</span><br />
<span style="color: #008000">Profª. Drª. Alaine Margarete Guimarães (Representante Docente)</span><br />
<span style="color: #008000">Me. Victor Schnepper Lacerda (Graduado)</span><br />
<span style="color: #008000">María Beatriz Macedo Simón Sola (Representante Estudiantil)</span><br />
<span style="color: #008000">Mateus Felipe Ribeiro (Representante Estudiantil)</span><br />
<span style="color: #008000">Celso Richter (Representante Técnicos)</span></p>

<p>Coordinación del Programa: Coordinadora: Profª. Drª. María Salete Marcon Gomes Vaz ViceCoordinador: Prof. Dr. Adriano Ferrasa Tablero del Curso: Presidente: Profª. Drª. María Salete Marcon Gomes Vaz Vicepresidente: Prof. Dr. Adriano Ferrasa Prof. Dr. Alceu de Souza Britto Júnior Prof. Dr. Luciano José Senger Prof. Dr. Rafael Mazer Etto Mateus Felipe Ribeiro (Representante Estudiantil) Comité&nbsp;&hellip;</p>
