{"id":2430,"date":"2024-07-29T13:03:05","date_gmt":"2024-07-29T16:03:05","guid":{"rendered":"https:\/\/www2.uepg.br\/computacaoaplicada\/?page_id=2430"},"modified":"2024-07-29T13:03:05","modified_gmt":"2024-07-29T16:03:05","slug":"formularios-2","status":"publish","type":"page","link":"https:\/\/www2.uepg.br\/computacaoaplicada\/es\/formularios-2\/","title":{"rendered":"Formularios"},"content":{"rendered":"<p><span style=\"color: #008000\"><strong>Proyecto de Investigaci\u00f3n<br \/>\n<\/strong><a style=\"color: #008000\" href=\"https:\/\/www2.uepg.br\/computacaoaplicada\/wp-content\/uploads\/sites\/219\/2022\/03\/FORMULARIOENCAMINHAPROJETO.doc\">Formulario de Presentaci\u00f3n del Proyecto de Investigaci\u00f3n<\/a><\/span><br \/>\n<span style=\"color: #008000\"><a style=\"color: #008000\" href=\"https:\/\/www2.uepg.br\/computacaoaplicada\/wp-content\/uploads\/sites\/219\/2022\/03\/PPGCA_ModeloProjeto_Pesquisa2019-1.doc\">Modelo del Proyecto de Investigaci\u00f3n<\/a><\/span><\/p>\n<p><span style=\"color: #008000\"><strong>Calificaci\u00f3n<br \/>\n<\/strong><a style=\"color: #008000\" href=\"https:\/\/www2.uepg.br\/computacaoaplicada\/wp-content\/uploads\/sites\/219\/2022\/03\/PPGCAFormularioSolicitarExamedequalificacao.docx\" target=\"_blank\" rel=\"noopener\">Formulario de Solicitud de Examen de Calificaci\u00f3n<\/a><\/span><br \/>\n<span style=\"color: #008000\"><a style=\"color: #008000\" href=\"https:\/\/www2.uepg.br\/computacaoaplicada\/wp-content\/uploads\/sites\/219\/2022\/03\/Instrucoes-para-Exame-de-Qualificacao1.pdf\" target=\"_blank\" rel=\"noopener\">Instrucciones para el Examen de Calificaci\u00f3n<\/a><\/span><\/p>\n<p><span style=\"color: #008000\"><strong>Pre-defensa<\/strong><\/span><\/p>\n<p><span style=\"color: #008000\"><a style=\"color: #008000\" href=\"https:\/\/www2.uepg.br\/computacaoaplicada\/wp-content\/uploads\/sites\/219\/2022\/03\/PPGCA-Requerimento-de-Defesa.doc\">Solicitud de Defensa de Tesis<\/a><\/span><\/p>\n<p><span style=\"color: #008000\"><strong>Post-defensa<\/strong><a style=\"color: #008000\" href=\"https:\/\/www2.uepg.br\/computacaoaplicada\/wp-content\/uploads\/sites\/219\/2024\/07\/Esse_TEDE___Termo_de_autorizacao___19.07.2024__1_.pdf\">Formulario de Autorizaci\u00f3n para Publicaci\u00f3n Electr\u00f3nica en la BTD en la UEPG<\/a><br \/>\n<\/span><\/p>\n<p><span style=\"color: #008000\"><strong>Pasant\u00eda de Docencia<br \/>\n<\/strong><a style=\"color: #008000\" href=\"http:\/\/www2.uepg.br\/propesp\/wp-content\/uploads\/sites\/219\/2022\/03\/Resolucao-CEPE-021-2016_Anexo-I.doc\">Plan de Actividades de Pasant\u00eda de Docencia<\/a><a style=\"color: #008000\" href=\"https:\/\/www2.uepg.br\/computacaoaplicada\/wp-content\/uploads\/sites\/219\/2022\/03\/03-Orientacoes-para-Elaboracao-do-Relatorio-de-Estagio-de-Docencia-2014_2.pdf\" target=\"_blank\" rel=\"noopener\"><br \/>\n<\/a><a style=\"color: #008000\" href=\"http:\/\/www2.uepg.br\/propesp\/wp-content\/uploads\/sites\/219\/2022\/03\/Resolucao-CEPE-021-2016_Anexo-II.doc\">Informe de Actividades de Pasant\u00eda de Docencia<\/a><strong><br \/>\n<\/strong><\/span><\/p>\n<p><span style=\"color: #008000\"><strong>Otros<br \/>\n<\/strong><a style=\"color: #008000\" href=\"https:\/\/www2.uepg.br\/computacaoaplicada\/wp-content\/uploads\/sites\/219\/2022\/03\/PPGCA_ModeloRelatorio_Atividades_Bolsista.doc\">Informe de Actividades \u2013 Becario<\/a><a style=\"color: #008000\" href=\"https:\/\/www2.uepg.br\/computacaoaplicada\/wp-content\/uploads\/sites\/219\/2022\/03\/03-Orientacoes-para-Elaboracao-do-Relatorio-de-Estagio-de-Docencia-2014_2.pdf\" target=\"_blank\" rel=\"noopener\"><br \/>\n<\/a><a style=\"color: #008000\" href=\"https:\/\/www2.uepg.br\/computacaoaplicada\/wp-content\/uploads\/sites\/219\/2022\/03\/01-Modelo-de-Relatorio-Final-da-Disciplina-Pesquisa-Orientada.pdf\" target=\"_blank\" rel=\"noopener\">Informe Final del Curso de Investigaci\u00f3n Guiada<\/a><a style=\"color: #008000\" href=\"https:\/\/www2.uepg.br\/computacaoaplicada\/wp-content\/uploads\/sites\/219\/2022\/03\/Modelo-de-Relatorio-Final-da-Disciplina-de-Orientacao-ao-Trabalho-de-Dissertacao-ODTI-e-ODTII.pdf\" target=\"_blank\" rel=\"noopener\"><br \/>\nInforme Final de los Cursos de Orientaci\u00f3n de Tesis ODM 1 y ODM 2<br \/>\n<\/a><a style=\"color: #008000\" href=\"https:\/\/www2.uepg.br\/computacaoaplicada\/wp-content\/uploads\/sites\/219\/2022\/03\/producao-intelectual.doc\">Producci\u00f3n Intelectual \u2013 Becario<br \/>\n<\/a><a style=\"color: #008000\" href=\"https:\/\/www2.uepg.br\/computacaoaplicada\/wp-content\/uploads\/sites\/219\/2022\/03\/Formulario-de-Inscricao-para-Eleicao-de-Representante-Discente.doc\">Formulario de Inscripci\u00f3n para Elecci\u00f3n de Representante Estudiantil<\/a><\/span><br \/>\n<span style=\"color: #008000\"><a style=\"color: #008000\" href=\"https:\/\/www2.uepg.br\/computacaoaplicada\/wp-content\/uploads\/sites\/219\/2022\/03\/MCACartadeRecomendacao.doc\" target=\"_blank\" rel=\"noopener\">Carta de Recomendaci\u00f3n<\/a><\/span><\/p>\n","protected":false},"excerpt":{"rendered":"<p>Proyecto de Investigaci\u00f3n Formulario de Presentaci\u00f3n del Proyecto de Investigaci\u00f3n Modelo del Proyecto de Investigaci\u00f3n Calificaci\u00f3n Formulario de Solicitud de Examen de Calificaci\u00f3n Instrucciones para el Examen de Calificaci\u00f3n Pre-defensa Solicitud de Defensa de Tesis Post-defensaFormulario de Autorizaci\u00f3n para Publicaci\u00f3n Electr\u00f3nica en la BTD en la UEPG Pasant\u00eda de Docencia Plan de Actividades de Pasant\u00eda&nbsp;&hellip;<\/p>\n","protected":false},"author":321,"featured_media":1519,"parent":0,"menu_order":0,"comment_status":"closed","ping_status":"closed","template":"","meta":[],"_links":{"self":[{"href":"https:\/\/www2.uepg.br\/computacaoaplicada\/wp-json\/wp\/v2\/pages\/2430"}],"collection":[{"href":"https:\/\/www2.uepg.br\/computacaoaplicada\/wp-json\/wp\/v2\/pages"}],"about":[{"href":"https:\/\/www2.uepg.br\/computacaoaplicada\/wp-json\/wp\/v2\/types\/page"}],"author":[{"embeddable":true,"href":"https:\/\/www2.uepg.br\/computacaoaplicada\/wp-json\/wp\/v2\/users\/321"}],"replies":[{"embeddable":true,"href":"https:\/\/www2.uepg.br\/computacaoaplicada\/wp-json\/wp\/v2\/comments?post=2430"}],"version-history":[{"count":1,"href":"https:\/\/www2.uepg.br\/computacaoaplicada\/wp-json\/wp\/v2\/pages\/2430\/revisions"}],"predecessor-version":[{"id":2431,"href":"https:\/\/www2.uepg.br\/computacaoaplicada\/wp-json\/wp\/v2\/pages\/2430\/revisions\/2431"}],"wp:featuredmedia":[{"embeddable":true,"href":"https:\/\/www2.uepg.br\/computacaoaplicada\/wp-json\/wp\/v2\/media\/1519"}],"wp:attachment":[{"href":"https:\/\/www2.uepg.br\/computacaoaplicada\/wp-json\/wp\/v2\/media?parent=2430"}],"curies":[{"name":"wp","href":"https:\/\/api.w.org\/{rel}","templated":true}]}}