{"id":2475,"date":"2024-07-29T14:14:34","date_gmt":"2024-07-29T17:14:34","guid":{"rendered":"https:\/\/www2.uepg.br\/computacaoaplicada\/?page_id=2475"},"modified":"2024-11-19T13:38:10","modified_gmt":"2024-11-19T16:38:10","slug":"proyectos-de-ampliacion","status":"publish","type":"page","link":"https:\/\/www2.uepg.br\/computacaoaplicada\/es\/proyectos-de-ampliacion\/","title":{"rendered":"Proyectos de Ampliaci\u00f3n"},"content":{"rendered":"<div id=\"pl-2475\"  class=\"panel-layout\" ><div id=\"pg-2475-0\"  class=\"panel-grid panel-no-style\" ><div id=\"pgc-2475-0-0\"  class=\"panel-grid-cell\" ><div id=\"panel-2475-0-0-0\" class=\"so-panel widget widget_sow-accordion panel-first-child\" data-index=\"0\" ><div\n\t\t\t\n\t\t\tclass=\"so-widget-sow-accordion so-widget-sow-accordion-default-33396c0f15f1-2475\"\n\t\t\t\n\t\t><div>\n\t<div class=\"sow-accordion\">\n\t\t\t<div class=\"sow-accordion-panel\"\n\t\t\t data-anchor=\"proenzem-proyecto-de-interacci%c3%b3n-de-ingenier%c3%ada-y-ganader%c3%ada-con-la-escuela-secundaria\">\n\t\t\t\t<div class=\"sow-accordion-panel-header-container\" role=\"heading\" aria-level=\"2\">\n\t\t\t\t\t<div class=\"sow-accordion-panel-header\" tabindex=\"0\" role=\"button\" id=\"accordion-label-proenzem-proyecto-de-interacci%c3%b3n-de-ingenier%c3%ada-y-ganader%c3%ada-con-la-escuela-secundaria\" aria-controls=\"accordion-content-proenzem-proyecto-de-interacci%c3%b3n-de-ingenier%c3%ada-y-ganader%c3%ada-con-la-escuela-secundaria\" aria-expanded=\"false\">\n\t\t\t\t\t\t<div class=\"sow-accordion-title sow-accordion-title-icon-left\">\n\t\t\t\t\t\t\t\t\t\t\t\t\t\tPROENZEM - Proyecto de interacci\u00f3n de ingenier\u00eda y ganader\u00eda con la escuela secundaria\t\t\t\t\t\t\t\t\t\t\t\t\t<\/div>\n\t\t\t\t\t\t<div class=\"sow-accordion-open-close-button\">\n\t\t\t\t\t\t\t<div class=\"sow-accordion-open-button\">\n\t\t\t\t\t\t\t\t<span class=\"sow-icon-ionicons\" data-sow-icon=\"&#xf218;\"\n\t\t \n\t\taria-hidden=\"true\"><\/span>\t\t\t\t\t\t\t<\/div>\n\t\t\t\t\t\t\t<div class=\"sow-accordion-close-button\">\n\t\t\t\t\t\t\t\t<span class=\"sow-icon-ionicons\" data-sow-icon=\"&#xf209;\"\n\t\t \n\t\taria-hidden=\"true\"><\/span>\t\t\t\t\t\t\t<\/div>\n\t\t\t\t\t\t<\/div>\n\t\t\t\t\t<\/div>\n\t\t\t\t<\/div>\n\n\t\t\t<div\n\t\t\t\tclass=\"sow-accordion-panel-content\"\n\t\t\t\trole=\"region\"\n\t\t\t\taria-labelledby=\"accordion-label-proenzem-proyecto-de-interacci%c3%b3n-de-ingenier%c3%ada-y-ganader%c3%ada-con-la-escuela-secundaria\"\n\t\t\t\tid=\"accordion-content-proenzem-proyecto-de-interacci%c3%b3n-de-ingenier%c3%ada-y-ganader%c3%ada-con-la-escuela-secundaria\"\n\t\t\t\tstyle=\"display: none;\"\t\t\t>\n\t\t\t\t<div class=\"sow-accordion-panel-border\" tabindex=\"0\">\n\t\t\t\t\t<div id=\"pg-6-0\" class=\"panel-grid panel-no-style\" data-color-label=\"1\">\n<div id=\"pgc-6-0-0\" class=\"panel-grid-cell panel-grid-cell-empty\" data-weight=\"1\">\n<div class=\"entry-content\" style=\"text-align: justify\">\n<div id=\"pl-6\" class=\"panel-layout\">\n<p><span style=\"color: #008000\">Este Proyecto de Extensi\u00f3n tiene como objetivo principal despertar el inter\u00e9s de los estudiantes de secundaria por las carreras que ofrece el Sector de Ingenier\u00edas, Ciencias y Tecnolog\u00eda Agropecuarias (SECATE), las cuales son: Ingenier\u00eda de Materiales, Ingenier\u00eda de Alimentos, Ingenier\u00eda Civil, Ingenier\u00eda en Computaci\u00f3n, Ingenier\u00eda de Software, Agronom\u00eda. y Ciencia Animal. \u00a0La relaci\u00f3n m\u00e1s estrecha entre la Universidad y las Escuelas Secundarias muestra las posibilidades de interacci\u00f3n que pueden y deben existir. Las actividades propuestas en este Programa tienen como objetivo incentivar al estudiante a conocer y vivir el curso que realizar\u00e1 en la Educaci\u00f3n Superior, antes de ingresar a la misma. Universidad, permiti\u00e9ndole as\u00ed despertar su sentido cr\u00edtico, para que pueda tomar decisiones, capacit\u00e1ndose para elegir una profesi\u00f3n. Las actividades realizadas incluyen charlas, talleres de experimentaci\u00f3n tecnol\u00f3gica, ferias cient\u00edficas. El desarrollo de este Programa se realiza en escuelas secundarias de Campos Gerais y en la Universidad, utilizando como espacios el Sal\u00f3n Tecnol\u00f3gico y los laboratorios de cursos SECATE.<\/span><\/p>\n<p><span style=\"color: #008000\">\u00a0Sus objetivos son realizar actividades que tengan como objetivo incentivar a los estudiantes de secundaria a conocer y vivir las carreras que ofrece el Sector de Ingenier\u00eda, Ciencias y Tecnolog\u00eda Agr\u00edcolas (SECATE) de la UEPG, permiti\u00e9ndoles despertar su sentido cr\u00edtico, para que puedan tomar decisiones, capacit\u00e1ndote para elegir una profesi\u00f3n.<\/span><\/p>\n<p><span style=\"color: #008000\">M\u00e1s informaci\u00f3n en la <strong><a style=\"color: #008000\" href=\"https:\/\/www2.uepg.br\/proenzem\/\">web del proyecto<\/a><\/strong><\/span><\/p>\n<\/div>\n<\/div>\n<\/div>\n<\/div>\n\t\t\t\t<\/div>\n\t\t\t<\/div>\n\t\t<\/div>\n\t\t<\/div>\n<\/div>\n<\/div><\/div><div id=\"panel-2475-0-0-1\" class=\"so-panel widget widget_sow-accordion panel-last-child\" data-index=\"1\" ><div\n\t\t\t\n\t\t\tclass=\"so-widget-sow-accordion so-widget-sow-accordion-default-33396c0f15f1-2475\"\n\t\t\t\n\t\t><div>\n\t<div class=\"sow-accordion\">\n\t\t\t<div class=\"sow-accordion-panel\"\n\t\t\t data-anchor=\"tecnolog%c3%adas-en-el-campo-y-capacitaci%c3%b3n-de-peque%c3%b1os-y-medianos-productores-rurales\">\n\t\t\t\t<div class=\"sow-accordion-panel-header-container\" role=\"heading\" aria-level=\"2\">\n\t\t\t\t\t<div class=\"sow-accordion-panel-header\" tabindex=\"0\" role=\"button\" id=\"accordion-label-tecnolog%c3%adas-en-el-campo-y-capacitaci%c3%b3n-de-peque%c3%b1os-y-medianos-productores-rurales\" aria-controls=\"accordion-content-tecnolog%c3%adas-en-el-campo-y-capacitaci%c3%b3n-de-peque%c3%b1os-y-medianos-productores-rurales\" aria-expanded=\"false\">\n\t\t\t\t\t\t<div class=\"sow-accordion-title sow-accordion-title-icon-left\">\n\t\t\t\t\t\t\t\t\t\t\t\t\t\tTecnolog\u00edas en el Campo y Capacitaci\u00f3n de Peque\u00f1os y Medianos Productores Rurales\t\t\t\t\t\t\t\t\t\t\t\t\t<\/div>\n\t\t\t\t\t\t<div class=\"sow-accordion-open-close-button\">\n\t\t\t\t\t\t\t<div class=\"sow-accordion-open-button\">\n\t\t\t\t\t\t\t\t<span class=\"sow-icon-ionicons\" data-sow-icon=\"&#xf218;\"\n\t\t \n\t\taria-hidden=\"true\"><\/span>\t\t\t\t\t\t\t<\/div>\n\t\t\t\t\t\t\t<div class=\"sow-accordion-close-button\">\n\t\t\t\t\t\t\t\t<span class=\"sow-icon-ionicons\" data-sow-icon=\"&#xf209;\"\n\t\t \n\t\taria-hidden=\"true\"><\/span>\t\t\t\t\t\t\t<\/div>\n\t\t\t\t\t\t<\/div>\n\t\t\t\t\t<\/div>\n\t\t\t\t<\/div>\n\n\t\t\t<div\n\t\t\t\tclass=\"sow-accordion-panel-content\"\n\t\t\t\trole=\"region\"\n\t\t\t\taria-labelledby=\"accordion-label-tecnolog%c3%adas-en-el-campo-y-capacitaci%c3%b3n-de-peque%c3%b1os-y-medianos-productores-rurales\"\n\t\t\t\tid=\"accordion-content-tecnolog%c3%adas-en-el-campo-y-capacitaci%c3%b3n-de-peque%c3%b1os-y-medianos-productores-rurales\"\n\t\t\t\tstyle=\"display: none;\"\t\t\t>\n\t\t\t\t<div class=\"sow-accordion-panel-border\" tabindex=\"0\">\n\t\t\t\t\t<div id=\"pg-6-0\" class=\"panel-grid panel-no-style\" data-color-label=\"1\">\n<div id=\"pgc-6-0-0\" class=\"panel-grid-cell panel-grid-cell-empty\" data-weight=\"1\">\n<div class=\"entry-content\" style=\"text-align: justify\">\n<div id=\"pl-6\" class=\"panel-layout\">\n<p><span style=\"color: #008000\">La adopci\u00f3n de tecnolog\u00edas avanzadas en la agroindustria es un desaf\u00edo para los peque\u00f1os y medianos productores, debido a las barreras financieras, la falta de conocimiento y la limitada infraestructura rural. Este escenario compromete la competitividad y la sostenibilidad de estos agricultores, que enfrentan dificultades para implementar soluciones como el monitoreo satelital, drones y software de gesti\u00f3n agr\u00edcola. El proyecto propuesto busca superar estas limitaciones, integrando pr\u00e1cticas computacionales y tecnolog\u00edas accesibles, con capacitaci\u00f3n continua y soporte t\u00e9cnico, para optimizar la productividad, reducir costos y promover la sostenibilidad ambiental y social en el sector agr\u00edcola.<\/span><\/p>\n<p><span style=\"color: #008000\">Con la participaci\u00f3n del Programa de Postgrado en Computaci\u00f3n Aplicada y AGIPI, el proyecto combina conocimiento cient\u00edfico e innovaci\u00f3n tecnol\u00f3gica, promoviendo soluciones a desaf\u00edos espec\u00edficos, como la previsi\u00f3n de cultivos y la gesti\u00f3n de recursos. Se esperan impactos directos, como mayores ingresos y calidad de vida para los productores, y beneficios indirectos, incluido el desarrollo socioecon\u00f3mico local, mejoras en la salud y la educaci\u00f3n, e incentivos para la sostenibilidad ambiental. As\u00ed, el proyecto pretende transformar el agronegocio en un modelo m\u00e1s inclusivo y competitivo, integrando a los peque\u00f1os y medianos productores al mercado global.<\/span><\/p>\n<p><span style=\"color: #008000\">M\u00e1s informaci\u00f3n en la <strong><a style=\"color: #008000\" href=\"https:\/\/www2.uepg.br\/tecnologias-no-campo\/\">web del proyecto<\/a><\/strong><\/span><\/p>\n<\/div>\n<\/div>\n<\/div>\n<\/div>\n\t\t\t\t<\/div>\n\t\t\t<\/div>\n\t\t<\/div>\n\t\t<\/div>\n<\/div>\n<\/div><\/div><\/div><\/div><\/div>","protected":false},"excerpt":{"rendered":"<p>PROENZEM &#8211; Proyecto de interacci\u00f3n de ingenier\u00eda y ganader\u00eda con la escuela secundaria Este Proyecto de Extensi\u00f3n tiene como objetivo principal despertar el inter\u00e9s de los estudiantes de secundaria por las carreras que ofrece el Sector de Ingenier\u00edas, Ciencias y Tecnolog\u00eda Agropecuarias (SECATE), las cuales son: Ingenier\u00eda de Materiales, Ingenier\u00eda de Alimentos, Ingenier\u00eda Civil, Ingenier\u00eda&nbsp;&hellip;<\/p>\n","protected":false},"author":321,"featured_media":1519,"parent":0,"menu_order":0,"comment_status":"closed","ping_status":"closed","template":"","meta":[],"_links":{"self":[{"href":"https:\/\/www2.uepg.br\/computacaoaplicada\/wp-json\/wp\/v2\/pages\/2475"}],"collection":[{"href":"https:\/\/www2.uepg.br\/computacaoaplicada\/wp-json\/wp\/v2\/pages"}],"about":[{"href":"https:\/\/www2.uepg.br\/computacaoaplicada\/wp-json\/wp\/v2\/types\/page"}],"author":[{"embeddable":true,"href":"https:\/\/www2.uepg.br\/computacaoaplicada\/wp-json\/wp\/v2\/users\/321"}],"replies":[{"embeddable":true,"href":"https:\/\/www2.uepg.br\/computacaoaplicada\/wp-json\/wp\/v2\/comments?post=2475"}],"version-history":[{"count":2,"href":"https:\/\/www2.uepg.br\/computacaoaplicada\/wp-json\/wp\/v2\/pages\/2475\/revisions"}],"predecessor-version":[{"id":3026,"href":"https:\/\/www2.uepg.br\/computacaoaplicada\/wp-json\/wp\/v2\/pages\/2475\/revisions\/3026"}],"wp:featuredmedia":[{"embeddable":true,"href":"https:\/\/www2.uepg.br\/computacaoaplicada\/wp-json\/wp\/v2\/media\/1519"}],"wp:attachment":[{"href":"https:\/\/www2.uepg.br\/computacaoaplicada\/wp-json\/wp\/v2\/media?parent=2475"}],"curies":[{"name":"wp","href":"https:\/\/api.w.org\/{rel}","templated":true}]}}