{"id":6,"date":"2020-04-20T14:56:52","date_gmt":"2020-04-20T17:56:52","guid":{"rendered":"http:\/\/www2.uepg.br\/computacaoaplicada\/?page_id=6"},"modified":"2026-02-09T16:03:52","modified_gmt":"2026-02-09T19:03:52","slug":"home","status":"publish","type":"page","link":"https:\/\/www2.uepg.br\/computacaoaplicada\/","title":{"rendered":"In\u00edcio"},"content":{"rendered":"<div id=\"pg-6-0\" class=\"panel-grid panel-no-style\" data-color-label=\"1\">\n<div id=\"pgc-6-0-0\" class=\"panel-grid-cell panel-grid-cell-empty\" data-weight=\"1\">\n<div class=\"entry-content\" style=\"text-align: justify\">\n<div id=\"pl-6\" class=\"panel-layout\">\n<p><span style=\"color: #000000\">O Programa de P\u00f3s-Gradua\u00e7\u00e3o em Computa\u00e7\u00e3o Aplicada \u00e9 um <strong>mestrado interdisciplinar<\/strong> aprovado em 2010 e hoje \u00e9 <strong>conceito 4 pela CAPES<\/strong>. O programa \u00e9 voltado para o estudo e desenvolvimento de tecnologia computacional aplicada \u00e0 Agricultura. Sendo um mestrado interdisciplinar, enquadrado na \u00e1rea de Engenharia, Gest\u00e3o e Tecnologia da Capes, tem um corpo docente envolvendo renomados professores doutores das \u00e1reas da Computa\u00e7\u00e3o e da Agricultura.<\/span><\/p>\n<p>O curso conta com laborat\u00f3rios multidisciplinares e infraestrutura planejada para proporcionar aos alunos condi\u00e7\u00f5es de aquisi\u00e7\u00e3o de conhecimento e desenvolvimento de seus trabalhos com alto n\u00edvel de qualidade. Considerando que o desenvolvimento do setor agr\u00edcola \u00e9 de extrema import\u00e2ncia para o Brasil e requer constantes inova\u00e7\u00f5es tecnol\u00f3gicas, esse mestrado vem atender a uma forte demanda regional e nacional por forma\u00e7\u00e3o de profissionais aptos a atuarem no segmento da computa\u00e7\u00e3o aplicada \u00e0 agricultura.<\/p>\n<p><strong>O Programa apresenta duas linhas de pesquisa: (i) Modelagem Computacional Aplicada; e (ii) Computa\u00e7\u00e3o, Automa\u00e7\u00e3o e Gest\u00e3o de Dados em Agricultura.<\/strong> O PPG em Computa\u00e7\u00e3o Aplicada visa formar profissionais para desenvolver e aplicar solu\u00e7\u00f5es computacionais que contribuam para o setor agr\u00edcola, capacitar profissionais para atuar no ensino e pesquisa na \u00e1rea de computa\u00e7\u00e3o aplicada \u00e0 agricultura de forma que esse profissional contribua para a dissemina\u00e7\u00e3o do conhecimento e gera\u00e7\u00e3o de novas tecnologias e solu\u00e7\u00f5es computacionais voltadas para a \u00e1rea agr\u00edcola. O concluinte do mestrado receber\u00e1 o t\u00edtulo de Mestre em Computa\u00e7\u00e3o Aplicada.<\/p>\n<p><span style=\"color: #000000\">O PPG em Computa\u00e7\u00e3o Aplicada oferece bolsas de estudo fornecidas pela Capes e Funda\u00e7\u00e3o Arauc\u00e1ria, cujo valor atualmente \u00e9 de R$ 2.100,00. A vig\u00eancia da bolsa \u00e9 de 24 meses. O crit\u00e9rio para aloca\u00e7\u00e3o das bolsas \u00e9 por meio de edital sendo que os candidatos a bolsa s\u00e3o classificados com base inicialmente no hist\u00f3rico escolar e depois considerando tamb\u00e9m seu desempenho no mestrado. As bolsas s\u00e3o distribu\u00eddas por ordem de classifica\u00e7\u00e3o dos alunos.<\/span><\/p>\n<p><span style=\"color: #000000\"><strong>O processo de sele\u00e7\u00e3o \u00e9 destinado a todos que possuem um diploma de gradua\u00e7\u00e3o em Engenharia de Computa\u00e7\u00e3o, Engenharia de Software, Ci\u00eancia da Computa\u00e7\u00e3o, Engenharia Cartogr\u00e1fica, Agronomia, Administra\u00e7\u00e3o, Ci\u00eancias Cont\u00e1beis, cursos das Ci\u00eancias Exatas e Naturais, Ci\u00eancias Biol\u00f3gicas ou \u00e1reas correlatas, obtido em cursos reconhecidos pelo Minist\u00e9rio da Educa\u00e7\u00e3o (MEC).<\/strong> Essa abordagem visa atrair candidatos com diferentes forma\u00e7\u00f5es acad\u00eamicas e experi\u00eancias, enriquecendo assim o ambiente de aprendizagem com uma diversidade de perspectivas e habilidades.<\/span><\/p>\n<p><span style=\"color: #000000\">Para uma variedade de forma\u00e7\u00f5es, o programa busca promover a interdisciplinaridade e a colabora\u00e7\u00e3o entre diferentes \u00e1reas do conhecimento, preparando assim os alunos para enfrentarem os desafios complexos do desenvolvimento tecnol\u00f3gico aplicado \u00e0 agricultura. Essa diversidade de perfis contribui para um ambiente de aprendizado enriquecedor, onde os estudantes s\u00e3o incentivados a explorar novas abordagens e a colaborar em projetos multidisciplinares.<\/span><\/p>\n<\/div>\n<\/div>\n<\/div>\n<div id=\"pg-6-1\" class=\"panel-grid panel-no-style\" style=\"margin-top: 20px\">\n<p><span style=\"color: #000000\"><!-- Added margin-top for space --><\/span><\/p>\n<div id=\"pgc-6-1-0\" class=\"panel-grid-cell panel-grid-cell-empty\" style=\"text-align: right\" data-weight=\"1\"><span style=\"color: #000000\"><em>Coordena\u00e7\u00e3o do Programa de P\u00f3s-Gradua\u00e7\u00e3o em Computa\u00e7\u00e3o Aplicada<\/em><\/span><\/div>\n<\/div>\n<div id=\"pg-6-2\" class=\"panel-grid panel-no-style\" data-style=\"{&quot;background_image_attachment&quot;:false,&quot;background_display&quot;:&quot;tile&quot;,&quot;cell_alignment&quot;:&quot;flex-start&quot;}\" data-ratio=\"1\" data-ratio-direction=\"right\">\n<div id=\"pgc-6-2-0\" class=\"panel-grid-cell panel-grid-cell-empty\" data-weight=\"1\"><\/div>\n<\/div>\n<div id=\"pg-6-3\" class=\"panel-grid panel-no-style\" data-style=\"{&quot;background_image_attachment&quot;:false,&quot;background_display&quot;:&quot;tile&quot;,&quot;cell_alignment&quot;:&quot;flex-start&quot;}\" data-ratio=\"1\" data-ratio-direction=\"right\">\n<div id=\"pgc-6-3-0\" class=\"panel-grid-cell panel-grid-cell-empty\" data-weight=\"1\"><\/div>\n<\/div>\n<div id=\"pg-6-4\" class=\"panel-grid panel-no-style\">\n<div id=\"pgc-6-4-0\" class=\"panel-grid-cell\" data-weight=\"1\">\n<div id=\"panel-6-4-0-0\" class=\"so-panel widget widget_sow-features panel-first-child panel-last-child\" data-index=\"0\" data-style=\"{&quot;padding&quot;:&quot;3% 3% 3% 3%&quot;,&quot;background&quot;:&quot;#f5fafd&quot;,&quot;background_image_attachment&quot;:false,&quot;background_display&quot;:&quot;tile&quot;}\">\n<div class=\"panel-widget-style panel-widget-style-for-6-4-0-0\"><div\n\t\t\t\n\t\t\tclass=\"so-widget-sow-features so-widget-sow-features-default-3791fd0745cb\"\n\t\t\t\n\t\t>\n<div class=\"sow-features-list sow-features-responsive\">\n\n\t\n<\/div>\n<\/div><\/div>\n<\/div>\n<\/div>\n<\/div>\n<\/div>\n","protected":false},"excerpt":{"rendered":"<p>O Programa de P\u00f3s-Gradua\u00e7\u00e3o em Computa\u00e7\u00e3o Aplicada \u00e9 um mestrado interdisciplinar aprovado em 2010 e hoje \u00e9 conceito 4 pela CAPES. O programa \u00e9 voltado para o estudo e desenvolvimento de tecnologia computacional aplicada \u00e0 Agricultura. Sendo um mestrado interdisciplinar, enquadrado na \u00e1rea de Engenharia, Gest\u00e3o e Tecnologia da Capes, tem um corpo docente envolvendo&nbsp;&hellip;<\/p>\n","protected":false},"author":24,"featured_media":1519,"parent":0,"menu_order":0,"comment_status":"closed","ping_status":"closed","template":"","meta":[],"_links":{"self":[{"href":"https:\/\/www2.uepg.br\/computacaoaplicada\/wp-json\/wp\/v2\/pages\/6"}],"collection":[{"href":"https:\/\/www2.uepg.br\/computacaoaplicada\/wp-json\/wp\/v2\/pages"}],"about":[{"href":"https:\/\/www2.uepg.br\/computacaoaplicada\/wp-json\/wp\/v2\/types\/page"}],"author":[{"embeddable":true,"href":"https:\/\/www2.uepg.br\/computacaoaplicada\/wp-json\/wp\/v2\/users\/24"}],"replies":[{"embeddable":true,"href":"https:\/\/www2.uepg.br\/computacaoaplicada\/wp-json\/wp\/v2\/comments?post=6"}],"version-history":[{"count":89,"href":"https:\/\/www2.uepg.br\/computacaoaplicada\/wp-json\/wp\/v2\/pages\/6\/revisions"}],"predecessor-version":[{"id":3387,"href":"https:\/\/www2.uepg.br\/computacaoaplicada\/wp-json\/wp\/v2\/pages\/6\/revisions\/3387"}],"wp:featuredmedia":[{"embeddable":true,"href":"https:\/\/www2.uepg.br\/computacaoaplicada\/wp-json\/wp\/v2\/media\/1519"}],"wp:attachment":[{"href":"https:\/\/www2.uepg.br\/computacaoaplicada\/wp-json\/wp\/v2\/media?parent=6"}],"curies":[{"name":"wp","href":"https:\/\/api.w.org\/{rel}","templated":true}]}}