{"id":124,"date":"2021-04-05T09:10:00","date_gmt":"2021-04-05T12:10:00","guid":{"rendered":"https:\/\/www2.uepg.br\/crrq\/?page_id=124"},"modified":"2021-04-05T10:32:19","modified_gmt":"2021-04-05T13:32:19","slug":"almoxarifado-de-produtos-quimicas","status":"publish","type":"page","link":"https:\/\/www2.uepg.br\/crrq\/almoxarifado-de-produtos-quimicas\/","title":{"rendered":"Almoxarifado de Produtos Qu\u00edmicas"},"content":{"rendered":"<p>Atualmente o APQ tem por fun\u00e7\u00e3o organizar todos os pedidos de compra de produtos qu\u00edmicos (reagentes e materiais de laborat\u00f3rio) solicitados pelos departamentos, organiz\u00e1-las e encaminh\u00e1-las \u00e0 Divis\u00e3o de Materiais e Patrim\u00f4nio que realizar\u00e1 a compra.<\/p>\n<p>Encontra-se em andamento a constru\u00e7\u00e3o da unidade f\u00edsica do almoxarifado em pr\u00e9dio especialmente projetado para tal finalidade.<\/p>\n","protected":false},"excerpt":{"rendered":"<p>Atualmente o APQ tem por fun\u00e7\u00e3o organizar todos os pedidos de compra de produtos qu\u00edmicos (reagentes e materiais de laborat\u00f3rio) solicitados pelos departamentos, organiz\u00e1-las e encaminh\u00e1-las \u00e0 Divis\u00e3o de Materiais e Patrim\u00f4nio que realizar\u00e1 a compra. Encontra-se em andamento a constru\u00e7\u00e3o da unidade f\u00edsica do almoxarifado em pr\u00e9dio especialmente projetado para tal finalidade.<\/p>\n","protected":false},"author":305,"featured_media":0,"parent":0,"menu_order":0,"comment_status":"closed","ping_status":"closed","template":"","meta":[],"_links":{"self":[{"href":"https:\/\/www2.uepg.br\/crrq\/wp-json\/wp\/v2\/pages\/124"}],"collection":[{"href":"https:\/\/www2.uepg.br\/crrq\/wp-json\/wp\/v2\/pages"}],"about":[{"href":"https:\/\/www2.uepg.br\/crrq\/wp-json\/wp\/v2\/types\/page"}],"author":[{"embeddable":true,"href":"https:\/\/www2.uepg.br\/crrq\/wp-json\/wp\/v2\/users\/305"}],"replies":[{"embeddable":true,"href":"https:\/\/www2.uepg.br\/crrq\/wp-json\/wp\/v2\/comments?post=124"}],"version-history":[{"count":2,"href":"https:\/\/www2.uepg.br\/crrq\/wp-json\/wp\/v2\/pages\/124\/revisions"}],"predecessor-version":[{"id":239,"href":"https:\/\/www2.uepg.br\/crrq\/wp-json\/wp\/v2\/pages\/124\/revisions\/239"}],"wp:attachment":[{"href":"https:\/\/www2.uepg.br\/crrq\/wp-json\/wp\/v2\/media?parent=124"}],"curies":[{"name":"wp","href":"https:\/\/api.w.org\/{rel}","templated":true}]}}