{"id":136,"date":"2021-04-05T09:13:03","date_gmt":"2021-04-05T12:13:03","guid":{"rendered":"https:\/\/www2.uepg.br\/crrq\/?page_id=136"},"modified":"2021-04-06T22:39:47","modified_gmt":"2021-04-07T01:39:47","slug":"passivos","status":"publish","type":"page","link":"https:\/\/www2.uepg.br\/crrq\/passivos\/","title":{"rendered":"Rotulagem"},"content":{"rendered":"<p>As normas adotadas no Laborat\u00f3rio de Res\u00edduos Qu\u00edmicos para rotulagem baseiam-se numa classifica\u00e7\u00e3o feita pela NFPA (<i>National Fire Protection Association<\/i>), que desenvolveu um sistema padr\u00e3o para indicar a toxidade, a inflamabilidade e a reatividade de produtos qu\u00edmicos perigosos.<\/p>\n<p>Esse sistema \u00e9 representado pelo Diamante do Perigo. Esse diagrama possui sinais de f\u00e1cil reconhecimento e entendimento, os quais podem dar uma id\u00e9ia geral do perigo desses materiais, assim como o grau de periculosidade. \u00c9 chamado de Diagrama de Hommel e seus campos s\u00e3o preenchidos conforme descrito abaixo:<\/p>\n<p><img loading=\"lazy\" class=\"alignnone size-full wp-image-297\" src=\"http:\/\/www2.uepg.br\/crrq\/wp-content\/uploads\/sites\/181\/2021\/04\/Captura-de-tela-de-2016-10-03-091608.png\" alt=\"\" width=\"938\" height=\"339\" srcset=\"https:\/\/www2.uepg.br\/crrq\/wp-content\/uploads\/sites\/181\/2021\/04\/Captura-de-tela-de-2016-10-03-091608.png 938w, https:\/\/www2.uepg.br\/crrq\/wp-content\/uploads\/sites\/181\/2021\/04\/Captura-de-tela-de-2016-10-03-091608-300x108.png 300w, https:\/\/www2.uepg.br\/crrq\/wp-content\/uploads\/sites\/181\/2021\/04\/Captura-de-tela-de-2016-10-03-091608-768x278.png 768w\" sizes=\"(max-width: 938px) 100vw, 938px\" \/><\/p>\n<p>Para o preenchimento do Diagrama pode-se consultar sites de universidade internacionais ou livros que contenham fichas MSDS (<i>Material Safety Data Sheet<\/i>), ou tamb\u00e9m chamados de FISPQ (Ficha de Informa\u00e7\u00e3o de Seguran\u00e7a de Produto Qu\u00edmico), onde a classifica\u00e7\u00e3o de cada produto qu\u00edmico pode ser encontrada. Um site que possui um grande n\u00famero de fichas MSDS \u00e9 o\u00a0<a href=\"http:\/\/www.siri.org\/\" target=\"_blank\" rel=\"noopener\">www.siri.org<\/a>, onde os produtos qu\u00edmicos podem ser consultados atrav\u00e9s de uma busca (<a href=\"http:\/\/www.siri.org\/msds\/index.php\" target=\"_blank\" rel=\"noopener\">www.siri.org\/msds\/index.php<\/a>) por seus respectivos nomes em ingl\u00eas, idioma nativo do site.<\/p>\n<p>Al\u00e9m do\u00a0<i>Diagrama de Hommel<\/i>, o r\u00f3tulo deve estar totalmente preenchido. Deve-se completar a etiqueta com o nome do produto\/res\u00edduo principal e, no espa\u00e7o reservado para produtos\/res\u00edduos secund\u00e1rios, deve-se descrever todos os demais materiais contidos nos frascos, mesmo os que apresentam concentra\u00e7\u00f5es muito baixas (tra\u00e7os de elementos) e inclusive \u00e1gua. Informa\u00e7\u00f5es como o nome do respons\u00e1vel, proced\u00eancia do material e data s\u00e3o de grande import\u00e2ncia para uma precisa caracteriza\u00e7\u00e3o do material. Desta forma uma etiqueta deve conter os seguintes campos: Etiqueta Colorida a ser Preenchida<\/p>\n<p><img loading=\"lazy\" class=\"alignnone size-full wp-image-298\" src=\"http:\/\/www2.uepg.br\/crrq\/wp-content\/uploads\/sites\/181\/2021\/04\/etiqueta.png\" alt=\"\" width=\"303\" height=\"155\" srcset=\"https:\/\/www2.uepg.br\/crrq\/wp-content\/uploads\/sites\/181\/2021\/04\/etiqueta.png 303w, https:\/\/www2.uepg.br\/crrq\/wp-content\/uploads\/sites\/181\/2021\/04\/etiqueta-300x153.png 300w\" sizes=\"(max-width: 303px) 100vw, 303px\" \/><\/p>\n<p>H\u00e1 ainda algumas regras a serem seguidas, como descrito abaixo, para realizar corretamente uma rotulagem e identifica\u00e7\u00e3o em produtos ou res\u00edduos.<\/p>\n<ol>\n<li>A etiqueta deve ser colocada no frasco antes de se inserir o res\u00edduo qu\u00edmico para evitar erros;<\/li>\n<li>Abrevia\u00e7\u00f5es e f\u00f3rmulas n\u00e3o s\u00e3o permitidas;<\/li>\n<li>O Diagrama deve ser completamente preenchido, ou seja, os 3 itens (risco \u00e0 sa\u00fade, inflamabilidade e reatividade) \u2013 consultar as fichas MSDS;<\/li>\n<li>Se a etiqueta for impressa em preto e branco, esta deve ser preenchida usando canetas das respectivas cores do Diagrama;<\/li>\n<li>A classifica\u00e7\u00e3o do res\u00edduo deve priorizar o produto mais perigoso do frasco, mesmo que este esteja em menor quantidade.<\/li>\n<\/ol>\n<p>O LRQ disponibiliza ainda, no intuito de esclarecer e informar, alguns arquivos para download que abordam este e temas relacionados, confira abaixo.<\/p>\n<p><a href=\"http:\/\/www2.uepg.br\/crrq\/wp-content\/uploads\/sites\/181\/2021\/04\/Arquivo-A-Etiqueta-frasco-de-residuo.pdf\" target=\"_blank\" rel=\"noopener\">R\u00f3tulo para frasco de res\u00edduo<\/a><\/p>\n<p style=\"text-align: left;\"><a href=\"http:\/\/www2.uepg.br\/crrq\/wp-content\/uploads\/sites\/181\/2021\/04\/Ficha-acompanhamento.pdf\" target=\"_blank\" rel=\"noopener\">Ficha de acompanhamento do frasco de res\u00edduo<\/a><\/p>\n","protected":false},"excerpt":{"rendered":"<p>As normas adotadas no Laborat\u00f3rio de Res\u00edduos Qu\u00edmicos para rotulagem baseiam-se numa classifica\u00e7\u00e3o feita pela NFPA (National Fire Protection Association), que desenvolveu um sistema padr\u00e3o para indicar a toxidade, a inflamabilidade e a reatividade de produtos qu\u00edmicos perigosos. Esse sistema \u00e9 representado pelo Diamante do Perigo. Esse diagrama possui sinais de f\u00e1cil reconhecimento e entendimento,&nbsp;&hellip;<\/p>\n","protected":false},"author":305,"featured_media":0,"parent":0,"menu_order":0,"comment_status":"closed","ping_status":"closed","template":"","meta":[],"_links":{"self":[{"href":"https:\/\/www2.uepg.br\/crrq\/wp-json\/wp\/v2\/pages\/136"}],"collection":[{"href":"https:\/\/www2.uepg.br\/crrq\/wp-json\/wp\/v2\/pages"}],"about":[{"href":"https:\/\/www2.uepg.br\/crrq\/wp-json\/wp\/v2\/types\/page"}],"author":[{"embeddable":true,"href":"https:\/\/www2.uepg.br\/crrq\/wp-json\/wp\/v2\/users\/305"}],"replies":[{"embeddable":true,"href":"https:\/\/www2.uepg.br\/crrq\/wp-json\/wp\/v2\/comments?post=136"}],"version-history":[{"count":5,"href":"https:\/\/www2.uepg.br\/crrq\/wp-json\/wp\/v2\/pages\/136\/revisions"}],"predecessor-version":[{"id":301,"href":"https:\/\/www2.uepg.br\/crrq\/wp-json\/wp\/v2\/pages\/136\/revisions\/301"}],"wp:attachment":[{"href":"https:\/\/www2.uepg.br\/crrq\/wp-json\/wp\/v2\/media?parent=136"}],"curies":[{"name":"wp","href":"https:\/\/api.w.org\/{rel}","templated":true}]}}