{"id":147,"date":"2021-04-05T09:15:52","date_gmt":"2021-04-05T12:15:52","guid":{"rendered":"https:\/\/www2.uepg.br\/crrq\/?page_id=147"},"modified":"2021-04-05T10:36:12","modified_gmt":"2021-04-05T13:36:12","slug":"principios-para-o-trabalho-utilizando-boas-praticas-de-laboratorio","status":"publish","type":"page","link":"https:\/\/www2.uepg.br\/crrq\/principios-para-o-trabalho-utilizando-boas-praticas-de-laboratorio\/","title":{"rendered":"Princ\u00edpios para o trabalho utilizando boas pr\u00e1ticas de Laborat\u00f3rio"},"content":{"rendered":"<ul>\n<li>Usar sempre o material de prote\u00e7\u00e3o (luvas, \u00f3culos, m\u00e1scaras, etc.) indicado para cada caso particular. Seguran\u00e7a \u00e9 um dever e uma obriga\u00e7\u00e3o de todos.<\/li>\n<li>Manter sempre limpo o local de trabalho, evitando obst\u00e1culos in\u00fateis que possam dificultar as an\u00e1lises.<\/li>\n<li>Usar uniformes adequados, de prefer\u00eancia em tecido de algod\u00e3o, longo e fechado com velcro e sem bolsos inferiores.<\/li>\n<li>Proteger muito bem os p\u00e9s, usando cal\u00e7ados adequados, bem fechados.<\/li>\n<li>N\u00e3o correr dentro do laborat\u00f3rio.<\/li>\n<li>Comer, beber ou fumar somente nos locais permitidos.<\/li>\n<li>N\u00e3o jogar na cesta de lixo f\u00f3sforos acesos.<\/li>\n<li>Usar cinzeiros nos locais onde for permitido fumar<\/li>\n<li>N\u00e3o usar nenhum objeto ou utens\u00edlio de laborat\u00f3rio para uso individual. Por exemplo, n\u00e3o tomar \u00e1gua em b\u00e9quer.<\/li>\n<li>Ler os r\u00f3tulos dos reagentes com aten\u00e7\u00e3o (inflam\u00e1vel, t\u00f3xicos, etc.) e utilizar os mesmos com os devidos cuidados.<\/li>\n<li>Tomar os cuidados necess\u00e1rios ao trabalhar com subst\u00e2ncias \u00e1cidas e b\u00e1sicas.<\/li>\n<li>Quando for diluir \u00e1cidos fortes, adicionar sempre o \u00e1cido \u00e0 \u00e1gua e nunca o contr\u00e1rio.<\/li>\n<li>Ao preparar solu\u00e7\u00f5es que produzem rea\u00e7\u00f5es exot\u00e9rmicas fortes utilizar capela de exaust\u00e3o e banho de gelo.<\/li>\n<li>N\u00e3o colocar as tampas dos frascos e pipetas sobre a bancada.<\/li>\n<li>Ao preparar reagentes, rotular imediatamente os frascos, para evitar confus\u00f5es.<\/li>\n<li>Ao derramar alguma subst\u00e2ncia sobre a bancada ou ch\u00e3o, limpar imediatamente o local para evitar acidentes.<\/li>\n<li>N\u00e3o trabalhar e n\u00e3o deixar frascos com inflam\u00e1veis pr\u00f3ximos de chamas ou resist\u00eancias el\u00e9tricas.<\/li>\n<li>N\u00e3o aquecer subst\u00e2ncias combust\u00edveis (\u00e1lcool, benzeno, etc.) sem os devidos cuidados.<\/li>\n<li>Usar manta t\u00e9rmica ou banho-maria.<\/li>\n<li>N\u00e3o inalar vapores de gases irritantes ou venenosos.<\/li>\n<li>Utilizar a capela de exaust\u00e3o na presen\u00e7a dos mesmos.<\/li>\n<li>Ter muita cautela ao testar um novo produto qu\u00edmico; n\u00e3o coloc\u00e1-lo pr\u00f3ximo ao nariz.<\/li>\n<li>Nunca deixar sem aten\u00e7\u00e3o qualquer opera\u00e7\u00e3o onde haja aquecimento ou rea\u00e7\u00e3o violenta.<\/li>\n<li>N\u00e3o deixar sobre a bancada vidros quentes; se isto for necess\u00e1rio, avisar a todos os colegas.<\/li>\n<li>Nunca trabalhar ou aquecer tubos de ensaio com abertura dirigida contra si ou outra pessoa.<\/li>\n<li>Direcionar para o interior da capela.<\/li>\n<li>N\u00e3o aquecer reagentes em sistemas fechados.<\/li>\n<li>Ligar o exaustor sempre que houver escape de vapores ou gases no laborat\u00f3rio.<\/li>\n<li>Antes de proceder uma rea\u00e7\u00e3o da qual n\u00e3o saiba totalmente os resultados, fazer uma em escala na capela.<\/li>\n<li>N\u00e3o trabalhar com material imperfeito principalmente vidros. Improvisa\u00e7\u00f5es s\u00e3o o primeiro passo para um acidente.<\/li>\n<li>Ap\u00f3s trabalhar com material t\u00f3xico, lavar bem as m\u00e3os, o local de trabalho e os materiais utilizados.<\/li>\n<li>Lubrificar os tubos de vidro, antes de tamp\u00e1-los com uma rolha.<\/li>\n<li>Proteger as m\u00e3os com luvas apropriadas.<\/li>\n<li>N\u00e3o jogar nenhum material s\u00f3lido dentro da pia ou nos ralos.<\/li>\n<li>Colocar em recipientes especiais para lixo. Quando n\u00e3o forem inflam\u00e1veis ou t\u00f3xicos, podem ser despejados na pia, com bastante \u00e1gua.<\/li>\n<li>Ter o conhecimento da localiza\u00e7\u00e3o dos chuveiros de emerg\u00eancia, lavadores de olhos e extintores e saber utiliz\u00e1-los corretamente.<\/li>\n<li>Combust\u00edveis e subst\u00e2ncias altamente inflam\u00e1veis devem ter local pr\u00f3prio e bem determinado no laborat\u00f3rio, pois podem inflamar-se acidentalmente devido \u00e0 falhas nas instala\u00e7\u00f5es el\u00e9tricas ou por eleva\u00e7\u00e3o da temperatura local acima do ponto de igni\u00e7\u00e3o das mesmas.<\/li>\n<li>Algumas subst\u00e2ncias se alteram \u00e0 temperatura ambiente devendo ser conservadas em c\u00e2mara fria, geladeira ou freezer.<\/li>\n<li>Subst\u00e2ncias higrosc\u00f3picas devem ser acondicionadas em dessecador.<\/li>\n<li>Manter ao abrigo da luz subst\u00e2ncias fotossens\u00edveis.<\/li>\n<li>Em inc\u00eandio produzido por papel, madeira ou material que deixa brasa ou cinzas,usar \u00e1gua. Dirigir o jato de \u00e1gua para a base do fogo.<\/li>\n<li>Os recipientes contendo l\u00edquido, quando se inflamam devem ser cobertos com tela de amianto, ou outro objeto apropriado, para evitar a entrada de ar, apagando deste modo o fogo.<\/li>\n<li>N\u00e3o jogar \u00e1gua em fogo produzido por l\u00edquidos inflam\u00e1veis que n\u00e3o sejam misc\u00edveis em \u00e1gua. Apague as chamas com extintores (espuma, p\u00f3 qu\u00edmico ou CO2) ou abafe imediatamente.<\/li>\n<li>N\u00e3o usar extintores de l\u00edquido em circuitos el\u00e9tricos; usar sempre extintores de CO2.<\/li>\n<li>Ao se retirar do laborat\u00f3rio, verificar se n\u00e3o h\u00e1 torneiras de \u00e1gua ou g\u00e1s abertas.<\/li>\n<li>Desligar todos os aparelhos, deixar todo o equipamento limpo e lavar as m\u00e3os. Fechar as janelas, apagar a luz e fechar a porta.<\/li>\n<\/ul>\n","protected":false},"excerpt":{"rendered":"<p>Usar sempre o material de prote\u00e7\u00e3o (luvas, \u00f3culos, m\u00e1scaras, etc.) indicado para cada caso particular. Seguran\u00e7a \u00e9 um dever e uma obriga\u00e7\u00e3o de todos. Manter sempre limpo o local de trabalho, evitando obst\u00e1culos in\u00fateis que possam dificultar as an\u00e1lises. Usar uniformes adequados, de prefer\u00eancia em tecido de algod\u00e3o, longo e fechado com velcro e sem&nbsp;&hellip;<\/p>\n","protected":false},"author":305,"featured_media":0,"parent":0,"menu_order":0,"comment_status":"closed","ping_status":"closed","template":"","meta":[],"_links":{"self":[{"href":"https:\/\/www2.uepg.br\/crrq\/wp-json\/wp\/v2\/pages\/147"}],"collection":[{"href":"https:\/\/www2.uepg.br\/crrq\/wp-json\/wp\/v2\/pages"}],"about":[{"href":"https:\/\/www2.uepg.br\/crrq\/wp-json\/wp\/v2\/types\/page"}],"author":[{"embeddable":true,"href":"https:\/\/www2.uepg.br\/crrq\/wp-json\/wp\/v2\/users\/305"}],"replies":[{"embeddable":true,"href":"https:\/\/www2.uepg.br\/crrq\/wp-json\/wp\/v2\/comments?post=147"}],"version-history":[{"count":3,"href":"https:\/\/www2.uepg.br\/crrq\/wp-json\/wp\/v2\/pages\/147\/revisions"}],"predecessor-version":[{"id":241,"href":"https:\/\/www2.uepg.br\/crrq\/wp-json\/wp\/v2\/pages\/147\/revisions\/241"}],"wp:attachment":[{"href":"https:\/\/www2.uepg.br\/crrq\/wp-json\/wp\/v2\/media?parent=147"}],"curies":[{"name":"wp","href":"https:\/\/api.w.org\/{rel}","templated":true}]}}