{"id":163,"date":"2021-04-05T09:18:16","date_gmt":"2021-04-05T12:18:16","guid":{"rendered":"https:\/\/www2.uepg.br\/crrq\/?page_id=163"},"modified":"2021-04-06T22:26:25","modified_gmt":"2021-04-07T01:26:25","slug":"luvas","status":"publish","type":"page","link":"https:\/\/www2.uepg.br\/crrq\/luvas\/","title":{"rendered":"Prote\u00e7\u00e3o facial\/ocular"},"content":{"rendered":"<p>Deve estar dispon\u00edvel para todos os funcion\u00e1rios que trabalhem em locais onde haja manuseio ou armazenamento de subst\u00e2ncias qu\u00edmicas e o uso \u00e9 obrigat\u00f3rio em atividades onde houver probabilidade de respingos. \u00c9 recomend\u00e1vel que todos os visitantes deste local tamb\u00e9m utilizem prote\u00e7\u00e3o facial\/ocular;<\/p>\n<p>A seguir apresentamos alguns dados que procuram estabelecer o n\u00edvel b\u00e1sico de prote\u00e7\u00e3o ao trabalhador. Estes dados seguem normas internacionais,mas cada caso deve ser avaliado escolhendo-se o equipamento segundo \u00e0s condi\u00e7\u00f5es locais e procedimentos associados, consultando-se normas e padr\u00f5es pertinentes.\u00a0Dependendo do fabricante existem varia\u00e7\u00f5es diversas:<\/p>\n<p>1. M\u00e1scara com prote\u00e7\u00e3o lateral<br \/>\n2. \u00d3culos flex\u00edveis, janela de ventila\u00e7\u00e3o aberta<br \/>\n3. \u00d3culos flex\u00edveis, ventila\u00e7\u00e3o protegida<br \/>\n4. \u00d3culos r\u00edgidos, ajuste acolchoado<br \/>\n5. Protetor facial, pl\u00e1stico<br \/>\n6. \u00d3culos com prote\u00e7\u00e3o laterais tipo \u201cpersiana\u201d<\/p>\n<p>A Tabela abaixo apresenta estes equipamentos frente a determinados agentes de risco:<\/p>\n<p><img loading=\"lazy\" class=\"alignnone size-full wp-image-277\" src=\"http:\/\/www2.uepg.br\/crrq\/wp-content\/uploads\/sites\/181\/2021\/04\/tabela6.png\" alt=\"\" width=\"563\" height=\"317\" srcset=\"https:\/\/www2.uepg.br\/crrq\/wp-content\/uploads\/sites\/181\/2021\/04\/tabela6.png 563w, https:\/\/www2.uepg.br\/crrq\/wp-content\/uploads\/sites\/181\/2021\/04\/tabela6-300x169.png 300w\" sizes=\"(max-width: 563px) 100vw, 563px\" \/><\/p>\n","protected":false},"excerpt":{"rendered":"<p>Deve estar dispon\u00edvel para todos os funcion\u00e1rios que trabalhem em locais onde haja manuseio ou armazenamento de subst\u00e2ncias qu\u00edmicas e o uso \u00e9 obrigat\u00f3rio em atividades onde houver probabilidade de respingos. \u00c9 recomend\u00e1vel que todos os visitantes deste local tamb\u00e9m utilizem prote\u00e7\u00e3o facial\/ocular; A seguir apresentamos alguns dados que procuram estabelecer o n\u00edvel b\u00e1sico de&nbsp;&hellip;<\/p>\n","protected":false},"author":305,"featured_media":0,"parent":0,"menu_order":0,"comment_status":"closed","ping_status":"closed","template":"","meta":[],"_links":{"self":[{"href":"https:\/\/www2.uepg.br\/crrq\/wp-json\/wp\/v2\/pages\/163"}],"collection":[{"href":"https:\/\/www2.uepg.br\/crrq\/wp-json\/wp\/v2\/pages"}],"about":[{"href":"https:\/\/www2.uepg.br\/crrq\/wp-json\/wp\/v2\/types\/page"}],"author":[{"embeddable":true,"href":"https:\/\/www2.uepg.br\/crrq\/wp-json\/wp\/v2\/users\/305"}],"replies":[{"embeddable":true,"href":"https:\/\/www2.uepg.br\/crrq\/wp-json\/wp\/v2\/comments?post=163"}],"version-history":[{"count":3,"href":"https:\/\/www2.uepg.br\/crrq\/wp-json\/wp\/v2\/pages\/163\/revisions"}],"predecessor-version":[{"id":278,"href":"https:\/\/www2.uepg.br\/crrq\/wp-json\/wp\/v2\/pages\/163\/revisions\/278"}],"wp:attachment":[{"href":"https:\/\/www2.uepg.br\/crrq\/wp-json\/wp\/v2\/media?parent=163"}],"curies":[{"name":"wp","href":"https:\/\/api.w.org\/{rel}","templated":true}]}}