{"id":169,"date":"2021-04-05T09:19:34","date_gmt":"2021-04-05T12:19:34","guid":{"rendered":"https:\/\/www2.uepg.br\/crrq\/?page_id=169"},"modified":"2021-04-05T16:21:28","modified_gmt":"2021-04-05T19:21:28","slug":"protecao-respiratoria","status":"publish","type":"page","link":"https:\/\/www2.uepg.br\/crrq\/protecao-respiratoria\/","title":{"rendered":"Prote\u00e7\u00e3o respirat\u00f3ria"},"content":{"rendered":"<p><strong>PROTE\u00c7\u00c3O RESPIRAT\u00d3RIA:<\/strong><\/p>\n<p>Os equipamentos de prote\u00e7\u00e3o respirat\u00f3ria s\u00e3o respiradores ou m\u00e1scaras, que protegem os trabalhadores contra a inala\u00e7\u00e3o de contaminantes gerados por agentes qu\u00edmicos como poeiras, n\u00e9voas, fumos, gases e vapores e tamb\u00e9m usados em caso de defici\u00eancia de oxig\u00eanio. As Normas Regulamentadoras NR-6 (EPIs) e NR-9 (PPRA) exigem que o respirador utilizado para prote\u00e7\u00e3o do usu\u00e1rio exposto aos riscos respirat\u00f3rios seja o \u201cadequado\u201d. Para tanto, a escolha deve ser feita a partir do Fator de Prote\u00e7\u00e3o Atribu\u00eddo. Esse par\u00e2metro indica quantas vezes a concentra\u00e7\u00e3o do agente qu\u00edmico no ar inspirado pelo usu\u00e1rio ser\u00e1 menor que a do ar externo ao respirador. No entanto, a prote\u00e7\u00e3o s\u00f3 ser\u00e1 satisfat\u00f3ria se os profissionais de seguran\u00e7a fizerem a sele\u00e7\u00e3o correta.<\/p>\n<p><strong>Circunst\u00e2ncias que podem necessitar de respiradores:<\/strong><\/p>\n<ul>\n<li>Opera\u00e7\u00f5es de fabrica\u00e7\u00e3o<\/li>\n<li>Opera\u00e7\u00f5es de limpeza ou de mudan\u00e7a de atividade<\/li>\n<li>Opera\u00e7\u00f5es de constru\u00e7\u00e3o ou desmontagem<\/li>\n<li>Opera\u00e7\u00f5es de manuten\u00e7\u00e3o<\/li>\n<li>Emerg\u00eancias<\/li>\n<li>Inc\u00eandios<\/li>\n<\/ul>\n<p><strong>Dever\u00e3o ser utilizadas em casos especiais:<\/strong><\/p>\n<ul>\n<li>Em acidentes, nas opera\u00e7\u00f5es de limpeza e salvamento;<\/li>\n<li>Em opera\u00e7\u00f5es de limpeza de almoxarifados de produtos qu\u00edmicos;<\/li>\n<li>Em procedimentos onde n\u00e3o seja poss\u00edvel a utiliza\u00e7\u00e3o de sistemas exaustores;<\/li>\n<li>O EPR deve ser utilizado apenas quando as medidas de prote\u00e7\u00e3o coletiva n\u00e3o existem, n\u00e3o podem ser implantadas ou s\u00e3o insuficientes;<\/li>\n<li>O uso de respiradores deve ser espor\u00e1dico e para opera\u00e7\u00f5es n\u00e3o rotineiras, ou seja, Somente devem ser usados quando as medidas de prote\u00e7\u00e3o coletiva:<\/li>\n<li>N\u00e3o atingem n\u00edveis aceit\u00e1veis de contamina\u00e7\u00e3o<\/li>\n<li>Est\u00e3o em estudo ou sendo implantadas<\/li>\n<li>Est\u00e3o em manuten\u00e7\u00e3o<\/li>\n<li>N\u00e3o s\u00e3o vi\u00e1veis<\/li>\n<\/ul>\n<p><strong>Antes de optar pelo uso:<\/strong><\/p>\n<ul>\n<li>Diminuir a exposi\u00e7\u00e3o<\/li>\n<li>Adotar prote\u00e7\u00e3o coletiva<\/li>\n<li>Substituir, se poss\u00edvel, as subst\u00e2ncias t\u00f3xicas.<\/li>\n<\/ul>\n<p><strong>Alguns aspectos s\u00e3o muito importantes:<\/strong><\/p>\n<ul>\n<li>Devem ser utilizados apenas equipamentos com CA (Certificado de Aprova\u00e7\u00e3o do MTE)<\/li>\n<li>Devem ser adequados a subst\u00e2ncia que ser\u00e1 manuseada<\/li>\n<li>Devem ser checados quanto a satura\u00e7\u00e3o e veda\u00e7\u00e3o<\/li>\n<li>Devem ser mantidos limpos e em local sem contamina\u00e7\u00e3o<\/li>\n<li>Os filtros, ap\u00f3s a primeira utiliza\u00e7\u00e3o, t\u00eam um prazo de validade que dever\u00e1 ser respeitado.<\/li>\n<\/ul>\n","protected":false},"excerpt":{"rendered":"<p>PROTE\u00c7\u00c3O RESPIRAT\u00d3RIA: Os equipamentos de prote\u00e7\u00e3o respirat\u00f3ria s\u00e3o respiradores ou m\u00e1scaras, que protegem os trabalhadores contra a inala\u00e7\u00e3o de contaminantes gerados por agentes qu\u00edmicos como poeiras, n\u00e9voas, fumos, gases e vapores e tamb\u00e9m usados em caso de defici\u00eancia de oxig\u00eanio. As Normas Regulamentadoras NR-6 (EPIs) e NR-9 (PPRA) exigem que o respirador utilizado para prote\u00e7\u00e3o&nbsp;&hellip;<\/p>\n","protected":false},"author":305,"featured_media":0,"parent":0,"menu_order":0,"comment_status":"closed","ping_status":"closed","template":"","meta":[],"_links":{"self":[{"href":"https:\/\/www2.uepg.br\/crrq\/wp-json\/wp\/v2\/pages\/169"}],"collection":[{"href":"https:\/\/www2.uepg.br\/crrq\/wp-json\/wp\/v2\/pages"}],"about":[{"href":"https:\/\/www2.uepg.br\/crrq\/wp-json\/wp\/v2\/types\/page"}],"author":[{"embeddable":true,"href":"https:\/\/www2.uepg.br\/crrq\/wp-json\/wp\/v2\/users\/305"}],"replies":[{"embeddable":true,"href":"https:\/\/www2.uepg.br\/crrq\/wp-json\/wp\/v2\/comments?post=169"}],"version-history":[{"count":2,"href":"https:\/\/www2.uepg.br\/crrq\/wp-json\/wp\/v2\/pages\/169\/revisions"}],"predecessor-version":[{"id":260,"href":"https:\/\/www2.uepg.br\/crrq\/wp-json\/wp\/v2\/pages\/169\/revisions\/260"}],"wp:attachment":[{"href":"https:\/\/www2.uepg.br\/crrq\/wp-json\/wp\/v2\/media?parent=169"}],"curies":[{"name":"wp","href":"https:\/\/api.w.org\/{rel}","templated":true}]}}