{"id":176,"date":"2021-04-05T09:20:39","date_gmt":"2021-04-05T12:20:39","guid":{"rendered":"https:\/\/www2.uepg.br\/crrq\/?page_id=176"},"modified":"2021-04-05T16:22:27","modified_gmt":"2021-04-05T19:22:27","slug":"o-que-e","status":"publish","type":"page","link":"https:\/\/www2.uepg.br\/crrq\/o-que-e\/","title":{"rendered":"O que \u00e9?"},"content":{"rendered":"<p>A\u00a0<strong>FISPQ<\/strong>\u00a0<strong>(Ficha de Informa\u00e7\u00f5es de Seguran\u00e7a de Produtos Qu\u00edmicos)<\/strong>\u00a0\u00e9 um documento normalizado pela Associa\u00e7\u00e3o Brasileira de Normas T\u00e9cnicas (ABNT) conforme norma,\u00a0<strong>ABNT-NBR 14725<\/strong>.<\/p>\n<p><strong>MSDS (Material Safety Data Sheet) e SDS (Safety Data Sheet)\u00a0<\/strong>s\u00e3o as siglas mundialmente conhecidas referentes a este documento, o qual \u00e9 apresentado por diversos modelos pertinente a cada pa\u00eds.<\/p>\n<p>A FISPQ fornece informa\u00e7\u00f5es sobre v\u00e1rios aspectos dos produtos qu\u00edmicos (subst\u00e2ncias ou misturas) quanto \u00e0 seguran\u00e7a, \u00e0 sa\u00fade e ao meio ambiente, transmitindo desta maneira, conhecimentos sobre produtos qu\u00edmicos, recomenda\u00e7\u00f5es sobre medidas de prote\u00e7\u00e3o e a\u00e7\u00f5es em situa\u00e7\u00e3o de emerg\u00eancia.\u00a0Ela \u00e9 um instrumento de comunica\u00e7\u00e3o dos perigos e poss\u00edveis riscos levando em considera\u00e7\u00e3o o uso previsto dos produtos qu\u00edmicos, mas n\u00e3o leva em conta todas as situa\u00e7\u00f5es que possam ocorrer em um ambiente de trabalho, constituindo apenas parte da informa\u00e7\u00e3o necess\u00e1ria para a elabora\u00e7\u00e3o de um programa de sa\u00fade, seguran\u00e7a e meio ambiente.<\/p>\n<p>A FISPQ deve ser fornecido pelo fabricante do produto qu\u00edmico e recebido pelos empregadores que o utilize, sendo um documento obrigat\u00f3rio para a comercializa\u00e7\u00e3o destes produtos (Decreto n\u00ba 2.657 de 03\/07\/1998 (promulga a Conven\u00e7\u00e3o n\u00ba 170 da Organiza\u00e7\u00e3o Internacional do Trabalho-OIT)<\/p>\n","protected":false},"excerpt":{"rendered":"<p>A\u00a0FISPQ\u00a0(Ficha de Informa\u00e7\u00f5es de Seguran\u00e7a de Produtos Qu\u00edmicos)\u00a0\u00e9 um documento normalizado pela Associa\u00e7\u00e3o Brasileira de Normas T\u00e9cnicas (ABNT) conforme norma,\u00a0ABNT-NBR 14725. MSDS (Material Safety Data Sheet) e SDS (Safety Data Sheet)\u00a0s\u00e3o as siglas mundialmente conhecidas referentes a este documento, o qual \u00e9 apresentado por diversos modelos pertinente a cada pa\u00eds. A FISPQ fornece informa\u00e7\u00f5es sobre&nbsp;&hellip;<\/p>\n","protected":false},"author":305,"featured_media":0,"parent":0,"menu_order":0,"comment_status":"closed","ping_status":"closed","template":"","meta":[],"_links":{"self":[{"href":"https:\/\/www2.uepg.br\/crrq\/wp-json\/wp\/v2\/pages\/176"}],"collection":[{"href":"https:\/\/www2.uepg.br\/crrq\/wp-json\/wp\/v2\/pages"}],"about":[{"href":"https:\/\/www2.uepg.br\/crrq\/wp-json\/wp\/v2\/types\/page"}],"author":[{"embeddable":true,"href":"https:\/\/www2.uepg.br\/crrq\/wp-json\/wp\/v2\/users\/305"}],"replies":[{"embeddable":true,"href":"https:\/\/www2.uepg.br\/crrq\/wp-json\/wp\/v2\/comments?post=176"}],"version-history":[{"count":2,"href":"https:\/\/www2.uepg.br\/crrq\/wp-json\/wp\/v2\/pages\/176\/revisions"}],"predecessor-version":[{"id":261,"href":"https:\/\/www2.uepg.br\/crrq\/wp-json\/wp\/v2\/pages\/176\/revisions\/261"}],"wp:attachment":[{"href":"https:\/\/www2.uepg.br\/crrq\/wp-json\/wp\/v2\/media?parent=176"}],"curies":[{"name":"wp","href":"https:\/\/api.w.org\/{rel}","templated":true}]}}