{"id":124,"date":"2022-08-12T11:36:26","date_gmt":"2022-08-12T14:36:26","guid":{"rendered":"https:\/\/www2.uepg.br\/culturaplural\/?page_id=124"},"modified":"2022-08-15T14:19:22","modified_gmt":"2022-08-15T17:19:22","slug":"o-projeto","status":"publish","type":"page","link":"https:\/\/www2.uepg.br\/culturaplural\/o-projeto\/","title":{"rendered":"O Projeto"},"content":{"rendered":"<h2 style=\"color: #ff9a43; text-align: center;\">O Projeto<\/h2>\n<p>O\u00a0<em>Cultura Plural<\/em>\u00a0\u00e9 um projeto de extens\u00e3o do Curso de Jornalismo da Universidade Estadual de Ponta Grossa (UEPG) que objetiva dar visibilidade aos grupos e artistas populares de Ponta Grossa e regi\u00e3o dos Campos Gerais do Paran\u00e1 por meio da produ\u00e7\u00e3o jornal\u00edstica na \u00e1rea cultural. Criado em agosto de 2011, com o apoio da Funda\u00e7\u00e3o Nacional de Artes (Funarte\/Minist\u00e9rio da Cultura), o site produz reportagens, v\u00eddeos, fotos e conte\u00fados multim\u00eddia que tematizam e difundem a cultura, com \u00eanfase nas manifesta\u00e7\u00f5es populares.<\/p>\n<p>Entre os objetivos do projeto, destaca-se o acompanhamento sistem\u00e1tico das a\u00e7\u00f5es e eventos culturais; a produ\u00e7\u00e3o de conte\u00fados multim\u00eddia (em texto, foto, v\u00eddeo, \u00e1udio e redes sociais) sobre temas pertinentes \u00e0 cultura; a parceria com artistas, grupos e entidades no desenvolvimento de a\u00e7\u00f5es culturais; e o registro e a visibilidade da produ\u00e7\u00e3o cultural local e regional.<\/p>\n<p>O projeto mant\u00e9m v\u00ednculo com o grupo de pesquisa Jornalismo Cultural e Folkcomunica\u00e7\u00e3o, do Programa de P\u00f3s-Gradua\u00e7\u00e3o (Mestrado) em Jornalismo da UEPG, com o prop\u00f3sito de motivar a realiza\u00e7\u00e3o de produ\u00e7\u00f5es t\u00e9cnicas com car\u00e1ter de difus\u00e3o cultural e contribuir para a produ\u00e7\u00e3o do saber cient\u00edfico ancorado nas demandas sociais. Busca-se, com o desenvolvimento do projeto\u00a0<em>Cultura Plural<\/em>, contribuir para o reconhecimento do patrim\u00f4nio imaterial na regi\u00e3o e servir como forma de registro e preserva\u00e7\u00e3o da mem\u00f3ria hist\u00f3rica e cultural do Paran\u00e1.<\/p>\n","protected":false},"excerpt":{"rendered":"<p>O Projeto O\u00a0Cultura Plural\u00a0\u00e9 um projeto de extens\u00e3o do Curso de Jornalismo da Universidade Estadual de Ponta Grossa (UEPG) que objetiva dar visibilidade aos grupos e artistas populares de Ponta Grossa e regi\u00e3o dos Campos Gerais do Paran\u00e1 por meio da produ\u00e7\u00e3o jornal\u00edstica na \u00e1rea cultural. Criado em agosto de 2011, com o apoio da&nbsp;&hellip;<\/p>\n","protected":false},"author":483,"featured_media":0,"parent":0,"menu_order":0,"comment_status":"closed","ping_status":"closed","template":"page-templates\/homepage.php","meta":[],"_links":{"self":[{"href":"https:\/\/www2.uepg.br\/culturaplural\/wp-json\/wp\/v2\/pages\/124"}],"collection":[{"href":"https:\/\/www2.uepg.br\/culturaplural\/wp-json\/wp\/v2\/pages"}],"about":[{"href":"https:\/\/www2.uepg.br\/culturaplural\/wp-json\/wp\/v2\/types\/page"}],"author":[{"embeddable":true,"href":"https:\/\/www2.uepg.br\/culturaplural\/wp-json\/wp\/v2\/users\/483"}],"replies":[{"embeddable":true,"href":"https:\/\/www2.uepg.br\/culturaplural\/wp-json\/wp\/v2\/comments?post=124"}],"version-history":[{"count":4,"href":"https:\/\/www2.uepg.br\/culturaplural\/wp-json\/wp\/v2\/pages\/124\/revisions"}],"predecessor-version":[{"id":180,"href":"https:\/\/www2.uepg.br\/culturaplural\/wp-json\/wp\/v2\/pages\/124\/revisions\/180"}],"wp:attachment":[{"href":"https:\/\/www2.uepg.br\/culturaplural\/wp-json\/wp\/v2\/media?parent=124"}],"curies":[{"name":"wp","href":"https:\/\/api.w.org\/{rel}","templated":true}]}}