{"id":135,"date":"2022-12-13T10:10:06","date_gmt":"2022-12-13T13:10:06","guid":{"rendered":"https:\/\/www2.uepg.br\/deadm\/?page_id=135"},"modified":"2023-09-26T18:07:15","modified_gmt":"2023-09-26T21:07:15","slug":"projetos-de-extensao","status":"publish","type":"page","link":"https:\/\/www2.uepg.br\/deadm\/projetos-de-extensao\/","title":{"rendered":"Projetos de Extens\u00e3o"},"content":{"rendered":"<table border=\"1\" width=\"100%\" cellspacing=\"0\" cellpadding=\"4\">\n<tbody>\n<tr>\n<td style=\"border: 1px solid black\" width=\"25%\"><strong>Docente<\/strong><\/td>\n<td style=\"border: 1px solid black\" width=\"50%\"><strong>Atividades de Extens\u00e3o<\/strong><\/td>\n<td style=\"border: 1px solid black\" width=\"25%\"><strong>Per\u00edodo<\/strong><\/td>\n<\/tr>\n<tr>\n<td style=\"vertical-align: middle;border: 1px solid black\">Carlos Ubiratan da Costa Schier<\/td>\n<td style=\"vertical-align: middle;border: 1px solid black\">Laborat\u00f3rio de Gest\u00e3o, Empreendedorismo, Inova\u00e7\u00e3o e Sustentabilidade &#8211; LAGEISEstrat\u00e9gias para minimizar o impacto da Pandemia COVID-19 na gest\u00e3o das MPEs<\/td>\n<td style=\"vertical-align: middle;border: 1px solid black\">06\/05\/2019 a 06\/05\/202103\/06\/2020 a 03\/06\/2022<\/td>\n<\/tr>\n<tr>\n<td style=\"vertical-align: middle;border: 1px solid black\">Carolina S. T. Fonseca Schlumberger<\/td>\n<td style=\"vertical-align: middle;border: 1px solid black\">Departures &#8211; de Ponta Grossa para o Mundo! &#8211; 2\u00aa Edi\u00e7\u00e3oLet&#8217;s Talk About &#8211; 1\u00aa Edi\u00e7\u00e3o<\/td>\n<td style=\"vertical-align: middle;border: 1px solid black\">17\/12\/2020 a 17\/12\/202218\/12\/2020 a 18\/12\/2022<\/td>\n<\/tr>\n<tr>\n<td style=\"vertical-align: middle;border: 1px solid black\">Eliane de F\u00e1tima Rauski<\/td>\n<td style=\"vertical-align: middle;border: 1px solid black\">EaD &#8211; Um Espa\u00e7o de Aproxima\u00e7\u00e3o com a Comunidade atrav\u00e9s da Aprendizagem Virtual- 2\u00aa Edi\u00e7\u00e3o<\/td>\n<td style=\"vertical-align: middle;border: 1px solid black\">10\/02\/2020 a 31\/01\/2025<\/td>\n<\/tr>\n<tr>\n<td style=\"vertical-align: middle;border: 1px solid black\">Eug\u00eanio Maur\u00edcio da Silva Neto<\/td>\n<td style=\"vertical-align: middle;border: 1px solid black\">Departures &#8211; de Ponta Grossa para o Mundo! &#8211; 2\u00aa Edi\u00e7\u00e3oLet&#8217;s Talk About &#8211; 1\u00aa Edi\u00e7\u00e3o<\/p>\n<p>PRINTE &#8211; Programa de Internacionaliza\u00e7\u00e3o, Trabalho e Empreendedorismo &#8211; 1\u00aa Edi\u00e7\u00e3o<\/td>\n<td style=\"vertical-align: middle;border: 1px solid black\">17\/12\/2020 a 17\/12\/202218\/12\/2020 a 18\/12\/2022<\/p>\n<p>18\/12\/2020 a 18\/12\/2022<\/td>\n<\/tr>\n<tr>\n<td style=\"vertical-align: middle;border: 1px solid black\">Juvancir da Silva<\/td>\n<td style=\"vertical-align: middle;border: 1px solid black\">Departures &#8211; de Ponta Grossa para o Mundo! &#8211; 2\u00aa Edi\u00e7\u00e3oLet&#8217;s Talk About &#8211; 1\u00aa Edi\u00e7\u00e3o<\/td>\n<td style=\"vertical-align: middle;border: 1px solid black\">17\/12\/2020 a 17\/12\/202218\/12\/2020 a 18\/12\/2022<\/td>\n<\/tr>\n<tr>\n<td style=\"vertical-align: middle;border: 1px solid black\">Livio Marcel Queji<\/td>\n<td style=\"vertical-align: middle;border: 1px solid black\">Laborat\u00f3rio de Gest\u00e3o, Empreendedorismo, Inova\u00e7\u00e3o e Sustentabilidade &#8211; LAGEISEstrat\u00e9gias para minimizar o impacto da Pandemia COVID-19 na gest\u00e3o das MPEs<\/td>\n<td style=\"vertical-align: middle;border: 1px solid black\">06\/05\/2019 a 06\/05\/202103\/06\/2020 a 03\/06\/2022<\/td>\n<\/tr>\n<tr>\n<td style=\"vertical-align: middle;border: 1px solid black\">Luiz Fernando Lara<\/td>\n<td style=\"vertical-align: middle;border: 1px solid black\">Laborat\u00f3rio de Gest\u00e3o, Empreendedorismo, Inova\u00e7\u00e3o e Sustentabilidade &#8211; LAGEISFeira Solid\u00e1ria Iesol\/UEPG: para al\u00e9m da comercializa\u00e7\u00e3o &#8211; 2\u00aa Edi\u00e7\u00e3o<\/p>\n<p>Estrat\u00e9gias para minimizar o impacto da Pandemia COVID-19 na gest\u00e3o das MPEs<\/td>\n<td style=\"vertical-align: middle;border: 1px solid black\">06\/05\/2019 a 06\/05\/202112\/05\/2021 a 12\/05\/2023<\/p>\n<p>03\/06\/2020 a 03\/06\/2022<\/td>\n<\/tr>\n<tr>\n<td style=\"vertical-align: middle;border: 1px solid black\">Marilisa do Rocio Oliveira<\/td>\n<td style=\"vertical-align: middle;border: 1px solid black\">Departures &#8211; de Ponta Grossa para o Mundo! &#8211; 2\u00aa Edi\u00e7\u00e3oLet&#8217;s Talk About &#8211; 1\u00aa Edi\u00e7\u00e3o<\/p>\n<p>N\u00facleo Extensionista Rondon &#8211; NER 2\u00aa Edi\u00e7\u00e3o<\/p>\n<p>Estrat\u00e9gias para minimizar o impacto da Pandemia COVID-19 na gest\u00e3o das MPEs<\/td>\n<td style=\"vertical-align: middle;border: 1px solid black\">17\/12\/2020 a 17\/12\/202218\/12\/2020 a 18\/12\/2022<\/p>\n<p>01\/12\/2019 a 30\/11\/2021<\/p>\n<p>03\/06\/2020 a 03\/06\/2022<\/td>\n<\/tr>\n<tr>\n<td style=\"vertical-align: middle;border: 1px solid black\">Rubia Carla Maier Biscaia<\/td>\n<td style=\"vertical-align: middle;border: 1px solid black\">Laborat\u00f3rio de Gest\u00e3o, Empreendedorismo, Inova\u00e7\u00e3o e Sustentabilidade &#8211; LAGEISEstrat\u00e9gias para minimizar o impacto da Pandemia COVID-19 na gest\u00e3o das MPEs<\/td>\n<td style=\"vertical-align: middle;border: 1px solid black\">06\/05\/2019 a 06\/05\/202103\/06\/2020 a 03\/06\/2022<\/td>\n<\/tr>\n<tr>\n<td style=\"vertical-align: middle;border: 1px solid black\">Silas Guimar\u00e3es Moro<\/td>\n<td style=\"vertical-align: middle;border: 1px solid black\">Laborat\u00f3rio de Gest\u00e3o, Empreendedorismo, Inova\u00e7\u00e3o e Sustentabilidade &#8211; LAGEISEstrat\u00e9gias para minimizar o impacto da Pandemia COVID-19 na gest\u00e3o das MPEs<\/td>\n<td style=\"vertical-align: middle;border: 1px solid black\">06\/05\/2019 a 06\/05\/202103\/06\/2020 a 03\/06\/2022<\/td>\n<\/tr>\n<tr>\n<td style=\"vertical-align: middle;border: 1px solid black\">Sirlei Moletta<\/td>\n<td style=\"vertical-align: middle;border: 1px solid black\">Laborat\u00f3rio de Gest\u00e3o, Empreendedorismo, Inova\u00e7\u00e3o e Sustentabilidade &#8211; LAGEISEstrat\u00e9gias para minimizar o impacto da Pandemia COVID-19 na gest\u00e3o das MPEs<\/td>\n<td style=\"vertical-align: middle;border: 1px solid black\">06\/05\/2019 a 06\/05\/202103\/06\/2020 a 03\/06\/2022<\/td>\n<\/tr>\n<\/tbody>\n<\/table>\n","protected":false},"excerpt":{"rendered":"<p>Docente Atividades de Extens\u00e3o Per\u00edodo Carlos Ubiratan da Costa Schier Laborat\u00f3rio de Gest\u00e3o, Empreendedorismo, Inova\u00e7\u00e3o e Sustentabilidade &#8211; LAGEISEstrat\u00e9gias para minimizar o impacto da Pandemia COVID-19 na gest\u00e3o das MPEs 06\/05\/2019 a 06\/05\/202103\/06\/2020 a 03\/06\/2022 Carolina S. T. Fonseca Schlumberger Departures &#8211; de Ponta Grossa para o Mundo! &#8211; 2\u00aa Edi\u00e7\u00e3oLet&#8217;s Talk About &#8211; 1\u00aa&nbsp;&hellip;<\/p>\n","protected":false},"author":582,"featured_media":0,"parent":0,"menu_order":0,"comment_status":"closed","ping_status":"closed","template":"","meta":[],"_links":{"self":[{"href":"https:\/\/www2.uepg.br\/deadm\/wp-json\/wp\/v2\/pages\/135"}],"collection":[{"href":"https:\/\/www2.uepg.br\/deadm\/wp-json\/wp\/v2\/pages"}],"about":[{"href":"https:\/\/www2.uepg.br\/deadm\/wp-json\/wp\/v2\/types\/page"}],"author":[{"embeddable":true,"href":"https:\/\/www2.uepg.br\/deadm\/wp-json\/wp\/v2\/users\/582"}],"replies":[{"embeddable":true,"href":"https:\/\/www2.uepg.br\/deadm\/wp-json\/wp\/v2\/comments?post=135"}],"version-history":[{"count":6,"href":"https:\/\/www2.uepg.br\/deadm\/wp-json\/wp\/v2\/pages\/135\/revisions"}],"predecessor-version":[{"id":535,"href":"https:\/\/www2.uepg.br\/deadm\/wp-json\/wp\/v2\/pages\/135\/revisions\/535"}],"wp:attachment":[{"href":"https:\/\/www2.uepg.br\/deadm\/wp-json\/wp\/v2\/media?parent=135"}],"curies":[{"name":"wp","href":"https:\/\/api.w.org\/{rel}","templated":true}]}}