{"id":147,"date":"2022-12-13T10:10:06","date_gmt":"2022-12-13T13:10:06","guid":{"rendered":"https:\/\/www2.uepg.br\/deadm\/?page_id=147"},"modified":"2022-12-16T10:21:27","modified_gmt":"2022-12-16T13:21:27","slug":"iniciacao-cientifica-pibic-bic-provic","status":"publish","type":"page","link":"https:\/\/www2.uepg.br\/deadm\/iniciacao-cientifica-pibic-bic-provic\/","title":{"rendered":"Inicia\u00e7\u00e3o Cient\u00edfica &#8211; PIBIC\/BIC\/PROVIC"},"content":{"rendered":"<style>\ntd {border: 1px solid black; text-align: left;<span data-mce-type=\"bookmark\" style=\"display: inline-block; width: 0px; overflow: hidden; line-height: 0;\" class=\"mce_SELRES_start\">\ufeff<\/span>}<br \/><\/style>\n<h5 style=\"text-align: center;\">\u00a0<strong><u>PROJETOS DE PESQUISA &#8211; PIBIC\/BIC\/PROVIC &#8211; 2020 &#8211; 2021<\/u><\/strong><\/h5>\n<p>&nbsp;<\/p>\n<h5><img loading=\"lazy\" class=\"size-full wp-image-354 aligncenter\" style=\"font-size: 16px;\" src=\"https:\/\/www2.uepg.br\/deadm\/wp-content\/uploads\/sites\/263\/2022\/12\/pibic.jpg\" alt=\"PIBIC\" width=\"262\" height=\"123\" \/><\/h5>\n<p>&nbsp;<\/p>\n<table style=\"border-collapse: collapse;\" border=\"1\" cellspacing=\"0\" cellpadding=\"4\">\n<tbody>\n<tr>\n<td><strong>PROJETO<\/strong><\/td>\n<td><strong>PROFESSOR ORIENTADOR<br \/>\n<\/strong><\/td>\n<td><strong>ACAD\u00caMICO<\/strong><\/td>\n<\/tr>\n<tr>\n<td><strong>AN\u00c1LISE DAS PRINCIPAIS AG\u00caNCIAS DE PROMO\u00c7\u00d5ES E FINANCIAMENTOS \u00c0S EXPORTA\u00c7\u00d5ES DE MICRO E PEQUENAS EMPRESAS BRASILEIRAS: UMA REVIS\u00c3O BIBLIOGR\u00c1FICA<\/strong><\/td>\n<td><strong>Adriana Gresielly Fabrini<\/strong><\/td>\n<td><strong>Gabryele Luiza Bach<\/strong><\/td>\n<\/tr>\n<tr>\n<td><strong>O PAPEL DAS AG\u00caNCIAS DE PROMO\u00c7\u00d5ES AS EXPORTA\u00c7\u00d5ES<\/strong><\/td>\n<td><strong>Adriana Gresielly Fabrini<\/strong><\/td>\n<td><strong>Rebecca Gomes de Barros<\/strong><\/td>\n<\/tr>\n<tr>\n<td><strong>METODOLOGIAS INOVADORAS O ENSINO REMOTO EM ADMINISTRA\u00c7\u00c3O<\/strong><\/td>\n<td><strong>Gislaine Martinelli Baniski<\/strong><\/td>\n<td><strong>Carolina Carmem Ribeiro<\/strong><\/td>\n<\/tr>\n<tr>\n<td><strong>O USO DA TEORIA EFFECTUATION PARA A EDUCA\u00c7\u00c3O EMPREENDEDORA<\/strong><\/td>\n<td><strong>Gislaine Martinelli Baniski<\/strong><\/td>\n<td><strong>Fatima Aparecida da Silva<\/strong><\/td>\n<\/tr>\n<tr>\n<td><strong>O ENSINO PARA O EMPREENDEDORISMO SOCIAL: AN\u00c1LISE DAS PR\u00c1TICAS METODOL\u00d3GICAS NOS CURSOS DE ADMINISTRA\u00c7\u00c3O NA CIDADE DE PONTA GROSSA-PR<\/strong><\/td>\n<td><strong>Gislaine Martinelli Baniski<\/strong><\/td>\n<td><strong>Thais Broges<\/strong><\/td>\n<\/tr>\n<\/tbody>\n<\/table>\n<p>&nbsp;<\/p>\n<h5 style=\"text-align: center;\"><strong><u>PROJETOS DE PESQUISA &#8211; PIBIC\/BIC\/PROVIC &#8211; 2019 &#8211; 2020<\/u><\/strong><\/h5>\n<p>&nbsp;<\/p>\n<table style=\"border-collapse: collapse;\" border=\"1\" cellspacing=\"0\" cellpadding=\"4\">\n<tbody>\n<tr>\n<td><strong>PROJETO<\/strong><\/td>\n<td><strong>PROFESSOR ORIENTADOR<br \/>\n<\/strong><\/td>\n<td><strong>ACAD\u00caMICO<\/strong><\/td>\n<\/tr>\n<tr>\n<td><strong>DESGLOBALIZA\u00c7\u00c3O: AUMENTO DO PROTECIONISMO x GLOBALIZA\u00c7\u00c3O<\/strong><\/td>\n<td><strong>Adriana Gresielly Fabrini<\/strong><\/td>\n<td><strong>Amanda Hoeldtke Pietruchinski<\/strong><\/td>\n<\/tr>\n<tr>\n<td><strong>CAPACIDADES DIN\u00c2MICAS PARA INTERNACIONALIZA\u00c7\u00c3O<\/strong><\/td>\n<td><strong>Adriana Gresielly Fabrini<\/strong><\/td>\n<td><strong>Gustavo Janoski<\/strong><\/td>\n<\/tr>\n<tr>\n<td><strong>AN\u00c1LISE DA EFETIVIDADE DOS ATENDIMENTOS DO PEIEX N\u00daCLEO PONTA GROSSA &#8211; UMA AN\u00c1LISE QUANTITATIVA<\/strong><\/td>\n<td><strong>Adriana Gresielly Fabrini<\/strong><\/td>\n<td><strong>Lara Carpes<\/strong><\/td>\n<\/tr>\n<tr>\n<td><strong>BORN GLOBALS: UM ESTUDO BIBLIOM\u00c9TRICO<\/strong><\/td>\n<td><strong>Cesar Eduardo Abud Limas<\/strong><\/td>\n<td><strong>Karine Aparecida Marcondes Leal<\/strong><\/td>\n<\/tr>\n<tr>\n<td><strong>CAPACIDADE DE INTERNACIONALIZA\u00c7\u00c3O: UM ESTUDO COMPARATIVO ENTRE EMPRESAS DE PA\u00cdSES DESENVOLVIDOS E PA\u00cdSES EMERGENTES<\/strong><\/td>\n<td><strong>Cesar Eduardo Abud Limas<\/strong><\/td>\n<td><strong>Larissa Gomes de Barros<\/strong><\/td>\n<\/tr>\n<tr>\n<td><strong>INSTRUMENTOS E METODOLOGIAS PARA FOMENTAR A VOCA\u00c7\u00c3O EMPREENDEDORA<\/strong><\/td>\n<td><strong>Gislaine Martinelli Baniski<\/strong><\/td>\n<td><strong>Carolina Carmem Ribeiro<\/strong><\/td>\n<\/tr>\n<tr>\n<td><strong>METODOLOGIAS ATIVAS NO ENSINO DE ADMINISTRA\u00c7\u00c3O ESTRAT\u00c9GICA: GAMIFICA\u00c7\u00c3O<\/strong><\/td>\n<td><strong>Gislaine Martinelli Baniski<\/strong><\/td>\n<td><strong>Lucas Copacheski Hampf<\/strong><\/td>\n<\/tr>\n<tr>\n<td><strong>ESTUDO DE METODOLOGIAS PARA DESENVOLVER CARACTER\u00cdSTICAS EMPREENDEDORAS<\/strong><\/td>\n<td><strong>Gislaine Martinelli Baniski<\/strong><\/td>\n<td><strong>Maria Aline Chemim<\/strong><\/td>\n<\/tr>\n<\/tbody>\n<\/table>\n<p>&nbsp;<\/p>\n","protected":false},"excerpt":{"rendered":"<p>\u00a0PROJETOS DE PESQUISA &#8211; PIBIC\/BIC\/PROVIC &#8211; 2020 &#8211; 2021 &nbsp; &nbsp; PROJETO PROFESSOR ORIENTADOR ACAD\u00caMICO AN\u00c1LISE DAS PRINCIPAIS AG\u00caNCIAS DE PROMO\u00c7\u00d5ES E FINANCIAMENTOS \u00c0S EXPORTA\u00c7\u00d5ES DE MICRO E PEQUENAS EMPRESAS BRASILEIRAS: UMA REVIS\u00c3O BIBLIOGR\u00c1FICA Adriana Gresielly Fabrini Gabryele Luiza Bach O PAPEL DAS AG\u00caNCIAS DE PROMO\u00c7\u00d5ES AS EXPORTA\u00c7\u00d5ES Adriana Gresielly Fabrini Rebecca Gomes de Barros&nbsp;&hellip;<\/p>\n","protected":false},"author":582,"featured_media":0,"parent":0,"menu_order":0,"comment_status":"closed","ping_status":"closed","template":"","meta":[],"_links":{"self":[{"href":"https:\/\/www2.uepg.br\/deadm\/wp-json\/wp\/v2\/pages\/147"}],"collection":[{"href":"https:\/\/www2.uepg.br\/deadm\/wp-json\/wp\/v2\/pages"}],"about":[{"href":"https:\/\/www2.uepg.br\/deadm\/wp-json\/wp\/v2\/types\/page"}],"author":[{"embeddable":true,"href":"https:\/\/www2.uepg.br\/deadm\/wp-json\/wp\/v2\/users\/582"}],"replies":[{"embeddable":true,"href":"https:\/\/www2.uepg.br\/deadm\/wp-json\/wp\/v2\/comments?post=147"}],"version-history":[{"count":3,"href":"https:\/\/www2.uepg.br\/deadm\/wp-json\/wp\/v2\/pages\/147\/revisions"}],"predecessor-version":[{"id":356,"href":"https:\/\/www2.uepg.br\/deadm\/wp-json\/wp\/v2\/pages\/147\/revisions\/356"}],"wp:attachment":[{"href":"https:\/\/www2.uepg.br\/deadm\/wp-json\/wp\/v2\/media?parent=147"}],"curies":[{"name":"wp","href":"https:\/\/api.w.org\/{rel}","templated":true}]}}