{"id":146,"date":"2022-02-04T10:40:04","date_gmt":"2022-02-04T13:40:04","guid":{"rendered":"https:\/\/www2.uepg.br\/decon\/?page_id=146"},"modified":"2026-02-26T20:50:12","modified_gmt":"2026-02-26T23:50:12","slug":"onde-atua","status":"publish","type":"page","link":"https:\/\/www2.uepg.br\/decon\/onde-atua\/","title":{"rendered":"ONDE ATUA"},"content":{"rendered":"<hr \/>\n<h2 style=\"text-align: center\" align=\"justify\"><strong>CURSOS:<\/strong><\/h2>\n<h4 style=\"text-align: left\" align=\"left\">O Departamento de Contabilidade atua com seus docentes junto aos Cursos de:<\/h4>\n<ul style=\"text-align: left\">\n<li><a href=\"http:\/\/www.uepg.br\/Catalogo\/setor4\/adm.pdf\" target=\"_blank\" rel=\"noopener\">Administra\u00e7\u00e3o<\/a><\/li>\n<li><a href=\"http:\/\/www.uepg.br\/Catalogo\/setor2\/bachareleminformatica.pdf\" target=\"_blank\" rel=\"noopener\">Bacharelado em Inform\u00e1tica<\/a><\/li>\n<li><a href=\"http:\/\/www.uepg.br\/Catalogo\/setor4\/contabeis.pdf\" target=\"_blank\" rel=\"noopener\">Ci\u00eancias Cont\u00e1beis<\/a><\/li>\n<li><a href=\"http:\/\/www.uepg.br\/Catalogo\/setor4\/economia.pdf\" target=\"_blank\" rel=\"noopener\">Ci\u00eancias Econ\u00f4micas<\/a><\/li>\n<li><a href=\"http:\/\/www.uepg.br\/Catalogo\/setor4\/comercioexterior.pdf\" target=\"_blank\" rel=\"noopener\">Com\u00e9rcio Exterior<\/a><\/li>\n<\/ul>\n<p style=\"text-align: right\" align=\"justify\">\u00a0 \u00a0 \u00a0 <strong>Obs<\/strong>: Clique sobre os cursos para obter informa\u00e7\u00f5es referentes a grade curricular, \u00e1reas de atua\u00e7\u00e3o, entre outras informa\u00e7\u00f5es<\/p>\n<hr \/>\n<p align=\"justify\">\n","protected":false},"excerpt":{"rendered":"<p>CURSOS: O Departamento de Contabilidade atua com seus docentes junto aos Cursos de: Administra\u00e7\u00e3o Bacharelado em Inform\u00e1tica Ci\u00eancias Cont\u00e1beis Ci\u00eancias Econ\u00f4micas Com\u00e9rcio Exterior \u00a0 \u00a0 \u00a0 Obs: Clique sobre os cursos para obter informa\u00e7\u00f5es referentes a grade curricular, \u00e1reas de atua\u00e7\u00e3o, entre outras informa\u00e7\u00f5es<\/p>\n","protected":false},"author":420,"featured_media":0,"parent":0,"menu_order":0,"comment_status":"closed","ping_status":"closed","template":"","meta":[],"_links":{"self":[{"href":"https:\/\/www2.uepg.br\/decon\/wp-json\/wp\/v2\/pages\/146"}],"collection":[{"href":"https:\/\/www2.uepg.br\/decon\/wp-json\/wp\/v2\/pages"}],"about":[{"href":"https:\/\/www2.uepg.br\/decon\/wp-json\/wp\/v2\/types\/page"}],"author":[{"embeddable":true,"href":"https:\/\/www2.uepg.br\/decon\/wp-json\/wp\/v2\/users\/420"}],"replies":[{"embeddable":true,"href":"https:\/\/www2.uepg.br\/decon\/wp-json\/wp\/v2\/comments?post=146"}],"version-history":[{"count":15,"href":"https:\/\/www2.uepg.br\/decon\/wp-json\/wp\/v2\/pages\/146\/revisions"}],"predecessor-version":[{"id":537,"href":"https:\/\/www2.uepg.br\/decon\/wp-json\/wp\/v2\/pages\/146\/revisions\/537"}],"wp:attachment":[{"href":"https:\/\/www2.uepg.br\/decon\/wp-json\/wp\/v2\/media?parent=146"}],"curies":[{"name":"wp","href":"https:\/\/api.w.org\/{rel}","templated":true}]}}