{"id":164,"date":"2022-02-04T10:54:36","date_gmt":"2022-02-04T13:54:36","guid":{"rendered":"https:\/\/www2.uepg.br\/decon\/?page_id=164"},"modified":"2022-02-14T10:50:39","modified_gmt":"2022-02-14T13:50:39","slug":"servicos","status":"publish","type":"page","link":"https:\/\/www2.uepg.br\/decon\/servicos\/","title":{"rendered":"Servi\u00e7os"},"content":{"rendered":"<div id=\"pl-164\"  class=\"panel-layout\" ><div id=\"pg-164-0\"  class=\"panel-grid panel-no-style\" ><div id=\"pgc-164-0-0\"  class=\"panel-grid-cell\" ><div id=\"panel-164-0-0-0\" class=\"so-panel widget widget_sow-accordion panel-first-child panel-last-child\" data-index=\"0\" ><div\n\t\t\t\n\t\t\tclass=\"so-widget-sow-accordion so-widget-sow-accordion-default-99be652ed941-164\"\n\t\t\t\n\t\t><h3 class=\"widget-title\">Servi\u00e7os de consultoria, orienta\u00e7\u00e3o e preenchimento de IRPF e IRPJ, para a comunidade universit\u00e1ria, orienta\u00e7\u00e3o e acompanhamento para reestrutura\u00e7\u00e3o financeira pessoal e familiar, atendimento a comunidade na solu\u00e7\u00e3o de situa\u00e7\u00f5es envolvendo a Receita Federal do Brasil.<\/h3><div>\n\t<div class=\"sow-accordion\">\n\t\t\t<div class=\"sow-accordion-panel\"\n\t\t\t data-anchor=\"projeto-projir-preenchimento-e-acompanhamento-do-imposto-de-renda-da-pessoa-f%c3%adsica\">\n\t\t\t\t<div class=\"sow-accordion-panel-header-container\" role=\"heading\" aria-level=\"2\">\n\t\t\t\t\t<div class=\"sow-accordion-panel-header\" tabindex=\"0\" role=\"button\" id=\"accordion-label-projeto-projir-preenchimento-e-acompanhamento-do-imposto-de-renda-da-pessoa-f%c3%adsica\" aria-controls=\"accordion-content-projeto-projir-preenchimento-e-acompanhamento-do-imposto-de-renda-da-pessoa-f%c3%adsica\" aria-expanded=\"false\">\n\t\t\t\t\t\t<div class=\"sow-accordion-title sow-accordion-title-icon-left\">\n\t\t\t\t\t\t\t\t\t\t\t\t\t\tPROJETO PROJIR- Preenchimento e acompanhamento do Imposto de Renda da Pessoa F\u00edsica\t\t\t\t\t\t\t\t\t\t\t\t\t<\/div>\n\t\t\t\t\t\t<div class=\"sow-accordion-open-close-button\">\n\t\t\t\t\t\t\t<div class=\"sow-accordion-open-button\">\n\t\t\t\t\t\t\t\t<span class=\"sow-icon-ionicons\" data-sow-icon=\"&#xf218;\"\n\t\t \n\t\taria-hidden=\"true\"><\/span>\t\t\t\t\t\t\t<\/div>\n\t\t\t\t\t\t\t<div class=\"sow-accordion-close-button\">\n\t\t\t\t\t\t\t\t<span class=\"sow-icon-ionicons\" data-sow-icon=\"&#xf209;\"\n\t\t \n\t\taria-hidden=\"true\"><\/span>\t\t\t\t\t\t\t<\/div>\n\t\t\t\t\t\t<\/div>\n\t\t\t\t\t<\/div>\n\t\t\t\t<\/div>\n\n\t\t\t<div\n\t\t\t\tclass=\"sow-accordion-panel-content\"\n\t\t\t\trole=\"region\"\n\t\t\t\taria-labelledby=\"accordion-label-projeto-projir-preenchimento-e-acompanhamento-do-imposto-de-renda-da-pessoa-f%c3%adsica\"\n\t\t\t\tid=\"accordion-content-projeto-projir-preenchimento-e-acompanhamento-do-imposto-de-renda-da-pessoa-f%c3%adsica\"\n\t\t\t\tstyle=\"display: none;\"\t\t\t>\n\t\t\t\t<div class=\"sow-accordion-panel-border\" tabindex=\"0\">\n\t\t\t\t\t<p>Objetivo Geral:<br \/>\nOrientar e preencher declara\u00e7\u00f5es de Imposto de Renda Pessoa F\u00edsica e de Pessoa Jur\u00eddica de pessoas e empresas pertencentes \u00e0 comunidade universit\u00e1ria da UEPG.<\/p>\n<p>CLIENTELA:<br \/>\nComunidade Universit\u00e1ria \u2013 professores, funcion\u00e1rios e entidades ligadas.<\/p>\n<p>Coordenador(es):<br \/>\nProfessor Msc. Sandro Rog\u00e9rio Camargo \u2013 Coordenador<br \/>\nE-mail:\u00a0<a href=\"mailto:srcamargo@uepg.br\">srcamargo@uepg.br<\/a><\/p>\n<p>&nbsp;<\/p>\n<p>Local: Curso de Ci\u00eancias Cont\u00e1beis \u2013 Universidade Estadual de Ponta Grossa \u2013 Campus Central - Sala D-109.<\/p>\n\t\t\t\t<\/div>\n\t\t\t<\/div>\n\t\t<\/div>\n\t\t\t<div class=\"sow-accordion-panel\"\n\t\t\t data-anchor=\"projeto-proefin-orienta%c3%a7%c3%a3o-finaceira-pessoal-e-familiar\">\n\t\t\t\t<div class=\"sow-accordion-panel-header-container\" role=\"heading\" aria-level=\"2\">\n\t\t\t\t\t<div class=\"sow-accordion-panel-header\" tabindex=\"0\" role=\"button\" id=\"accordion-label-projeto-proefin-orienta%c3%a7%c3%a3o-finaceira-pessoal-e-familiar\" aria-controls=\"accordion-content-projeto-proefin-orienta%c3%a7%c3%a3o-finaceira-pessoal-e-familiar\" aria-expanded=\"false\">\n\t\t\t\t\t\t<div class=\"sow-accordion-title sow-accordion-title-icon-left\">\n\t\t\t\t\t\t\t\t\t\t\t\t\t\tProjeto PROEFIN - Orienta\u00e7\u00e3o finaceira pessoal e familiar\t\t\t\t\t\t\t\t\t\t\t\t\t<\/div>\n\t\t\t\t\t\t<div class=\"sow-accordion-open-close-button\">\n\t\t\t\t\t\t\t<div class=\"sow-accordion-open-button\">\n\t\t\t\t\t\t\t\t<span class=\"sow-icon-ionicons\" data-sow-icon=\"&#xf218;\"\n\t\t \n\t\taria-hidden=\"true\"><\/span>\t\t\t\t\t\t\t<\/div>\n\t\t\t\t\t\t\t<div class=\"sow-accordion-close-button\">\n\t\t\t\t\t\t\t\t<span class=\"sow-icon-ionicons\" data-sow-icon=\"&#xf209;\"\n\t\t \n\t\taria-hidden=\"true\"><\/span>\t\t\t\t\t\t\t<\/div>\n\t\t\t\t\t\t<\/div>\n\t\t\t\t\t<\/div>\n\t\t\t\t<\/div>\n\n\t\t\t<div\n\t\t\t\tclass=\"sow-accordion-panel-content\"\n\t\t\t\trole=\"region\"\n\t\t\t\taria-labelledby=\"accordion-label-projeto-proefin-orienta%c3%a7%c3%a3o-finaceira-pessoal-e-familiar\"\n\t\t\t\tid=\"accordion-content-projeto-proefin-orienta%c3%a7%c3%a3o-finaceira-pessoal-e-familiar\"\n\t\t\t\tstyle=\"display: none;\"\t\t\t>\n\t\t\t\t<div class=\"sow-accordion-panel-border\" tabindex=\"0\">\n\t\t\t\t\t<p>Orienta\u00e7\u00e3o sobre elabora\u00e7\u00e3o do or\u00e7amento pessoal e familiar, renegocia\u00e7\u00e3o de d\u00edvidas e reestrutura\u00e7\u00e3o financeira de pessoas f\u00edsicas.<\/p>\n<p>P\u00fablico atendido: Acad\u00eamicos e comunidade em geral.<\/p>\n<p>Prof. Jocimar Prado<\/p>\n<p>jdprado@uepg.br<\/p>\n\t\t\t\t<\/div>\n\t\t\t<\/div>\n\t\t<\/div>\n\t\t\t<div class=\"sow-accordion-panel\"\n\t\t\t data-anchor=\"projeto-naf-apoio-fiscal-a-contribuintes-de-tributos-federais-e-obriga%c3%a7%c3%b5es-acess%c3%b3rias\">\n\t\t\t\t<div class=\"sow-accordion-panel-header-container\" role=\"heading\" aria-level=\"2\">\n\t\t\t\t\t<div class=\"sow-accordion-panel-header\" tabindex=\"0\" role=\"button\" id=\"accordion-label-projeto-naf-apoio-fiscal-a-contribuintes-de-tributos-federais-e-obriga%c3%a7%c3%b5es-acess%c3%b3rias\" aria-controls=\"accordion-content-projeto-naf-apoio-fiscal-a-contribuintes-de-tributos-federais-e-obriga%c3%a7%c3%b5es-acess%c3%b3rias\" aria-expanded=\"false\">\n\t\t\t\t\t\t<div class=\"sow-accordion-title sow-accordion-title-icon-left\">\n\t\t\t\t\t\t\t\t\t\t\t\t\t\tProjeto NAF - Apoio Fiscal a contribuintes de tributos federais e obriga\u00e7\u00f5es acess\u00f3rias\t\t\t\t\t\t\t\t\t\t\t\t\t<\/div>\n\t\t\t\t\t\t<div class=\"sow-accordion-open-close-button\">\n\t\t\t\t\t\t\t<div class=\"sow-accordion-open-button\">\n\t\t\t\t\t\t\t\t<span class=\"sow-icon-ionicons\" data-sow-icon=\"&#xf218;\"\n\t\t \n\t\taria-hidden=\"true\"><\/span>\t\t\t\t\t\t\t<\/div>\n\t\t\t\t\t\t\t<div class=\"sow-accordion-close-button\">\n\t\t\t\t\t\t\t\t<span class=\"sow-icon-ionicons\" data-sow-icon=\"&#xf209;\"\n\t\t \n\t\taria-hidden=\"true\"><\/span>\t\t\t\t\t\t\t<\/div>\n\t\t\t\t\t\t<\/div>\n\t\t\t\t\t<\/div>\n\t\t\t\t<\/div>\n\n\t\t\t<div\n\t\t\t\tclass=\"sow-accordion-panel-content\"\n\t\t\t\trole=\"region\"\n\t\t\t\taria-labelledby=\"accordion-label-projeto-naf-apoio-fiscal-a-contribuintes-de-tributos-federais-e-obriga%c3%a7%c3%b5es-acess%c3%b3rias\"\n\t\t\t\tid=\"accordion-content-projeto-naf-apoio-fiscal-a-contribuintes-de-tributos-federais-e-obriga%c3%a7%c3%b5es-acess%c3%b3rias\"\n\t\t\t\tstyle=\"display: none;\"\t\t\t>\n\t\t\t\t<div class=\"sow-accordion-panel-border\" tabindex=\"0\">\n\t\t\t\t\t<p>Em parceria com a Receita Federal do Brasil visa apoiar o contribuinte em situa\u00e7\u00f5es envolvendo sua regularidade fiscal<\/p>\n<p>Prof Jesse Alencar da Silva<\/p>\n<p>jessesilva@uepg.br<\/p>\n\t\t\t\t<\/div>\n\t\t\t<\/div>\n\t\t<\/div>\n\t\t<\/div>\n<\/div>\n<\/div><\/div><\/div><\/div><\/div>","protected":false},"excerpt":{"rendered":"<p>Servi\u00e7os de consultoria, orienta\u00e7\u00e3o e preenchimento de IRPF e IRPJ, para a comunidade universit\u00e1ria, orienta\u00e7\u00e3o e acompanhamento para reestrutura\u00e7\u00e3o financeira pessoal e familiar, atendimento a comunidade na solu\u00e7\u00e3o de situa\u00e7\u00f5es envolvendo a Receita Federal do Brasil. PROJETO PROJIR- Preenchimento e acompanhamento do Imposto de Renda da Pessoa F\u00edsica Objetivo Geral: Orientar e preencher declara\u00e7\u00f5es de&nbsp;&hellip;<\/p>\n","protected":false},"author":420,"featured_media":0,"parent":0,"menu_order":0,"comment_status":"closed","ping_status":"closed","template":"","meta":[],"_links":{"self":[{"href":"https:\/\/www2.uepg.br\/decon\/wp-json\/wp\/v2\/pages\/164"}],"collection":[{"href":"https:\/\/www2.uepg.br\/decon\/wp-json\/wp\/v2\/pages"}],"about":[{"href":"https:\/\/www2.uepg.br\/decon\/wp-json\/wp\/v2\/types\/page"}],"author":[{"embeddable":true,"href":"https:\/\/www2.uepg.br\/decon\/wp-json\/wp\/v2\/users\/420"}],"replies":[{"embeddable":true,"href":"https:\/\/www2.uepg.br\/decon\/wp-json\/wp\/v2\/comments?post=164"}],"version-history":[{"count":4,"href":"https:\/\/www2.uepg.br\/decon\/wp-json\/wp\/v2\/pages\/164\/revisions"}],"predecessor-version":[{"id":249,"href":"https:\/\/www2.uepg.br\/decon\/wp-json\/wp\/v2\/pages\/164\/revisions\/249"}],"wp:attachment":[{"href":"https:\/\/www2.uepg.br\/decon\/wp-json\/wp\/v2\/media?parent=164"}],"curies":[{"name":"wp","href":"https:\/\/api.w.org\/{rel}","templated":true}]}}