{"id":149,"date":"2021-05-26T15:33:45","date_gmt":"2021-05-26T18:33:45","guid":{"rendered":"https:\/\/www2.uepg.br\/dedufis\/?page_id=149"},"modified":"2026-03-31T10:07:41","modified_gmt":"2026-03-31T13:07:41","slug":"onde-atua","status":"publish","type":"page","link":"https:\/\/www2.uepg.br\/dedufis\/onde-atua\/","title":{"rendered":"Onde Atua"},"content":{"rendered":"<div align=\"justify\">\n<h4>O Departamento de Educa\u00e7\u00e3o F\u00edsica atua com seus docentes junto aos Cursos de:<\/h4>\n<h4 style=\"text-align: left\"><strong>GRADUA\u00c7\u00c3O:<\/strong><\/h4>\n<ul>\n<li>\u00a0Bacharelado em Educa\u00e7\u00e3o F\u00edsica<\/li>\n<li>\u00a0Licenciatura em Educa\u00e7\u00e3o F\u00edsica<\/li>\n<li>\u00a0Licenciatura em Educa\u00e7\u00e3o F\u00edsica EaD<\/li>\n<\/ul>\n<div align=\"justify\">\n<h4><strong>P\u00d3S-GRADUA\u00c7\u00c3O (Mestrado e Doutorado):<\/strong><\/h4>\n<\/div>\n<div align=\"justify\">\n<ul>\n<li><a href=\"http:\/\/www.pitangui.uepg.br\/propesp\/ppgbiomedicas\/index.php\" target=\"_blank\" rel=\"noopener\">Programa de P\u00f3s Gradua\u00e7\u00e3o em Ci\u00eancias Biom\u00e9dicas<\/a>\n<ul>\n<li class=\"TYR86d wXCUfe zfr3Q\">\n<p class=\"CDt4Ke zfr3Q\" dir=\"ltr\"><em>Prof. Dr. Nilo Massaru Okuno<\/em><\/p>\n<\/li>\n<li><em>Prof. Dr. Rodolfo Andr\u00e9 Dellagrana<\/em><\/li>\n<li><\/li>\n<\/ul>\n<\/li>\n<li><a href=\"http:\/\/www.pitangui.uepg.br\/propesp\/ppgbiomedicas\/index.php\" target=\"_blank\" rel=\"noopener\">Programa de P\u00f3s Gradua\u00e7\u00e3o em<\/a><a href=\"http:\/\/sites.uepg.br\/ppgcs\" target=\"_blank\" rel=\"noopener\"> Ci\u00eancias da Sa\u00fade<\/a>\n<ul>\n<li class=\"TYR86d wXCUfe zfr3Q\">\n<p class=\"CDt4Ke zfr3Q\" dir=\"ltr\"><em>Prof. LD Bruno Pedroso<\/em><\/p>\n<\/li>\n<li class=\"TYR86d wXCUfe zfr3Q\">\n<p class=\"CDt4Ke zfr3Q\" dir=\"ltr\"><em>Prof. Dr. Nilo Massaru Okuno<\/em><\/p>\n<\/li>\n<\/ul>\n<\/li>\n<li><a href=\"http:\/\/www.pitangui.uepg.br\/propesp\/ppgbiomedicas\/index.php\" target=\"_blank\" rel=\"noopener\">Programa de P\u00f3s Gradua\u00e7\u00e3o em <\/a><a href=\"http:\/\/sites.uepg.br\/ppgcsa\" target=\"_blank\" rel=\"noopener\">Ci\u00eancias Sociais e Aplicadas<\/a>\n<ul>\n<li class=\"TYR86d wXCUfe zfr3Q\">\n<p class=\"CDt4Ke zfr3Q\" dir=\"ltr\"><em>Prof. Dr. Alfredo Cesar Antunes<\/em><\/p>\n<\/li>\n<li class=\"TYR86d wXCUfe zfr3Q\">\n<p class=\"CDt4Ke zfr3Q\" dir=\"ltr\"><em>Prof. LD Bruno Pedroso<\/em><\/p>\n<\/li>\n<li class=\"TYR86d wXCUfe zfr3Q\">\n<p class=\"CDt4Ke zfr3Q\" dir=\"ltr\"><em>Prof. Dr. Constantino de Oliveira Junior<\/em><\/p>\n<\/li>\n<li class=\"TYR86d wXCUfe zfr3Q\">\n<p class=\"CDt4Ke zfr3Q\" dir=\"ltr\"><em>Prof. Dr. Gon\u00e7alo Cassins Moreira do Carmo<\/em><\/p>\n<\/li>\n<li class=\"TYR86d wXCUfe zfr3Q\"><em>Prof\u00aa. Dr\u00aa. Natasha Santos Lise<\/em><\/li>\n<li class=\"TYR86d wXCUfe zfr3Q\">\n<p class=\"CDt4Ke zfr3Q\" dir=\"ltr\"><em>Prof. Dr. Miguel Archanjo de Freitas Junior<\/em><\/p>\n<\/li>\n<li class=\"TYR86d wXCUfe zfr3Q\">\n<p class=\"CDt4Ke zfr3Q\" dir=\"ltr\"><em>Prof. Dr. Nei Alberto Salles Filho<\/em><\/p>\n<\/li>\n<\/ul>\n<\/li>\n<li><a href=\"https:\/\/www2.uepg.br\/profei\/\" target=\"_blank\" rel=\"noopener\">Programa de P\u00f3s Gradua\u00e7\u00e3o em Educa\u00e7\u00e3o Assistida<\/a>\n<ul>\n<li class=\"TYR86d wXCUfe zfr3Q\">\n<p class=\"CDt4Ke zfr3Q\" dir=\"ltr\"><em>Prof. LD Bruno Pedroso<\/em><\/p>\n<\/li>\n<li class=\"TYR86d wXCUfe zfr3Q\">\n<p class=\"CDt4Ke zfr3Q\" dir=\"ltr\"><em>Prof\u00aa. Dr\u00aa. Carolina Paioli Tavares<\/em><\/p>\n<\/li>\n<li class=\"TYR86d wXCUfe zfr3Q\">\n<p class=\"CDt4Ke zfr3Q\" dir=\"ltr\"><em>Prof. Dr. Nei Alberto Salles Filho<\/em><\/p>\n<\/li>\n<\/ul>\n<\/li>\n<\/ul>\n<p><em>Obs: Clique sobre os cursos para obter informa\u00e7\u00f5es referentes a grade curricular, \u00e1reas de atua\u00e7\u00e3o, entre outras informa\u00e7\u00f5es.<\/em><\/p>\n<hr \/>\n<\/div>\n<div><\/div>\n<section id=\"h.4c4802aa8db5599_236\" class=\"yaqOZd\">\n<div class=\"mYVXT\">\n<div class=\"LS81yb VICjCf\">\n<div class=\"hJDwNd-AhqUyc-OwsYgb purZT-AhqUyc-II5mzb pSzOP-AhqUyc-qWD73c JNdkSc\">\n<div class=\"JNdkSc-SmKAyb\">\n<div class=\"\">\n<div class=\"oKdM2c Kzv0Me\">\n<div id=\"h.4c4802aa8db5599_242\" class=\"hJDwNd-AhqUyc-OwsYgb jXK9ad D2fZ2 OjCsFc wHaque GNzUNc\">\n<div class=\"jXK9ad-SmKAyb\">\n<div class=\"tyJCtd mGzaTb baZpAe\">\n<div id=\"h.sr169nwbgrwv\" class=\"GV3q8e aP9Z7e\"><\/div>\n<\/div>\n<\/div>\n<\/div>\n<\/div>\n<\/div>\n<\/div>\n<\/div>\n<\/div>\n<\/div>\n<\/section>\n<\/div>\n","protected":false},"excerpt":{"rendered":"<p>O Departamento de Educa\u00e7\u00e3o F\u00edsica atua com seus docentes junto aos Cursos de: GRADUA\u00c7\u00c3O: \u00a0Bacharelado em Educa\u00e7\u00e3o F\u00edsica \u00a0Licenciatura em Educa\u00e7\u00e3o F\u00edsica \u00a0Licenciatura em Educa\u00e7\u00e3o F\u00edsica EaD P\u00d3S-GRADUA\u00c7\u00c3O (Mestrado e Doutorado): Programa de P\u00f3s Gradua\u00e7\u00e3o em Ci\u00eancias Biom\u00e9dicas Prof. Dr. Nilo Massaru Okuno Prof. Dr. Rodolfo Andr\u00e9 Dellagrana Programa de P\u00f3s Gradua\u00e7\u00e3o em Ci\u00eancias da&nbsp;&hellip;<\/p>\n","protected":false},"author":204,"featured_media":0,"parent":0,"menu_order":0,"comment_status":"closed","ping_status":"closed","template":"","meta":[],"_links":{"self":[{"href":"https:\/\/www2.uepg.br\/dedufis\/wp-json\/wp\/v2\/pages\/149"}],"collection":[{"href":"https:\/\/www2.uepg.br\/dedufis\/wp-json\/wp\/v2\/pages"}],"about":[{"href":"https:\/\/www2.uepg.br\/dedufis\/wp-json\/wp\/v2\/types\/page"}],"author":[{"embeddable":true,"href":"https:\/\/www2.uepg.br\/dedufis\/wp-json\/wp\/v2\/users\/204"}],"replies":[{"embeddable":true,"href":"https:\/\/www2.uepg.br\/dedufis\/wp-json\/wp\/v2\/comments?post=149"}],"version-history":[{"count":19,"href":"https:\/\/www2.uepg.br\/dedufis\/wp-json\/wp\/v2\/pages\/149\/revisions"}],"predecessor-version":[{"id":591,"href":"https:\/\/www2.uepg.br\/dedufis\/wp-json\/wp\/v2\/pages\/149\/revisions\/591"}],"wp:attachment":[{"href":"https:\/\/www2.uepg.br\/dedufis\/wp-json\/wp\/v2\/media?parent=149"}],"curies":[{"name":"wp","href":"https:\/\/api.w.org\/{rel}","templated":true}]}}