{"id":171,"date":"2021-05-26T16:48:22","date_gmt":"2021-05-26T19:48:22","guid":{"rendered":"https:\/\/www2.uepg.br\/dedufis\/?page_id=171"},"modified":"2021-10-14T16:11:27","modified_gmt":"2021-10-14T19:11:27","slug":"laboratorios","status":"publish","type":"page","link":"https:\/\/www2.uepg.br\/dedufis\/laboratorios\/","title":{"rendered":"Infraestrutura"},"content":{"rendered":"<h3 style=\"text-align: center\"><strong>O Departamento de Educa\u00e7\u00e3o F\u00edsica \u00e9 respons\u00e1vel e disponibiliza para seus Acad\u00eamicos e Comunidade:<\/strong><\/h3>\n<p>&nbsp;<\/p>\n<h4 style=\"text-align: center\"><strong>Complexo de Avalia\u00e7\u00e3o F\u00edsica e Ci\u00eancias do Esporte<\/strong><\/h4>\n<h4 style=\"text-align: center\"><strong>Ambulat\u00f3rio Multiusu\u00e1rio de Reabilita\u00e7\u00e3o P\u00f3s COVID-19 &#8211; Conv\u00eanio DEDUFIS e HU-UEPG<\/strong><\/h4>\n<div style=\"width: 640px;\" class=\"wp-video\"><!--[if lt IE 9]><script>document.createElement('video');<\/script><![endif]-->\n<video class=\"wp-video-shortcode\" id=\"video-171-1\" width=\"640\" height=\"352\" preload=\"metadata\" controls=\"controls\"><source type=\"video\/mp4\" src=\"https:\/\/www2.uepg.br\/dedufis\/wp-content\/uploads\/sites\/193\/2021\/10\/Ambulatorio-Pos-Covid-19.mp4?_=1\" \/><a href=\"https:\/\/www2.uepg.br\/dedufis\/wp-content\/uploads\/sites\/193\/2021\/10\/Ambulatorio-Pos-Covid-19.mp4\">https:\/\/www2.uepg.br\/dedufis\/wp-content\/uploads\/sites\/193\/2021\/10\/Ambulatorio-Pos-Covid-19.mp4<\/a><\/video><\/div>\n<p>&nbsp;<\/p>\n<p style=\"text-align: left\">O laborat\u00f3rio de avalia\u00e7\u00e3o f\u00edsica \u00e9 destinado ao desenvolvimento de atividades acad\u00eamicas e de pesquisas nas \u00e1reas de:<\/p>\n<ul>\n<li>Medidas e avalia\u00e7\u00f5es em Educa\u00e7\u00e3o F\u00edsica;<\/li>\n<li>Fisiologia do Exerc\u00edcio;<\/li>\n<li>Avalia\u00e7\u00f5es diversas (comunidade em geral).<\/li>\n<\/ul>\n<h4 style=\"text-align: center\"><strong>Gin\u00e1sio Poliesportivo<\/strong><\/h4>\n<p><img loading=\"lazy\" class=\"wp-image-336 aligncenter\" src=\"https:\/\/www2.uepg.br\/dedufis\/wp-content\/uploads\/sites\/193\/2021\/10\/Gin-1-300x170.png\" alt=\"\" width=\"501\" height=\"284\" srcset=\"https:\/\/www2.uepg.br\/dedufis\/wp-content\/uploads\/sites\/193\/2021\/10\/Gin-1-300x170.png 300w, https:\/\/www2.uepg.br\/dedufis\/wp-content\/uploads\/sites\/193\/2021\/10\/Gin-1.png 693w\" sizes=\"(max-width: 501px) 100vw, 501px\" \/><\/p>\n<p><img loading=\"lazy\" class=\"wp-image-337 aligncenter\" src=\"https:\/\/www2.uepg.br\/dedufis\/wp-content\/uploads\/sites\/193\/2021\/10\/Gin-2-300x169.png\" alt=\"\" width=\"499\" height=\"281\" srcset=\"https:\/\/www2.uepg.br\/dedufis\/wp-content\/uploads\/sites\/193\/2021\/10\/Gin-2-300x169.png 300w, https:\/\/www2.uepg.br\/dedufis\/wp-content\/uploads\/sites\/193\/2021\/10\/Gin-2.png 692w\" sizes=\"(max-width: 499px) 100vw, 499px\" \/><\/p>\n<p><img loading=\"lazy\" class=\"wp-image-338 aligncenter\" src=\"https:\/\/www2.uepg.br\/dedufis\/wp-content\/uploads\/sites\/193\/2021\/10\/Gin-3-300x166.png\" alt=\"\" width=\"499\" height=\"276\" srcset=\"https:\/\/www2.uepg.br\/dedufis\/wp-content\/uploads\/sites\/193\/2021\/10\/Gin-3-300x166.png 300w, https:\/\/www2.uepg.br\/dedufis\/wp-content\/uploads\/sites\/193\/2021\/10\/Gin-3.png 695w\" sizes=\"(max-width: 499px) 100vw, 499px\" \/><\/p>\n<h4 style=\"text-align: center\"><strong>Pavilh\u00e3o Did\u00e1tico<\/strong><\/h4>\n<p><img loading=\"lazy\" class=\" wp-image-334 aligncenter\" src=\"https:\/\/www2.uepg.br\/dedufis\/wp-content\/uploads\/sites\/193\/2021\/10\/Pav-1-300x170.png\" alt=\"\" width=\"503\" height=\"285\" srcset=\"https:\/\/www2.uepg.br\/dedufis\/wp-content\/uploads\/sites\/193\/2021\/10\/Pav-1-300x170.png 300w, https:\/\/www2.uepg.br\/dedufis\/wp-content\/uploads\/sites\/193\/2021\/10\/Pav-1.png 695w\" sizes=\"(max-width: 503px) 100vw, 503px\" \/><\/p>\n<p><img loading=\"lazy\" class=\" wp-image-335 aligncenter\" src=\"https:\/\/www2.uepg.br\/dedufis\/wp-content\/uploads\/sites\/193\/2021\/10\/Pav-2-300x168.png\" alt=\"\" width=\"500\" height=\"280\" srcset=\"https:\/\/www2.uepg.br\/dedufis\/wp-content\/uploads\/sites\/193\/2021\/10\/Pav-2-300x168.png 300w, https:\/\/www2.uepg.br\/dedufis\/wp-content\/uploads\/sites\/193\/2021\/10\/Pav-2.png 695w\" sizes=\"(max-width: 500px) 100vw, 500px\" \/><\/p>\n<h4 style=\"text-align: center\"><strong>Piscina Semi Ol\u00edmpica<\/strong><\/h4>\n<p><img loading=\"lazy\" class=\"wp-image-339 aligncenter\" src=\"https:\/\/www2.uepg.br\/dedufis\/wp-content\/uploads\/sites\/193\/2021\/10\/Pisc-1-300x168.png\" alt=\"\" width=\"498\" height=\"279\" srcset=\"https:\/\/www2.uepg.br\/dedufis\/wp-content\/uploads\/sites\/193\/2021\/10\/Pisc-1-300x168.png 300w, https:\/\/www2.uepg.br\/dedufis\/wp-content\/uploads\/sites\/193\/2021\/10\/Pisc-1.png 695w\" sizes=\"(max-width: 498px) 100vw, 498px\" \/><\/p>\n<p><img loading=\"lazy\" class=\"wp-image-340 aligncenter\" src=\"https:\/\/www2.uepg.br\/dedufis\/wp-content\/uploads\/sites\/193\/2021\/10\/Pisc-2-300x174.png\" alt=\"\" width=\"500\" height=\"290\" srcset=\"https:\/\/www2.uepg.br\/dedufis\/wp-content\/uploads\/sites\/193\/2021\/10\/Pisc-2-300x174.png 300w, https:\/\/www2.uepg.br\/dedufis\/wp-content\/uploads\/sites\/193\/2021\/10\/Pisc-2.png 687w\" sizes=\"(max-width: 500px) 100vw, 500px\" \/><\/p>\n<p><img loading=\"lazy\" class=\" wp-image-341 aligncenter\" src=\"https:\/\/www2.uepg.br\/dedufis\/wp-content\/uploads\/sites\/193\/2021\/10\/Pisc-3-300x170.png\" alt=\"\" width=\"501\" height=\"284\" srcset=\"https:\/\/www2.uepg.br\/dedufis\/wp-content\/uploads\/sites\/193\/2021\/10\/Pisc-3-300x170.png 300w, https:\/\/www2.uepg.br\/dedufis\/wp-content\/uploads\/sites\/193\/2021\/10\/Pisc-3.png 692w\" sizes=\"(max-width: 501px) 100vw, 501px\" \/><\/p>\n<h4 style=\"text-align: center\"><strong>Pista de Atletismo<\/strong><\/h4>\n<p><img loading=\"lazy\" class=\"wp-image-345 aligncenter\" src=\"https:\/\/www2.uepg.br\/dedufis\/wp-content\/uploads\/sites\/193\/2021\/10\/Pista-1-300x168.png\" alt=\"\" width=\"500\" height=\"280\" srcset=\"https:\/\/www2.uepg.br\/dedufis\/wp-content\/uploads\/sites\/193\/2021\/10\/Pista-1-300x168.png 300w, https:\/\/www2.uepg.br\/dedufis\/wp-content\/uploads\/sites\/193\/2021\/10\/Pista-1.png 695w\" sizes=\"(max-width: 500px) 100vw, 500px\" \/> <img loading=\"lazy\" class=\"wp-image-346 aligncenter\" src=\"https:\/\/www2.uepg.br\/dedufis\/wp-content\/uploads\/sites\/193\/2021\/10\/Pista-2-300x225.jpg\" alt=\"\" width=\"500\" height=\"375\" srcset=\"https:\/\/www2.uepg.br\/dedufis\/wp-content\/uploads\/sites\/193\/2021\/10\/Pista-2-300x225.jpg 300w, https:\/\/www2.uepg.br\/dedufis\/wp-content\/uploads\/sites\/193\/2021\/10\/Pista-2-1024x768.jpg 1024w, https:\/\/www2.uepg.br\/dedufis\/wp-content\/uploads\/sites\/193\/2021\/10\/Pista-2-768x576.jpg 768w, https:\/\/www2.uepg.br\/dedufis\/wp-content\/uploads\/sites\/193\/2021\/10\/Pista-2-1536x1152.jpg 1536w, https:\/\/www2.uepg.br\/dedufis\/wp-content\/uploads\/sites\/193\/2021\/10\/Pista-2-1232x924.jpg 1232w, https:\/\/www2.uepg.br\/dedufis\/wp-content\/uploads\/sites\/193\/2021\/10\/Pista-2-1440x1080.jpg 1440w, https:\/\/www2.uepg.br\/dedufis\/wp-content\/uploads\/sites\/193\/2021\/10\/Pista-2.jpg 1600w\" sizes=\"(max-width: 500px) 100vw, 500px\" \/><\/p>\n<p><img loading=\"lazy\" class=\"wp-image-347 aligncenter\" src=\"https:\/\/www2.uepg.br\/dedufis\/wp-content\/uploads\/sites\/193\/2021\/10\/Sem-titulo-300x154.png\" alt=\"\" width=\"500\" height=\"257\" srcset=\"https:\/\/www2.uepg.br\/dedufis\/wp-content\/uploads\/sites\/193\/2021\/10\/Sem-titulo-300x154.png 300w, https:\/\/www2.uepg.br\/dedufis\/wp-content\/uploads\/sites\/193\/2021\/10\/Sem-titulo-1024x526.png 1024w, https:\/\/www2.uepg.br\/dedufis\/wp-content\/uploads\/sites\/193\/2021\/10\/Sem-titulo-768x394.png 768w, https:\/\/www2.uepg.br\/dedufis\/wp-content\/uploads\/sites\/193\/2021\/10\/Sem-titulo-1536x789.png 1536w, https:\/\/www2.uepg.br\/dedufis\/wp-content\/uploads\/sites\/193\/2021\/10\/Sem-titulo-1232x633.png 1232w, https:\/\/www2.uepg.br\/dedufis\/wp-content\/uploads\/sites\/193\/2021\/10\/Sem-titulo.png 1597w\" sizes=\"(max-width: 500px) 100vw, 500px\" \/><\/p>\n<h4 style=\"text-align: center\"><strong>Sala de Muscula\u00e7\u00e3o<\/strong><\/h4>\n<p><img loading=\"lazy\" class=\" wp-image-348 aligncenter\" src=\"https:\/\/www2.uepg.br\/dedufis\/wp-content\/uploads\/sites\/193\/2021\/10\/Musc-1-300x169.png\" alt=\"\" width=\"501\" height=\"282\" srcset=\"https:\/\/www2.uepg.br\/dedufis\/wp-content\/uploads\/sites\/193\/2021\/10\/Musc-1-300x169.png 300w, https:\/\/www2.uepg.br\/dedufis\/wp-content\/uploads\/sites\/193\/2021\/10\/Musc-1.png 692w\" sizes=\"(max-width: 501px) 100vw, 501px\" \/><\/p>\n<p><img loading=\"lazy\" class=\" wp-image-349 aligncenter\" src=\"https:\/\/www2.uepg.br\/dedufis\/wp-content\/uploads\/sites\/193\/2021\/10\/Musc-2-300x169.png\" alt=\"\" width=\"501\" height=\"282\" srcset=\"https:\/\/www2.uepg.br\/dedufis\/wp-content\/uploads\/sites\/193\/2021\/10\/Musc-2-300x169.png 300w, https:\/\/www2.uepg.br\/dedufis\/wp-content\/uploads\/sites\/193\/2021\/10\/Musc-2.png 691w\" sizes=\"(max-width: 501px) 100vw, 501px\" \/><\/p>\n<h4 style=\"text-align: center\"><\/h4>\n","protected":false},"excerpt":{"rendered":"<p>O Departamento de Educa\u00e7\u00e3o F\u00edsica \u00e9 respons\u00e1vel e disponibiliza para seus Acad\u00eamicos e Comunidade: &nbsp; Complexo de Avalia\u00e7\u00e3o F\u00edsica e Ci\u00eancias do Esporte Ambulat\u00f3rio Multiusu\u00e1rio de Reabilita\u00e7\u00e3o P\u00f3s COVID-19 &#8211; Conv\u00eanio DEDUFIS e HU-UEPG &nbsp; O laborat\u00f3rio de avalia\u00e7\u00e3o f\u00edsica \u00e9 destinado ao desenvolvimento de atividades acad\u00eamicas e de pesquisas nas \u00e1reas de: Medidas e&nbsp;&hellip;<\/p>\n","protected":false},"author":204,"featured_media":0,"parent":0,"menu_order":0,"comment_status":"closed","ping_status":"closed","template":"","meta":[],"_links":{"self":[{"href":"https:\/\/www2.uepg.br\/dedufis\/wp-json\/wp\/v2\/pages\/171"}],"collection":[{"href":"https:\/\/www2.uepg.br\/dedufis\/wp-json\/wp\/v2\/pages"}],"about":[{"href":"https:\/\/www2.uepg.br\/dedufis\/wp-json\/wp\/v2\/types\/page"}],"author":[{"embeddable":true,"href":"https:\/\/www2.uepg.br\/dedufis\/wp-json\/wp\/v2\/users\/204"}],"replies":[{"embeddable":true,"href":"https:\/\/www2.uepg.br\/dedufis\/wp-json\/wp\/v2\/comments?post=171"}],"version-history":[{"count":7,"href":"https:\/\/www2.uepg.br\/dedufis\/wp-json\/wp\/v2\/pages\/171\/revisions"}],"predecessor-version":[{"id":350,"href":"https:\/\/www2.uepg.br\/dedufis\/wp-json\/wp\/v2\/pages\/171\/revisions\/350"}],"wp:attachment":[{"href":"https:\/\/www2.uepg.br\/dedufis\/wp-json\/wp\/v2\/media?parent=171"}],"curies":[{"name":"wp","href":"https:\/\/api.w.org\/{rel}","templated":true}]}}