{"id":176,"date":"2021-05-26T16:52:08","date_gmt":"2021-05-26T19:52:08","guid":{"rendered":"https:\/\/www2.uepg.br\/dedufis\/?page_id=176"},"modified":"2025-11-09T10:45:28","modified_gmt":"2025-11-09T13:45:28","slug":"tcc","status":"publish","type":"page","link":"https:\/\/www2.uepg.br\/dedufis\/tcc\/","title":{"rendered":"TCC"},"content":{"rendered":"<h2>Reposit\u00f3rio Oficial de TCC&#8217;s do DEDUFIS<\/h2>\n<p>O acesso aos reposit\u00f3rios dever\u00e1 ser realizados atrav\u00e9s do e-mail institucional.<\/p>\n<h3><strong>Curso de Bacharelado em Educa\u00e7\u00e3o F\u00edsica:<\/strong><\/h3>\n<p>Coordenador de OTCC: Prof. Dr. Leandro Martinez Vargas<br \/>\n<a href=\"https:\/\/drive.google.com\/file\/d\/1Qpr1qvw7U6v02K1Th-E7iVgcx7n8BxNn\/view?usp=drive_link\">Regulamento TCC curso de Bacharelado<\/a><\/p>\n<p><a href=\"https:\/\/drive.google.com\/drive\/folders\/1cTEVTtVJfAN18a0ec3IRfbCgGzmaoxgT?usp=drive_link\">Reposit\u00f3rio 2025 &#8211; Bacharelado<\/a><\/p>\n<p><a href=\"https:\/\/drive.google.com\/drive\/folders\/1kbSX2D4iuwiWExDPA7pxAmOqskHoxvWf?usp=drive_link\">Reposit\u00f3rio 2024 &#8211; Bacharelado<\/a><\/p>\n<p><a href=\"https:\/\/drive.google.com\/drive\/folders\/19IEHO33uqXbmHKHZiC_p7Lr0WvzrqH9U?usp=drive_link\">Reposit\u00f3rio 2023 &#8211; Bacharelado<\/a><\/p>\n<p><a href=\"https:\/\/drive.google.com\/drive\/folders\/13C12Sdwav1jbAQu8AagiEelrlT9xyoxP?usp=share_link\">Reposit\u00f3rio 2022 &#8211; Bacharelado<\/a><\/p>\n<p><a href=\"https:\/\/drive.google.com\/drive\/folders\/1Cl0SqsY7AroSjEyLtbPQNu4mgYAfaEM1?usp=sharing\">Reposit\u00f3rio 2021 &#8211; Bacharelado<\/a><\/p>\n<p><a href=\"https:\/\/drive.google.com\/drive\/folders\/1hleOGXB4l92w13KGTC17i4atOqY3zJ7Y?usp=sharing\">Reposit\u00f3rio 2020 &#8211; Bacharelado<\/a><\/p>\n<p><a href=\"https:\/\/drive.google.com\/drive\/folders\/1KL_qpiiq2PYjJjjSODzEIVEPW_7dVH1R?usp=sharing\">Reposit\u00f3rio 2019 &#8211; Bacharelado<\/a><\/p>\n<p>&nbsp;<\/p>\n<h3><strong>Curso de Licenciatura em Educa\u00e7\u00e3o F\u00edsica<br \/>\n<\/strong><\/h3>\n<p>Coordenadora de OTCC: Prof\u00aa. Dr\u00aa. Natasha Santos Lise<br \/>\n<a href=\"https:\/\/www2.uepg.br\/dedufis\/wp-content\/uploads\/sites\/193\/2021\/05\/licenciaturaeducacaofisica.pdf\" target=\"_blank\" rel=\"noopener\">Regulamento TCC curso de Licenciatura<\/a><\/p>\n<p><a href=\"https:\/\/drive.google.com\/drive\/folders\/1wyGCF1M7iREHFLCIFuR5jDczHKxzB4FU?usp=drive_link\">Reposit\u00f3rio 2025 &#8211; Licenciatura<\/a><\/p>\n<p><a href=\"https:\/\/drive.google.com\/drive\/folders\/1lTxE_URP9yshdPeR_D9WElYK94_XQt9R?usp=drive_link\">Reposit\u00f3rio 2024 &#8211; Licenciatura<\/a><\/p>\n<p><a href=\"https:\/\/drive.google.com\/drive\/folders\/1HOsgZ-KLRDc8ydcGmCIHkw5azeGlv3gI?usp=drive_link\">Reposit\u00f3rio 2023 &#8211; Licenciatura<\/a><\/p>\n<p><a href=\"https:\/\/drive.google.com\/drive\/folders\/173lIMeUkYLXjpwBN1YpZI1AzaCSRJurX?usp=share_link\">Reposit\u00f3rio 2022 &#8211; Licenciatura<\/a><\/p>\n<p><a href=\"https:\/\/drive.google.com\/drive\/folders\/10jOjSgqZG986o1hskp1hEByQNBf4h-F2?usp=sharing\">Reposit\u00f3rio 2021 &#8211; Licenciatura<\/a><\/p>\n<p><a href=\"https:\/\/drive.google.com\/drive\/folders\/1mOdYy5cy77rI90YdMmUhfwkGTlCYT6Ys?usp=sharing\">Reposit\u00f3rio 2020 &#8211; Licenciatura<\/a><\/p>\n<p><a href=\"https:\/\/drive.google.com\/drive\/folders\/1HPNiizn2LLkJ97GrXbK57Uq4jBUP566U?usp=sharing\">Reposit\u00f3rio 2019 &#8211; Licenciatura<\/a><\/p>\n<p>&nbsp;<\/p>\n<div align=\"center\"><\/div>\n","protected":false},"excerpt":{"rendered":"<p>Reposit\u00f3rio Oficial de TCC&#8217;s do DEDUFIS O acesso aos reposit\u00f3rios dever\u00e1 ser realizados atrav\u00e9s do e-mail institucional. Curso de Bacharelado em Educa\u00e7\u00e3o F\u00edsica: Coordenador de OTCC: Prof. Dr. Leandro Martinez Vargas Regulamento TCC curso de Bacharelado Reposit\u00f3rio 2025 &#8211; Bacharelado Reposit\u00f3rio 2024 &#8211; Bacharelado Reposit\u00f3rio 2023 &#8211; Bacharelado Reposit\u00f3rio 2022 &#8211; Bacharelado Reposit\u00f3rio 2021 &#8211;&nbsp;&hellip;<\/p>\n","protected":false},"author":204,"featured_media":0,"parent":0,"menu_order":0,"comment_status":"closed","ping_status":"closed","template":"","meta":[],"_links":{"self":[{"href":"https:\/\/www2.uepg.br\/dedufis\/wp-json\/wp\/v2\/pages\/176"}],"collection":[{"href":"https:\/\/www2.uepg.br\/dedufis\/wp-json\/wp\/v2\/pages"}],"about":[{"href":"https:\/\/www2.uepg.br\/dedufis\/wp-json\/wp\/v2\/types\/page"}],"author":[{"embeddable":true,"href":"https:\/\/www2.uepg.br\/dedufis\/wp-json\/wp\/v2\/users\/204"}],"replies":[{"embeddable":true,"href":"https:\/\/www2.uepg.br\/dedufis\/wp-json\/wp\/v2\/comments?post=176"}],"version-history":[{"count":20,"href":"https:\/\/www2.uepg.br\/dedufis\/wp-json\/wp\/v2\/pages\/176\/revisions"}],"predecessor-version":[{"id":552,"href":"https:\/\/www2.uepg.br\/dedufis\/wp-json\/wp\/v2\/pages\/176\/revisions\/552"}],"wp:attachment":[{"href":"https:\/\/www2.uepg.br\/dedufis\/wp-json\/wp\/v2\/media?parent=176"}],"curies":[{"name":"wp","href":"https:\/\/api.w.org\/{rel}","templated":true}]}}