{"id":119,"date":"2021-04-23T13:25:23","date_gmt":"2021-04-23T16:25:23","guid":{"rendered":"https:\/\/www2.uepg.br\/deel\/?page_id=119"},"modified":"2021-05-05T09:23:55","modified_gmt":"2021-05-05T12:23:55","slug":"historico","status":"publish","type":"page","link":"https:\/\/www2.uepg.br\/deel\/historico\/","title":{"rendered":"Hist\u00f3rico"},"content":{"rendered":"<p style=\"text-align: center;\" align=\"center\"><strong>HIST\u00d3RICO DO CURSO DE LETRAS<\/strong><\/p>\n<p>&nbsp;<\/p>\n<p style=\"text-indent: 35.4pt;\">O Curso de Letras, sob a denomina\u00e7\u00e3o de Bacharelado em Letras Neolatinas, foi criado concomitantemente com os cursos de Bacharelado em Geografia e Hist\u00f3ria e Bacharelado em Matem\u00e1tica, como componentes da Faculdade Estadual de Filosofia, Ci\u00eancias e Letras de Ponta Grossa, atrav\u00e9s do Decreto no. 8.837, de 08 de novembro de 1949, assinado pelo ent\u00e3o Governador do Estado Mois\u00e9s Lupion. A instala\u00e7\u00e3o oficial da Faculdade e de seus cursos deu-se em sess\u00e3o solene levada a efeito no sal\u00e3o nobre do Col\u00e9gio Estadual Regente Feij\u00f3, com a presen\u00e7a de vinte e uma personalidades da comunidade pontagrossense.<\/p>\n<p style=\"text-indent: 35.4pt;\">A primeira turma de dezoito (18) Bachar\u00e9is, constitu\u00edda de dez (10) mulheres e oito (8) homens, foi graduada em 13 de dezembro de 1952, no Cine Teatro \u00d3pera. Desses 18, nove (9) mulheres e sete (7) homens, em 10 de mar\u00e7o de 1954, j\u00e1 no Sal\u00e3o Nobre das Faculdades, atual grande Audit\u00f3rio do Bloco A do campus central, receberam o grau de Licenciados por terem conclu\u00eddo o curso de Did\u00e1tica, correspondente \u00e0 atual Licenciatura.<\/p>\n<p style=\"text-indent: 35.4pt;\">O Departamento de Letras foi criado em 1963, muito embora o Curso de Letras tenha sido fundado em 1949 com a instala\u00e7\u00e3o da primeira institui\u00e7\u00e3o de ensino superior em Ponta Grossa: a Faculdade de Filosofia, Ci\u00eancias e Letras. Em 1993, ocorreu o desmembramento do hist\u00f3rico Departamento de Letras em Departamento de Letras Vern\u00e1culas (DEEL) e Departamento de L\u00ednguas Estrangeiras Modernas (DELIN).<\/p>\n<p style=\"text-indent: 35.4pt;\">Muito embora o Centro de Publica\u00e7\u00f5es da UEPG somente tenha sido criado em janeiro de 1992, o Departamento de Letras Vern\u00e1culas \u00e9 pioneiro na cria\u00e7\u00e3o e na valoriza\u00e7\u00e3o de um espa\u00e7o de divulga\u00e7\u00e3o da produ\u00e7\u00e3o cient\u00edfica com a publica\u00e7\u00e3o ininterrupta da revista. UniLetras foi criada em 1979, com periodicidade anual, e. atualmente \u00e9 Qualis B2.\u00a0 UniLetras tem por objetivo disseminar a produ\u00e7\u00e3o cient\u00edfica e cultural na \u00e1rea de Letras (Ling\u00fc\u00edstica, Filologia e Literatura) dos integrantes do respectivo departamento, aceitando tamb\u00e9m trabalhos de outras institui\u00e7\u00f5es de ensino, bem como, eventualmente, trabalhos de \u00e1reas afins (Hist\u00f3ria, Filosofia, Educa\u00e7\u00e3o). Sua circula\u00e7\u00e3o se d\u00e1 em \u00e2mbito nacional e internacional.<\/p>\n<p style=\"text-indent: 35.4pt;\">Al\u00e9m da Revista\u00a0 UniLetras , o Programa de Mestrado em Estudos da Linguagem edita a Revista\u00a0 Muitas Vozes , atualmente B2 na classifica\u00e7\u00e3o do\u00a0 Qualis .<\/p>\n<p style=\"text-indent: 35.4pt;\">A\u00a0\u00a0 Muitas Vozes\u00a0 \u00e9 uma publica\u00e7\u00e3o semestral do Programa de P\u00f3s-Gradua\u00e7\u00e3o em Estudos da Linguagem e tem como proposta promover reflex\u00f5es sobre quest\u00f5es de linguagem em suas m\u00faltiplas manifesta\u00e7\u00f5es, divulgando resultados de pesquisas da \u00e1rea de Letras e Lingu\u00edstica, separadamente ou em interse\u00e7\u00e3o com \u00e1reas afins.<\/p>\n<p style=\"text-indent: 35.4pt;\">A\u00a0 revista aceita colabora\u00e7\u00f5es vinculadas \u00e0 se\u00e7\u00e3o Dossi\u00ea de cada n\u00famero de acordo com os temas divulgados no in\u00edcio do ano. Os textos dirigidos \u00e0s demais se\u00e7\u00f5es \u2013 Artigos de tem\u00e1tica livre, Resenhas e Documentos\u00a0 \u2013 s\u00e3o recebidos em fluxo cont\u00ednuo. A se\u00e7\u00e3o Documentos inclui ensaios acad\u00eamicos, debate, entrevistas etc. S\u00e3o aceitos trabalhos de alunos de gradua\u00e7\u00e3o, de graduados e de mestrandos, desde que em coautoria com o orientador doutor.<\/p>\n<p style=\"text-indent: 35.4pt;\">Em 2010 teve in\u00edcio o Programa de Mestrado em Linguagem, Identidade e Subjetividade, hoje, denominado Mestrado em Estudos da Linguagem. Recomendado pela CAPES em 2009, com Conceito 3. O programa de mestrado concentra-se na \u00e1rea de Linguagem, Identidade e Subjetividade e tem como objetivos formar pessoal qualificado para exerc\u00edcio das atividades profissionais de ensino e pesquisa em estudos da linguagem, propiciar reflex\u00f5es sobre quest\u00f5es relacionadas a esse ensino e forma\u00e7\u00e3o de professores de l\u00ednguas, al\u00e9m de desenvolver pesquisas e estudar as identidades perif\u00e9ricas e suas express\u00f5es nas literaturas de l\u00edngua Portuguesa e l\u00ednguas estrangeiras.<\/p>\n<p style=\"text-indent: 35.4pt;\">Em 01 de Janeiro de 2015, ap\u00f3s alguns anos de reflex\u00e3o coletiva entre os docentes, os departamentos de Letras Vern\u00e1culas e L\u00ednguas Estrangeiras passam a compor um \u00fanico departamento: O Departamento de Estudos da Linguagem-DEEL.<\/p>\n<p style=\"text-indent: 35.4pt;\">Os Projetos Pedag\u00f3gicos dos Cursos de Licenciaturas em Letras Portugu\u00eas\/L\u00edngua Estrangeira (PPC) comprometem-se com a forma\u00e7\u00e3o inicial de professores para a \u00e1rea de l\u00edngua portuguesa e literaturas em l\u00edngua portuguesa e l\u00ednguas estrangeiras (espanhol, franc\u00eas e ingl\u00eas) e suas respectivas literaturas.<\/p>\n<p style=\"text-indent: 35.4pt;\">Esta nova proposta curricular foi desenhada com base na integra\u00e7\u00e3o de \u00e1reas de conhecimento e abalizada em quatro palavras-chave: leitura, escrita, oralidade e ensino.<\/p>\n<p style=\"text-indent: 35.4pt;\">Nesse contexto, o est\u00e1gio passa a ser responsabilidade do novo departamento. Portanto, a realoca\u00e7\u00e3o da disciplina de Est\u00e1gio Supervisionado de L\u00edngua Portuguesa\/L\u00edngua Estrangeira e Literaturas tem por objetivo uma aproxima\u00e7\u00e3o e uma constru\u00e7\u00e3o conjunta de conhecimento e projetos dos professores de l\u00ednguas e literaturas. Essa aproxima\u00e7\u00e3o \u00e9 fundamental para a forma\u00e7\u00e3o de um licenciando na perspectiva do professor pesquisador em que ensino, pesquisa e extens\u00e3o estabelecem um di\u00e1logo para al\u00e9m das fronteiras do espa\u00e7o universit\u00e1rio.<\/p>\n<p style=\"text-indent: 35.4pt;\">Nessa perspectiva, o espa\u00e7o universit\u00e1rio passa a ser fundamental para a constru\u00e7\u00e3o da identidade docente dos futuros docentes, uma vez que, na dire\u00e7\u00e3o assumida, a universidade deve garantir o acesso aos conhecimentos historicamente acumulados pela humanidade, no intuito de que, no processo da rela\u00e7\u00e3o do aluno com o saber, ele se constitua criticamente e seja capaz de atuar \u00e9tica e politicamente nas transforma\u00e7\u00f5es da sociedade em que est\u00e1 inserido.<\/p>\n<p style=\"text-indent: 35.4pt;\">Assim, \u00e0 universidade cabe o papel de formar o aluno para essa nova situa\u00e7\u00e3o e criar meios de conscientiz\u00e1-lo de que suas a\u00e7\u00f5es podem gerir mudan\u00e7as, transforma\u00e7\u00f5es significativas n\u00e3o s\u00f3 em seu entorno, mas tamb\u00e9m em um contexto global. \u00c0 universidade cabe problematizar a realidade facilitando aos alunos a reflex\u00e3o e o posicionamento cr\u00edtico, uma vez que ser\u00e3o formados para o exerc\u00edcio de uma profiss\u00e3o. Mais do que isso, devem ser formados para serem cidad\u00e3os mundiais.<\/p>\n<p style=\"text-indent: 35.4pt;\">Portanto, uma das fun\u00e7\u00f5es da universidade \u00e9 ser um espa\u00e7o de forma\u00e7\u00e3o no qual se prioriza a aprendizagem pautada na rela\u00e7\u00e3o do aluno com o mundo. Extrapola-se, assim, a dimens\u00e3o da sala de aula e se avan\u00e7a em dire\u00e7\u00e3o a outros dom\u00ednios envolvidos no espa\u00e7o universit\u00e1rio: o da pesquisa e da extens\u00e3o.<\/p>\n<p style=\"text-indent: 35.4pt;\">Para maiores informa\u00e7\u00f5es, acesse os Projetos Pedag\u00f3gicos dos Cursos de Licenciaturas em Letras:<\/p>\n<p>Links para acesso aos tr\u00eas PPCs (2015):<\/p>\n<p>Licenciatura em Letras Portugu\u00eas\/Ingl\u00eas:<\/p>\n<p><a href=\"http:\/\/www.uepg.br\/cepe\/atosoficiais\/2015\/014.pdf\" target=\"_blank\" rel=\"noopener\">http:\/\/www.uepg.br\/cepe\/atosoficiais\/2015\/014.pdf<\/a><\/p>\n<p>Licenciatura em Letras Portugu\u00eas\/Franc\u00eas:<\/p>\n<p><a href=\"http:\/\/www.uepg.br\/cepe\/atosoficiais\/2015\/015.pdf\" target=\"_blank\" rel=\"noopener\">http:\/\/www.uepg.br\/cepe\/atosoficiais\/2015\/015.pdf<\/a><\/p>\n<p>Licenciatura em Letras Portugu\u00eas\/Espanhol:<\/p>\n<p><a href=\"http:\/\/www.uepg.br\/cepe\/atosoficiais\/2015\/016.pdf\" target=\"_blank\" rel=\"noopener\">http:\/\/www.uepg.br\/cepe\/atosoficiais\/2015\/016.pdf<\/a><\/p>\n","protected":false},"excerpt":{"rendered":"<p>HIST\u00d3RICO DO CURSO DE LETRAS &nbsp; O Curso de Letras, sob a denomina\u00e7\u00e3o de Bacharelado em Letras Neolatinas, foi criado concomitantemente com os cursos de Bacharelado em Geografia e Hist\u00f3ria e Bacharelado em Matem\u00e1tica, como componentes da Faculdade Estadual de Filosofia, Ci\u00eancias e Letras de Ponta Grossa, atrav\u00e9s do Decreto no. 8.837, de 08 de&nbsp;&hellip;<\/p>\n","protected":false},"author":305,"featured_media":0,"parent":0,"menu_order":0,"comment_status":"closed","ping_status":"closed","template":"","meta":[],"_links":{"self":[{"href":"https:\/\/www2.uepg.br\/deel\/wp-json\/wp\/v2\/pages\/119"}],"collection":[{"href":"https:\/\/www2.uepg.br\/deel\/wp-json\/wp\/v2\/pages"}],"about":[{"href":"https:\/\/www2.uepg.br\/deel\/wp-json\/wp\/v2\/types\/page"}],"author":[{"embeddable":true,"href":"https:\/\/www2.uepg.br\/deel\/wp-json\/wp\/v2\/users\/305"}],"replies":[{"embeddable":true,"href":"https:\/\/www2.uepg.br\/deel\/wp-json\/wp\/v2\/comments?post=119"}],"version-history":[{"count":10,"href":"https:\/\/www2.uepg.br\/deel\/wp-json\/wp\/v2\/pages\/119\/revisions"}],"predecessor-version":[{"id":248,"href":"https:\/\/www2.uepg.br\/deel\/wp-json\/wp\/v2\/pages\/119\/revisions\/248"}],"wp:attachment":[{"href":"https:\/\/www2.uepg.br\/deel\/wp-json\/wp\/v2\/media?parent=119"}],"curies":[{"name":"wp","href":"https:\/\/api.w.org\/{rel}","templated":true}]}}